{"id":1073,"date":"2020-06-23T09:42:05","date_gmt":"2020-06-23T08:42:05","guid":{"rendered":"https:\/\/mythslegendes.com\/?page_id=1073"},"modified":"2022-12-03T22:07:01","modified_gmt":"2022-12-03T22:07:01","slug":"le-bebe-egratigne","status":"publish","type":"page","link":"https:\/\/mythslegendes.com\/es\/mitologia-vasca\/el-bebe-rasca\/","title":{"rendered":"El beb\u00e9 rayado"},"content":{"rendered":"<div data-elementor-type=\"wp-page\" data-elementor-id=\"1073\" class=\"elementor elementor-1073\">\n\t\t\t\t\t\t<section class=\"elementor-section elementor-top-section elementor-element elementor-element-e8fec87 elementor-section-boxed elementor-section-height-default elementor-section-height-default\" data-id=\"e8fec87\" data-element_type=\"section\" data-e-type=\"section\">\n\t\t\t\t\t\t<div class=\"elementor-container elementor-column-gap-default\">\n\t\t\t\t\t<div class=\"elementor-column elementor-col-50 elementor-top-column elementor-element elementor-element-8b40440\" data-id=\"8b40440\" data-element_type=\"column\" data-e-type=\"column\">\n\t\t\t<div class=\"elementor-widget-wrap elementor-element-populated\">\n\t\t\t\t\t\t<div class=\"elementor-element elementor-element-b3e3401 elementor-align-justify elementor-widget elementor-widget-button\" data-id=\"b3e3401\" data-element_type=\"widget\" data-e-type=\"widget\" data-widget_type=\"button.default\">\n\t\t\t\t<div class=\"elementor-widget-container\">\n\t\t\t\t\t\t\t\t\t<div class=\"elementor-button-wrapper\">\n\t\t\t\t\t<a class=\"elementor-button elementor-button-link elementor-size-sm\" href=\"https:\/\/mythslegendes.com\/es\/mitologia-vasca\/\">\n\t\t\t\t\t\t<span class=\"elementor-button-content-wrapper\">\n\t\t\t\t\t\t\t\t\t<span class=\"elementor-button-text\">Mitolog\u00eda vasca<\/span>\n\t\t\t\t\t<\/span>\n\t\t\t\t\t<\/a>\n\t\t\t\t<\/div>\n\t\t\t\t\t\t\t\t<\/div>\n\t\t\t\t<\/div>\n\t\t\t\t\t<\/div>\n\t\t<\/div>\n\t\t\t\t<div class=\"elementor-column elementor-col-50 elementor-top-column elementor-element elementor-element-3b2ffd2\" data-id=\"3b2ffd2\" data-element_type=\"column\" data-e-type=\"column\">\n\t\t\t<div class=\"elementor-widget-wrap elementor-element-populated\">\n\t\t\t\t\t\t<div class=\"elementor-element elementor-element-2f3c66d elementor-align-justify elementor-widget elementor-widget-button\" data-id=\"2f3c66d\" data-element_type=\"widget\" data-e-type=\"widget\" data-widget_type=\"button.default\">\n\t\t\t\t<div class=\"elementor-widget-container\">\n\t\t\t\t\t\t\t\t\t<div class=\"elementor-button-wrapper\">\n\t\t\t\t\t<a class=\"elementor-button elementor-button-link elementor-size-sm\" href=\"https:\/\/fr.wikipedia.org\/wiki\/Mythologie_basque\" target=\"_blank\" rel=\"noopener\">\n\t\t\t\t\t\t<span class=\"elementor-button-content-wrapper\">\n\t\t\t\t\t\t\t\t\t<span class=\"elementor-button-text\">Wiki<\/span>\n\t\t\t\t\t<\/span>\n\t\t\t\t\t<\/a>\n\t\t\t\t<\/div>\n\t\t\t\t\t\t\t\t<\/div>\n\t\t\t\t<\/div>\n\t\t\t\t\t<\/div>\n\t\t<\/div>\n\t\t\t\t\t<\/div>\n\t\t<\/section>\n\t\t\t\t<section class=\"elementor-section elementor-top-section elementor-element elementor-element-7d868475 elementor-section-boxed elementor-section-height-default elementor-section-height-default\" data-id=\"7d868475\" data-element_type=\"section\" data-e-type=\"section\">\n\t\t\t\t\t\t<div class=\"elementor-container elementor-column-gap-default\">\n\t\t\t\t\t<div class=\"elementor-column elementor-col-100 elementor-top-column elementor-element elementor-element-69a41d2a\" data-id=\"69a41d2a\" data-element_type=\"column\" data-e-type=\"column\">\n\t\t\t<div class=\"elementor-widget-wrap elementor-element-populated\">\n\t\t\t\t\t\t<div class=\"elementor-element elementor-element-6928a747 elementor-widget elementor-widget-text-editor\" data-id=\"6928a747\" data-element_type=\"widget\" data-e-type=\"widget\" data-widget_type=\"text-editor.default\">\n\t\t\t\t<div class=\"elementor-widget-container\">\n\t\t\t\t\t\t\t\t\t\n<p>Esta es la historia del beb\u00e9 ara\u00f1ado.<\/p>\n<p><img decoding=\"async\" class=\"alignnone wp-image-5284 size-full\" src=\"https:\/\/mythslegendes.com\/wp-content\/uploads\/2020\/09\/AlphaOmega-e1602613368367.png\" alt=\"beb\u00e9 rayado\" width=\"25\" height=\"26\" title=\"\"><\/p>\n<div id=\"ez-toc-container\" class=\"ez-toc-v2_0_82_2 counter-hierarchy ez-toc-counter ez-toc-grey ez-toc-container-direction\">\n<div class=\"ez-toc-title-container\">\n<p class=\"ez-toc-title\" style=\"cursor:inherit\">Contenido<\/p>\n<span class=\"ez-toc-title-toggle\"><a href=\"#\" class=\"ez-toc-pull-right ez-toc-btn ez-toc-btn-xs ez-toc-btn-default ez-toc-toggle\" aria-label=\"Alternar tabla de contenidos\"><span class=\"ez-toc-js-icon-con\"><span class=\"\"><span class=\"eztoc-hide\" style=\"display:none;\">Palanca<\/span><span class=\"ez-toc-icon-toggle-span\"><svg style=\"fill: #999;color:#999\" xmlns=\"http:\/\/www.w3.org\/2000\/svg\" class=\"list-377408\" width=\"20px\" height=\"20px\" viewbox=\"0 0 24 24\" fill=\"none\"><path d=\"M6 6H4v2h2V6zm14 0H8v2h12V6zM4 11h2v2H4v-2zm16 0H8v2h12v-2zM4 16h2v2H4v-2zm16 0H8v2h12v-2z\" fill=\"currentColor\"><\/path><\/svg><svg style=\"fill: #999;color:#999\" class=\"arrow-unsorted-368013\" xmlns=\"http:\/\/www.w3.org\/2000\/svg\" width=\"10px\" height=\"10px\" viewbox=\"0 0 24 24\" version=\"1.2\" baseprofile=\"tiny\"><path d=\"M18.2 9.3l-6.2-6.3-6.2 6.3c-.2.2-.3.4-.3.7s.1.5.3.7c.2.2.4.3.7.3h11c.3 0 .5-.1.7-.3.2-.2.3-.5.3-.7s-.1-.5-.3-.7zM5.8 14.7l6.2 6.3 6.2-6.3c.2-.2.3-.5.3-.7s-.1-.5-.3-.7c-.2-.2-.4-.3-.7-.3h-11c-.3 0-.5.1-.7.3-.2.2-.3.5-.3.7s.1.5.3.7z\"\/><\/svg><\/span><\/span><\/span><\/a><\/span><\/div>\n<nav><ul class='ez-toc-list ez-toc-list-level-1' ><li class='ez-toc-page-1 ez-toc-heading-level-2'><a class=\"ez-toc-link ez-toc-heading-1\" href=\"https:\/\/mythslegendes.com\/es\/mitologia-vasca\/el-bebe-rasca\/#Le-bebe-egratigne\" >El beb\u00e9 rayado<\/a><\/li><\/ul><\/nav><\/div>\n<h2><span class=\"ez-toc-section\" id=\"Le-bebe-egratigne\"><\/span>los <strong>beb\u00e9 rayado<\/strong><span class=\"ez-toc-section-end\"><\/span><\/h2>\n<p>Una pareja de Otaza, en la localidad de Foronda, tuvo un beb\u00e9 muy peque\u00f1o. Una ma\u00f1ana vieron, consternados, que el reci\u00e9n nacido ten\u00eda la cara toda ara\u00f1ada, y que la puerta de su cuarto estaba entreabierta. Los padres trataron de curarlo lo mejor que pudieron y como las heridas no parec\u00edan malignas, a la noche siguiente lo volvieron a acostar en su cama mientras dorm\u00edan tranquilamente en su habitaci\u00f3n.<\/p>\n\n<p>Esa noche no pas\u00f3 nada, pero unos d\u00edas despu\u00e9s el beb\u00e9 volvi\u00f3 a ser ara\u00f1ado y la puerta del dormitorio segu\u00eda entreabierta.<\/p>\n\n<p>Precisamente la noche posterior a estos segundos rasgu\u00f1os, la pareja tuvo que desvelarse m\u00e1s de lo habitual por el trabajo a realizar. De repente, al amanecer, el llanto del beb\u00e9 rompi\u00f3 el silencio de la casa. Los padres corrieron a la habitaci\u00f3n y pudieron descubrir que un gran gato negro estaba golpeando la cara del beb\u00e9 con la cola. Fue \u00e9l quien, de esta manera, provoc\u00f3 estos rasgu\u00f1os. La pareja, sorprendida por esta situaci\u00f3n y las amenazas del felino, no perdi\u00f3 los estribos, logr\u00f3 atrapar al gato, lo meti\u00f3 en una bolsa y lo amarr\u00f3 de forma segura.<\/p>\n\n<p>Despu\u00e9s de tratar los rasgu\u00f1os del beb\u00e9, los padres se fueron a la cama. Al recordar al gato, el padre quiso acabar con \u00e9l. Fue hacia donde hab\u00eda dejado la bolsa y\u2026nueva sorpresa. En la bolsa no hab\u00eda nada m\u00e1s que una mujer desnuda, una vecina, con una gran trenza que el hombre reconoci\u00f3 como la cola golpeando la cara del beb\u00e9.<\/p>\n\n<p>La bruja, sin duda que no lo era, suplic\u00f3 perd\u00f3n, llorando amargamente y prometiendo solemnemente no volver a da\u00f1ar a nadie de esta familia, el padre se suaviz\u00f3 y la dej\u00f3 ir.<\/p>\n\n<p>Se dice que la bruja cumpli\u00f3 fielmente su palabra.<\/p>\n\t\t\t\t\t\t\t\t<\/div>\n\t\t\t\t<\/div>\n\t\t\t\t\t<\/div>\n\t\t<\/div>\n\t\t\t\t\t<\/div>\n\t\t<\/section>\n\t\t\t\t<\/div>","protected":false},"excerpt":{"rendered":"<p>Wiki Mitolog\u00eda Vasca Aqu\u00ed est\u00e1 la historia del beb\u00e9 ara\u00f1ado. El beb\u00e9 ara\u00f1ado Una pareja de Otaza, en la localidad de Foronda, ten\u00eda... <\/p>","protected":false},"author":1,"featured_media":0,"parent":1004,"menu_order":0,"comment_status":"closed","ping_status":"closed","template":"","meta":{"footnotes":""},"class_list":["post-1073","page","type-page","status-publish","hentry"],"amp_enabled":true,"_links":{"self":[{"href":"https:\/\/mythslegendes.com\/es\/wp-json\/wp\/v2\/pages\/1073","targetHints":{"allow":["GET"]}}],"collection":[{"href":"https:\/\/mythslegendes.com\/es\/wp-json\/wp\/v2\/pages"}],"about":[{"href":"https:\/\/mythslegendes.com\/es\/wp-json\/wp\/v2\/types\/page"}],"author":[{"embeddable":true,"href":"https:\/\/mythslegendes.com\/es\/wp-json\/wp\/v2\/users\/1"}],"replies":[{"embeddable":true,"href":"https:\/\/mythslegendes.com\/es\/wp-json\/wp\/v2\/comments?post=1073"}],"version-history":[{"count":1,"href":"https:\/\/mythslegendes.com\/es\/wp-json\/wp\/v2\/pages\/1073\/revisions"}],"predecessor-version":[{"id":24648,"href":"https:\/\/mythslegendes.com\/es\/wp-json\/wp\/v2\/pages\/1073\/revisions\/24648"}],"up":[{"embeddable":true,"href":"https:\/\/mythslegendes.com\/es\/wp-json\/wp\/v2\/pages\/1004"}],"wp:attachment":[{"href":"https:\/\/mythslegendes.com\/es\/wp-json\/wp\/v2\/media?parent=1073"}],"curies":[{"name":"wp","href":"https:\/\/api.w.org\/{rel}","templated":true}]}}

El bebé rayado

<div data-elementor-type="wp-page" data-elementor-id="1073" class="elementor elementor-1073">
						<section class="elementor-section elementor-top-section elementor-element elementor-element-e8fec87 elementor-section-boxed elementor-section-height-default elementor-section-height-default" data-id="e8fec87" data-element_type="section" data-e-type="section">
						<div class="elementor-container elementor-column-gap-default">
					<div class="elementor-column elementor-col-50 elementor-top-column elementor-element elementor-element-8b40440" data-id="8b40440" data-element_type="column" data-e-type="column">
			<div class="elementor-widget-wrap elementor-element-populated">
						<div class="elementor-element elementor-element-b3e3401 elementor-align-justify elementor-widget elementor-widget-button" data-id="b3e3401" data-element_type="widget" data-e-type="widget" data-widget_type="button.default">
				<div class="elementor-widget-container">
									<div class="elementor-button-wrapper">
					<a class="elementor-button elementor-button-link elementor-size-sm" href="https://mythslegendes.com/es/mitologia-vasca/">
						<span class="elementor-button-content-wrapper">
									<span class="elementor-button-text">Mitología vasca</span>
					</span>
					</a>
				</div>
								</div>
				</div>
					</div>
		</div>
				<div class="elementor-column elementor-col-50 elementor-top-column elementor-element elementor-element-3b2ffd2" data-id="3b2ffd2" data-element_type="column" data-e-type="column">
			<div class="elementor-widget-wrap elementor-element-populated">
						<div class="elementor-element elementor-element-2f3c66d elementor-align-justify elementor-widget elementor-widget-button" data-id="2f3c66d" data-element_type="widget" data-e-type="widget" data-widget_type="button.default">
				<div class="elementor-widget-container">
									<div class="elementor-button-wrapper">
					<a class="elementor-button elementor-button-link elementor-size-sm" href="https://fr.wikipedia.org/wiki/Mythologie_basque" target="_blank" rel="noopener">
						<span class="elementor-button-content-wrapper">
									<span class="elementor-button-text">Wiki</span>
					</span>
					</a>
				</div>
								</div>
				</div>
					</div>
		</div>
					</div>
		</section>
				<section class="elementor-section elementor-top-section elementor-element elementor-element-7d868475 elementor-section-boxed elementor-section-height-default elementor-section-height-default" data-id="7d868475" data-element_type="section" data-e-type="section">
						<div class="elementor-container elementor-column-gap-default">
					<div class="elementor-column elementor-col-100 elementor-top-column elementor-element elementor-element-69a41d2a" data-id="69a41d2a" data-element_type="column" data-e-type="column">
			<div class="elementor-widget-wrap elementor-element-populated">
						<div class="elementor-element elementor-element-6928a747 elementor-widget elementor-widget-text-editor" data-id="6928a747" data-element_type="widget" data-e-type="widget" data-widget_type="text-editor.default">
				<div class="elementor-widget-container">
									
<p>Esta es la historia del bebé arañado.</p>
<p><img decoding="async" class="alignnone wp-image-5284 size-full" src="https://mythslegendes.com/wp-content/uploads/2020/09/AlphaOmega-e1602613368367.png" alt="bebé rayado" width="25" height="26" title=""></p>
<div id="ez-toc-container" class="ez-toc-v2_0_82_2 counter-hierarchy ez-toc-counter ez-toc-grey ez-toc-container-direction">
<div class="ez-toc-title-container">
<p class="ez-toc-title" style="cursor:inherit">Contenido</p>
<span class="ez-toc-title-toggle"><a href="#" class="ez-toc-pull-right ez-toc-btn ez-toc-btn-xs ez-toc-btn-default ez-toc-toggle" aria-label="Alternar tabla de contenidos"><span class="ez-toc-js-icon-con"><span class=""><span class="eztoc-hide" style="display:none;">Palanca</span><span class="ez-toc-icon-toggle-span"><svg style="fill: #999;color:#999" xmlns="http://www.w3.org/2000/svg" class="list-377408" width="20px" height="20px" viewbox="0 0 24 24" fill="none"><path d="M6 6H4v2h2V6zm14 0H8v2h12V6zM4 11h2v2H4v-2zm16 0H8v2h12v-2zM4 16h2v2H4v-2zm16 0H8v2h12v-2z" fill="currentColor"></path></svg><svg style="fill: #999;color:#999" class="arrow-unsorted-368013" xmlns="http://www.w3.org/2000/svg" width="10px" height="10px" viewbox="0 0 24 24" version="1.2" baseprofile="tiny"><path d="M18.2 9.3l-6.2-6.3-6.2 6.3c-.2.2-.3.4-.3.7s.1.5.3.7c.2.2.4.3.7.3h11c.3 0 .5-.1.7-.3.2-.2.3-.5.3-.7s-.1-.5-.3-.7zM5.8 14.7l6.2 6.3 6.2-6.3c.2-.2.3-.5.3-.7s-.1-.5-.3-.7c-.2-.2-.4-.3-.7-.3h-11c-.3 0-.5.1-.7.3-.2.2-.3.5-.3.7s.1.5.3.7z"/></svg></span></span></span></a></span></div>
<nav><ul class='ez-toc-list ez-toc-list-level-1' ><li class='ez-toc-page-1 ez-toc-heading-level-2'><a class="ez-toc-link ez-toc-heading-1" href="https://mythslegendes.com/es/mitologia-vasca/el-bebe-rasca/#Le-bebe-egratigne" >El bebé rayado</a></li></ul></nav></div>
<h2><span class="ez-toc-section" id="Le-bebe-egratigne"></span>los <strong>bebé rayado</strong><span class="ez-toc-section-end"></span></h2>
<p>Una pareja de Otaza, en la localidad de Foronda, tuvo un bebé muy pequeño. Una mañana vieron, consternados, que el recién nacido tenía la cara toda arañada, y que la puerta de su cuarto estaba entreabierta. Los padres trataron de curarlo lo mejor que pudieron y como las heridas no parecían malignas, a la noche siguiente lo volvieron a acostar en su cama mientras dormían tranquilamente en su habitación.</p>

<p>Esa noche no pasó nada, pero unos días después el bebé volvió a ser arañado y la puerta del dormitorio seguía entreabierta.</p>

<p>Precisamente la noche posterior a estos segundos rasguños, la pareja tuvo que desvelarse más de lo habitual por el trabajo a realizar. De repente, al amanecer, el llanto del bebé rompió el silencio de la casa. Los padres corrieron a la habitación y pudieron descubrir que un gran gato negro estaba golpeando la cara del bebé con la cola. Fue él quien, de esta manera, provocó estos rasguños. La pareja, sorprendida por esta situación y las amenazas del felino, no perdió los estribos, logró atrapar al gato, lo metió en una bolsa y lo amarró de forma segura.</p>

<p>Después de tratar los rasguños del bebé, los padres se fueron a la cama. Al recordar al gato, el padre quiso acabar con él. Fue hacia donde había dejado la bolsa y…nueva sorpresa. En la bolsa no había nada más que una mujer desnuda, una vecina, con una gran trenza que el hombre reconoció como la cola golpeando la cara del bebé.</p>

<p>La bruja, sin duda que no lo era, suplicó perdón, llorando amargamente y prometiendo solemnemente no volver a dañar a nadie de esta familia, el padre se suavizó y la dejó ir.</p>

<p>Se dice que la bruja cumplió fielmente su palabra.</p>
								</div>
				</div>
					</div>
		</div>
					</div>
		</section>
				</div>

<p>Wiki Mitología Vasca Aquí está la historia del bebé arañado. El bebé arañado Una pareja de Otaza, en la localidad de Foronda, tenía... </p>
