{"id":1281,"date":"2020-06-23T11:53:24","date_gmt":"2020-06-23T10:53:24","guid":{"rendered":"https:\/\/mythslegendes.com\/?page_id=1281"},"modified":"2022-12-03T22:07:04","modified_gmt":"2022-12-03T22:07:04","slug":"contes-basques-23","status":"publish","type":"page","link":"https:\/\/mythslegendes.com\/es\/mitologia-vasca\/vasco-cuentos-23\/","title":{"rendered":"Cuentos vascos 23"},"content":{"rendered":"<div data-elementor-type=\"wp-page\" data-elementor-id=\"1281\" class=\"elementor elementor-1281\">\n\t\t\t\t\t\t<section class=\"elementor-section elementor-top-section elementor-element elementor-element-44d4f7c elementor-section-boxed elementor-section-height-default elementor-section-height-default\" data-id=\"44d4f7c\" data-element_type=\"section\" data-e-type=\"section\">\n\t\t\t\t\t\t<div class=\"elementor-container elementor-column-gap-default\">\n\t\t\t\t\t<div class=\"elementor-column elementor-col-50 elementor-top-column elementor-element elementor-element-cc25d21\" data-id=\"cc25d21\" data-element_type=\"column\" data-e-type=\"column\">\n\t\t\t<div class=\"elementor-widget-wrap elementor-element-populated\">\n\t\t\t\t\t\t<div class=\"elementor-element elementor-element-41f92f0 elementor-align-justify elementor-widget elementor-widget-button\" data-id=\"41f92f0\" data-element_type=\"widget\" data-e-type=\"widget\" data-widget_type=\"button.default\">\n\t\t\t\t<div class=\"elementor-widget-container\">\n\t\t\t\t\t\t\t\t\t<div class=\"elementor-button-wrapper\">\n\t\t\t\t\t<a class=\"elementor-button elementor-button-link elementor-size-sm\" href=\"https:\/\/mythslegendes.com\/es\/mitologia-vasca\/\">\n\t\t\t\t\t\t<span class=\"elementor-button-content-wrapper\">\n\t\t\t\t\t\t\t\t\t<span class=\"elementor-button-text\">Mitolog\u00eda vasca<\/span>\n\t\t\t\t\t<\/span>\n\t\t\t\t\t<\/a>\n\t\t\t\t<\/div>\n\t\t\t\t\t\t\t\t<\/div>\n\t\t\t\t<\/div>\n\t\t\t\t\t<\/div>\n\t\t<\/div>\n\t\t\t\t<div class=\"elementor-column elementor-col-50 elementor-top-column elementor-element elementor-element-f18b16f\" data-id=\"f18b16f\" data-element_type=\"column\" data-e-type=\"column\">\n\t\t\t<div class=\"elementor-widget-wrap elementor-element-populated\">\n\t\t\t\t\t\t<div class=\"elementor-element elementor-element-84bb326 elementor-align-justify elementor-widget elementor-widget-button\" data-id=\"84bb326\" data-element_type=\"widget\" data-e-type=\"widget\" data-widget_type=\"button.default\">\n\t\t\t\t<div class=\"elementor-widget-container\">\n\t\t\t\t\t\t\t\t\t<div class=\"elementor-button-wrapper\">\n\t\t\t\t\t<a class=\"elementor-button elementor-button-link elementor-size-sm\" href=\"https:\/\/fr.wikipedia.org\/wiki\/Mythologie_basque\" target=\"_blank\" rel=\"noopener\">\n\t\t\t\t\t\t<span class=\"elementor-button-content-wrapper\">\n\t\t\t\t\t\t\t\t\t<span class=\"elementor-button-text\">Wiki<\/span>\n\t\t\t\t\t<\/span>\n\t\t\t\t\t<\/a>\n\t\t\t\t<\/div>\n\t\t\t\t\t\t\t\t<\/div>\n\t\t\t\t<\/div>\n\t\t\t\t\t<\/div>\n\t\t<\/div>\n\t\t\t\t\t<\/div>\n\t\t<\/section>\n\t\t\t\t<section class=\"elementor-section elementor-top-section elementor-element elementor-element-7368c019 elementor-section-boxed elementor-section-height-default elementor-section-height-default\" data-id=\"7368c019\" data-element_type=\"section\" data-e-type=\"section\">\n\t\t\t\t\t\t<div class=\"elementor-container elementor-column-gap-default\">\n\t\t\t\t\t<div class=\"elementor-column elementor-col-100 elementor-top-column elementor-element elementor-element-453fd9b6\" data-id=\"453fd9b6\" data-element_type=\"column\" data-e-type=\"column\">\n\t\t\t<div class=\"elementor-widget-wrap elementor-element-populated\">\n\t\t\t\t\t\t<div class=\"elementor-element elementor-element-1558e2bc elementor-widget elementor-widget-text-editor\" data-id=\"1558e2bc\" data-element_type=\"widget\" data-e-type=\"widget\" data-widget_type=\"text-editor.default\">\n\t\t\t\t<div class=\"elementor-widget-container\">\n\t\t\t\t\t\t\t\t\t<p><\/p>\n<div id=\"ez-toc-container\" class=\"ez-toc-v2_0_82_2 counter-hierarchy ez-toc-counter ez-toc-grey ez-toc-container-direction\">\n<div class=\"ez-toc-title-container\">\n<p class=\"ez-toc-title\" style=\"cursor:inherit\">Contenido<\/p>\n<span class=\"ez-toc-title-toggle\"><a href=\"#\" class=\"ez-toc-pull-right ez-toc-btn ez-toc-btn-xs ez-toc-btn-default ez-toc-toggle\" aria-label=\"Alternar tabla de contenidos\"><span class=\"ez-toc-js-icon-con\"><span class=\"\"><span class=\"eztoc-hide\" style=\"display:none;\">Palanca<\/span><span class=\"ez-toc-icon-toggle-span\"><svg style=\"fill: #999;color:#999\" xmlns=\"http:\/\/www.w3.org\/2000\/svg\" class=\"list-377408\" width=\"20px\" height=\"20px\" viewbox=\"0 0 24 24\" fill=\"none\"><path d=\"M6 6H4v2h2V6zm14 0H8v2h12V6zM4 11h2v2H4v-2zm16 0H8v2h12v-2zM4 16h2v2H4v-2zm16 0H8v2h12v-2z\" fill=\"currentColor\"><\/path><\/svg><svg style=\"fill: #999;color:#999\" class=\"arrow-unsorted-368013\" xmlns=\"http:\/\/www.w3.org\/2000\/svg\" width=\"10px\" height=\"10px\" viewbox=\"0 0 24 24\" version=\"1.2\" baseprofile=\"tiny\"><path d=\"M18.2 9.3l-6.2-6.3-6.2 6.3c-.2.2-.3.4-.3.7s.1.5.3.7c.2.2.4.3.7.3h11c.3 0 .5-.1.7-.3.2-.2.3-.5.3-.7s-.1-.5-.3-.7zM5.8 14.7l6.2 6.3 6.2-6.3c.2-.2.3-.5.3-.7s-.1-.5-.3-.7c-.2-.2-.4-.3-.7-.3h-11c-.3 0-.5.1-.7.3-.2.2-.3.5-.3.7s.1.5.3.7z\"\/><\/svg><\/span><\/span><\/span><\/a><\/span><\/div>\n<nav><ul class='ez-toc-list ez-toc-list-level-1' ><li class='ez-toc-page-1 ez-toc-heading-level-2'><a class=\"ez-toc-link ez-toc-heading-1\" href=\"https:\/\/mythslegendes.com\/es\/mitologia-vasca\/vasco-cuentos-23\/#Contes-basques\" >Cuentos vascos<\/a><\/li><li class='ez-toc-page-1 ez-toc-heading-level-2'><a class=\"ez-toc-link ez-toc-heading-2\" href=\"https:\/\/mythslegendes.com\/es\/mitologia-vasca\/vasco-cuentos-23\/#La-lagune-dArbeiza\" >La laguna de Arbeiza<\/a><\/li><li class='ez-toc-page-1 ez-toc-heading-level-2'><a class=\"ez-toc-link ez-toc-heading-3\" href=\"https:\/\/mythslegendes.com\/es\/mitologia-vasca\/vasco-cuentos-23\/#Sugoi-et-les-deux-freres\" >Sugoi y los dos hermanos<\/a><\/li><li class='ez-toc-page-1 ez-toc-heading-level-2'><a class=\"ez-toc-link ez-toc-heading-4\" href=\"https:\/\/mythslegendes.com\/es\/mitologia-vasca\/vasco-cuentos-23\/#Les-charrettes-renversees\" >Carros volcados<\/a><\/li><\/ul><\/nav><\/div>\n<h2 class=\"wp-block-heading\"><span class=\"ez-toc-section\" id=\"Contes-basques\"><\/span>Cuentos vascos<span class=\"ez-toc-section-end\"><\/span><\/h2>\n<p>Aqu\u00ed hay varios cuentos. <a href=\"https:\/\/mythslegendes.com\/es\/mitologia-vasca\/\">vasco<\/a> : la laguna de Arbeiza, Sugoi y los dos hermanos, los carros volcados<\/p>\n<p><img decoding=\"async\" class=\"alignnone wp-image-5284 size-full\" src=\"https:\/\/mythslegendes.com\/wp-content\/uploads\/2020\/09\/AlphaOmega-e1602613368367.png\" alt=\"Cuentos vascos\" width=\"25\" height=\"26\" title=\"\"><\/p>\n<h2><span class=\"ez-toc-section\" id=\"La-lagune-dArbeiza\"><\/span>La laguna de Arbeiza<span class=\"ez-toc-section-end\"><\/span><\/h2>\n<p><\/p>\n<p><\/p>\n<p>En la villa navarra de Arbeiza existi\u00f3 en la antig\u00fcedad un magn\u00edfico palacio habitado por se\u00f1ores muy adinerados. Eran tan poco caritativos y ten\u00edan tan malos antecedentes que cuando vieron a un mendigo acerc\u00e1ndose a su puerta, agitaron a sus perros contra \u00e9l.<br \/>Uno de sus sirvientes, muy caritativo, se compadeci\u00f3 de las desgracias de estos pobres y sufri\u00f3 al verlos as\u00ed tratados.<\/p>\n<p><\/p>\n<p><\/p>\n<p>un d\u00eda lleg\u00f3 un pobre a la puerta. La criada lo vio y tom\u00f3 un recipiente con agua. Fingiendo ir a la fuente y acerc\u00e1ndose al pobre, le dio un trozo de pan.<\/p>\n<p><\/p>\n<p><\/p>\n<p>El pobre le aconsej\u00f3 que se fuera de esta casa; le dijo que all\u00ed iba a haber un castigo ejemplar.<br \/>Por tanto, abandon\u00f3 el palacio y \u00e9ste, con sus se\u00f1ores y sus propiedades, desapareci\u00f3 bajo tierra. En su lugar apareci\u00f3 un lago.<\/p>\n<p><\/p>\n<p><\/p>\n<hr class=\"wp-block-separator\" \/>\n<p><\/p>\n<p><\/p>\n<h2 class=\"wp-block-heading\"><span class=\"ez-toc-section\" id=\"Sugoi-et-les-deux-freres\"><\/span>Sugoi y los dos hermanos<span class=\"ez-toc-section-end\"><\/span><\/h2>\n<p><\/p>\n<p><\/p>\n<p>Dos hermanos de la casa Iturribeiti de Bargondia vieron a Sugoi en forma de serpiente, en la cueva de Balzola.<\/p>\n<p><\/p>\n<p><\/p>\n<p>El m\u00e1s joven le cort\u00f3 la cola con una piedra. El mayor, m\u00e1s sensible, no aprob\u00f3 este gesto.<\/p>\n<p><\/p>\n<p><\/p>\n<p>M\u00e1s tarde, este \u00faltimo estuvo muy lejos de casa y la nostalgia vivi\u00f3 en \u00e9l. Un extra\u00f1o lo transport\u00f3 instant\u00e1neamente a la cueva de Balzola. Al depositarlo en la entrada, su misterioso benefactor le dio una caja llena de oro para \u00e9l, as\u00ed como un cintur\u00f3n rojo para su hermano. Pero no quer\u00eda pon\u00e9rselo.<br \/>Entonces lo ataron a un nogal que estaba enfrente de la casa. Al mismo tiempo, el \u00e1rbol se incendi\u00f3 y en su lugar solo qued\u00f3 un profundo abismo.<\/p>\n<p><\/p>\n<p><\/p>\n<hr class=\"wp-block-separator\" \/>\n<p><\/p>\n<p><\/p>\n<h2 class=\"wp-block-heading\"><span class=\"ez-toc-section\" id=\"Les-charrettes-renversees\"><\/span>Carros volcados<span class=\"ez-toc-section-end\"><\/span><\/h2>\n<p><\/p>\n<p><\/p>\n<p>Mientras viajaban por la tierra <a href=\"https:\/\/mythslegendes.com\/es\/mitologia-vasca\/\">vasco<\/a>, el Se\u00f1or Jes\u00fas y San Pedro, un d\u00eda, se encontraron con un hombre cuyo carro se hab\u00eda volcado. De rodillas, or\u00f3 a Dios para que enderezara su carro. Jes\u00fas pasa junto a \u00e9l y ni siquiera lo mira. M\u00e1s adelante se encuentran con otro hombre cuyo carro tambi\u00e9n qued\u00f3 volcado.<\/p>\n<p>Y \u00e9l estaba luchando con su carro, levant\u00e1ndola aqu\u00ed, levant\u00e1ndola all\u00ed. Persisti\u00f3, se enoj\u00f3. Empapado en sudor, se irrit\u00f3 y jur\u00f3 por todos los demonios. Inmediatamente, el Se\u00f1or Jes\u00fas le dijo a San Pedro:<br \/>- &quot;Ven, debemos ayudar a este hombre a enderezar su carro. &quot;<\/p>\n<p>Y San Pedro le dijo:<br \/>- &quot;\u00a1Oye! \u00a1qu\u00e9 se\u00f1or! No ayudamos a un hombre antes mientras oraba, \u00bfy ahora tenemos que ayudar a este hombre? \u00a1Pero est\u00e1 jurando por todos los demonios! &quot;<br \/>Y el Se\u00f1or Jes\u00fas para responder a San Pedro:<br \/>- \u00bb\u00c9ste agota todos sus medios; el otro no. &quot;<\/p>\n<p><\/p>\t\t\t\t\t\t\t\t<\/div>\n\t\t\t\t<\/div>\n\t\t\t\t\t<\/div>\n\t\t<\/div>\n\t\t\t\t\t<\/div>\n\t\t<\/section>\n\t\t\t\t<\/div>","protected":false},"excerpt":{"rendered":"<p>Mythologie Basque Wiki Contes basques Voici divers contes basques : la lagune d&rsquo;Arbeiza, Sugoi et les deux fr\u00e8res, les charrettes &hellip; <\/p>","protected":false},"author":1,"featured_media":0,"parent":1004,"menu_order":0,"comment_status":"closed","ping_status":"closed","template":"","meta":{"footnotes":""},"class_list":["post-1281","page","type-page","status-publish","hentry"],"amp_enabled":true,"_links":{"self":[{"href":"https:\/\/mythslegendes.com\/es\/wp-json\/wp\/v2\/pages\/1281","targetHints":{"allow":["GET"]}}],"collection":[{"href":"https:\/\/mythslegendes.com\/es\/wp-json\/wp\/v2\/pages"}],"about":[{"href":"https:\/\/mythslegendes.com\/es\/wp-json\/wp\/v2\/types\/page"}],"author":[{"embeddable":true,"href":"https:\/\/mythslegendes.com\/es\/wp-json\/wp\/v2\/users\/1"}],"replies":[{"embeddable":true,"href":"https:\/\/mythslegendes.com\/es\/wp-json\/wp\/v2\/comments?post=1281"}],"version-history":[{"count":1,"href":"https:\/\/mythslegendes.com\/es\/wp-json\/wp\/v2\/pages\/1281\/revisions"}],"predecessor-version":[{"id":24702,"href":"https:\/\/mythslegendes.com\/es\/wp-json\/wp\/v2\/pages\/1281\/revisions\/24702"}],"up":[{"embeddable":true,"href":"https:\/\/mythslegendes.com\/es\/wp-json\/wp\/v2\/pages\/1004"}],"wp:attachment":[{"href":"https:\/\/mythslegendes.com\/es\/wp-json\/wp\/v2\/media?parent=1281"}],"curies":[{"name":"wp","href":"https:\/\/api.w.org\/{rel}","templated":true}]}}

<div data-elementor-type="wp-page" data-elementor-id="1281" class="elementor elementor-1281">
						<section class="elementor-section elementor-top-section elementor-element elementor-element-44d4f7c elementor-section-boxed elementor-section-height-default elementor-section-height-default" data-id="44d4f7c" data-element_type="section" data-e-type="section">
						<div class="elementor-container elementor-column-gap-default">
					<div class="elementor-column elementor-col-50 elementor-top-column elementor-element elementor-element-cc25d21" data-id="cc25d21" data-element_type="column" data-e-type="column">
			<div class="elementor-widget-wrap elementor-element-populated">
						<div class="elementor-element elementor-element-41f92f0 elementor-align-justify elementor-widget elementor-widget-button" data-id="41f92f0" data-element_type="widget" data-e-type="widget" data-widget_type="button.default">
				<div class="elementor-widget-container">
									<div class="elementor-button-wrapper">
					<a class="elementor-button elementor-button-link elementor-size-sm" href="https://mythslegendes.com/es/mitologia-vasca/">
						<span class="elementor-button-content-wrapper">
									<span class="elementor-button-text">Mitología vasca</span>
					</span>
					</a>
				</div>
								</div>
				</div>
					</div>
		</div>
				<div class="elementor-column elementor-col-50 elementor-top-column elementor-element elementor-element-f18b16f" data-id="f18b16f" data-element_type="column" data-e-type="column">
			<div class="elementor-widget-wrap elementor-element-populated">
						<div class="elementor-element elementor-element-84bb326 elementor-align-justify elementor-widget elementor-widget-button" data-id="84bb326" data-element_type="widget" data-e-type="widget" data-widget_type="button.default">
				<div class="elementor-widget-container">
									<div class="elementor-button-wrapper">
					<a class="elementor-button elementor-button-link elementor-size-sm" href="https://fr.wikipedia.org/wiki/Mythologie_basque" target="_blank" rel="noopener">
						<span class="elementor-button-content-wrapper">
									<span class="elementor-button-text">Wiki</span>
					</span>
					</a>
				</div>
								</div>
				</div>
					</div>
		</div>
					</div>
		</section>
				<section class="elementor-section elementor-top-section elementor-element elementor-element-7368c019 elementor-section-boxed elementor-section-height-default elementor-section-height-default" data-id="7368c019" data-element_type="section" data-e-type="section">
						<div class="elementor-container elementor-column-gap-default">
					<div class="elementor-column elementor-col-100 elementor-top-column elementor-element elementor-element-453fd9b6" data-id="453fd9b6" data-element_type="column" data-e-type="column">
			<div class="elementor-widget-wrap elementor-element-populated">
						<div class="elementor-element elementor-element-1558e2bc elementor-widget elementor-widget-text-editor" data-id="1558e2bc" data-element_type="widget" data-e-type="widget" data-widget_type="text-editor.default">
				<div class="elementor-widget-container">
									<p></p>
<div id="ez-toc-container" class="ez-toc-v2_0_82_2 counter-hierarchy ez-toc-counter ez-toc-grey ez-toc-container-direction">
<div class="ez-toc-title-container">
<p class="ez-toc-title" style="cursor:inherit">Contenido</p>
<span class="ez-toc-title-toggle"><a href="#" class="ez-toc-pull-right ez-toc-btn ez-toc-btn-xs ez-toc-btn-default ez-toc-toggle" aria-label="Alternar tabla de contenidos"><span class="ez-toc-js-icon-con"><span class=""><span class="eztoc-hide" style="display:none;">Palanca</span><span class="ez-toc-icon-toggle-span"><svg style="fill: #999;color:#999" xmlns="http://www.w3.org/2000/svg" class="list-377408" width="20px" height="20px" viewbox="0 0 24 24" fill="none"><path d="M6 6H4v2h2V6zm14 0H8v2h12V6zM4 11h2v2H4v-2zm16 0H8v2h12v-2zM4 16h2v2H4v-2zm16 0H8v2h12v-2z" fill="currentColor"></path></svg><svg style="fill: #999;color:#999" class="arrow-unsorted-368013" xmlns="http://www.w3.org/2000/svg" width="10px" height="10px" viewbox="0 0 24 24" version="1.2" baseprofile="tiny"><path d="M18.2 9.3l-6.2-6.3-6.2 6.3c-.2.2-.3.4-.3.7s.1.5.3.7c.2.2.4.3.7.3h11c.3 0 .5-.1.7-.3.2-.2.3-.5.3-.7s-.1-.5-.3-.7zM5.8 14.7l6.2 6.3 6.2-6.3c.2-.2.3-.5.3-.7s-.1-.5-.3-.7c-.2-.2-.4-.3-.7-.3h-11c-.3 0-.5.1-.7.3-.2.2-.3.5-.3.7s.1.5.3.7z"/></svg></span></span></span></a></span></div>
<nav><ul class='ez-toc-list ez-toc-list-level-1' ><li class='ez-toc-page-1 ez-toc-heading-level-2'><a class="ez-toc-link ez-toc-heading-1" href="https://mythslegendes.com/es/mitologia-vasca/vasco-cuentos-23/#Contes-basques" >Cuentos vascos</a></li><li class='ez-toc-page-1 ez-toc-heading-level-2'><a class="ez-toc-link ez-toc-heading-2" href="https://mythslegendes.com/es/mitologia-vasca/vasco-cuentos-23/#La-lagune-dArbeiza" >La laguna de Arbeiza</a></li><li class='ez-toc-page-1 ez-toc-heading-level-2'><a class="ez-toc-link ez-toc-heading-3" href="https://mythslegendes.com/es/mitologia-vasca/vasco-cuentos-23/#Sugoi-et-les-deux-freres" >Sugoi y los dos hermanos</a></li><li class='ez-toc-page-1 ez-toc-heading-level-2'><a class="ez-toc-link ez-toc-heading-4" href="https://mythslegendes.com/es/mitologia-vasca/vasco-cuentos-23/#Les-charrettes-renversees" >Carros volcados</a></li></ul></nav></div>
<h2 class="wp-block-heading"><span class="ez-toc-section" id="Contes-basques"></span>Cuentos vascos<span class="ez-toc-section-end"></span></h2>
<p>Aquí hay varios cuentos. <a href="https://mythslegendes.com/es/mitologia-vasca/">vasco</a> : la laguna de Arbeiza, Sugoi y los dos hermanos, los carros volcados</p>
<p><img decoding="async" class="alignnone wp-image-5284 size-full" src="https://mythslegendes.com/wp-content/uploads/2020/09/AlphaOmega-e1602613368367.png" alt="Cuentos vascos" width="25" height="26" title=""></p>
<h2><span class="ez-toc-section" id="La-lagune-dArbeiza"></span>La laguna de Arbeiza<span class="ez-toc-section-end"></span></h2>
<p></p>
<p></p>
<p>En la villa navarra de Arbeiza existió en la antigüedad un magnífico palacio habitado por señores muy adinerados. Eran tan poco caritativos y tenían tan malos antecedentes que cuando vieron a un mendigo acercándose a su puerta, agitaron a sus perros contra él.<br />Uno de sus sirvientes, muy caritativo, se compadeció de las desgracias de estos pobres y sufrió al verlos así tratados.</p>
<p></p>
<p></p>
<p>un día llegó un pobre a la puerta. La criada lo vio y tomó un recipiente con agua. Fingiendo ir a la fuente y acercándose al pobre, le dio un trozo de pan.</p>
<p></p>
<p></p>
<p>El pobre le aconsejó que se fuera de esta casa; le dijo que allí iba a haber un castigo ejemplar.<br />Por tanto, abandonó el palacio y éste, con sus señores y sus propiedades, desapareció bajo tierra. En su lugar apareció un lago.</p>
<p></p>
<p></p>
<hr class="wp-block-separator" />
<p></p>
<p></p>
<h2 class="wp-block-heading"><span class="ez-toc-section" id="Sugoi-et-les-deux-freres"></span>Sugoi y los dos hermanos<span class="ez-toc-section-end"></span></h2>
<p></p>
<p></p>
<p>Dos hermanos de la casa Iturribeiti de Bargondia vieron a Sugoi en forma de serpiente, en la cueva de Balzola.</p>
<p></p>
<p></p>
<p>El más joven le cortó la cola con una piedra. El mayor, más sensible, no aprobó este gesto.</p>
<p></p>
<p></p>
<p>Más tarde, este último estuvo muy lejos de casa y la nostalgia vivió en él. Un extraño lo transportó instantáneamente a la cueva de Balzola. Al depositarlo en la entrada, su misterioso benefactor le dio una caja llena de oro para él, así como un cinturón rojo para su hermano. Pero no quería ponérselo.<br />Entonces lo ataron a un nogal que estaba enfrente de la casa. Al mismo tiempo, el árbol se incendió y en su lugar solo quedó un profundo abismo.</p>
<p></p>
<p></p>
<hr class="wp-block-separator" />
<p></p>
<p></p>
<h2 class="wp-block-heading"><span class="ez-toc-section" id="Les-charrettes-renversees"></span>Carros volcados<span class="ez-toc-section-end"></span></h2>
<p></p>
<p></p>
<p>Mientras viajaban por la tierra <a href="https://mythslegendes.com/es/mitologia-vasca/">vasco</a>, el Señor Jesús y San Pedro, un día, se encontraron con un hombre cuyo carro se había volcado. De rodillas, oró a Dios para que enderezara su carro. Jesús pasa junto a él y ni siquiera lo mira. Más adelante se encuentran con otro hombre cuyo carro también quedó volcado.</p>
<p>Y él estaba luchando con su carro, levantándola aquí, levantándola allí. Persistió, se enojó. Empapado en sudor, se irritó y juró por todos los demonios. Inmediatamente, el Señor Jesús le dijo a San Pedro:<br />- &quot;Ven, debemos ayudar a este hombre a enderezar su carro. &quot;</p>
<p>Y San Pedro le dijo:<br />- &quot;¡Oye! ¡qué señor! No ayudamos a un hombre antes mientras oraba, ¿y ahora tenemos que ayudar a este hombre? ¡Pero está jurando por todos los demonios! &quot;<br />Y el Señor Jesús para responder a San Pedro:<br />- »Éste agota todos sus medios; el otro no. &quot;</p>
<p></p>								</div>
				</div>
					</div>
		</div>
					</div>
		</section>
				</div>

<p>Mythologie Basque Wiki Contes basques Voici divers contes basques : la lagune d&rsquo;Arbeiza, Sugoi et les deux frères, les charrettes &hellip; </p>
