{"id":2206,"date":"2020-07-10T10:48:30","date_gmt":"2020-07-10T09:48:30","guid":{"rendered":"https:\/\/mythslegendes.com\/?page_id=2206"},"modified":"2022-12-03T22:07:06","modified_gmt":"2022-12-03T22:07:06","slug":"les-amants-de-teruel","status":"publish","type":"page","link":"https:\/\/mythslegendes.com\/es\/mitologia-iberica\/los-amantes-de-teruel\/","title":{"rendered":"Los amantes de Teruel"},"content":{"rendered":"<div data-elementor-type=\"wp-page\" data-elementor-id=\"2206\" class=\"elementor elementor-2206\">\n\t\t\t\t\t\t<section class=\"elementor-section elementor-top-section elementor-element elementor-element-9b33adb elementor-section-boxed elementor-section-height-default elementor-section-height-default\" data-id=\"9b33adb\" data-element_type=\"section\" data-e-type=\"section\">\n\t\t\t\t\t\t<div class=\"elementor-container elementor-column-gap-default\">\n\t\t\t\t\t<div class=\"elementor-column elementor-col-50 elementor-top-column elementor-element elementor-element-b56b8e3\" data-id=\"b56b8e3\" data-element_type=\"column\" data-e-type=\"column\">\n\t\t\t<div class=\"elementor-widget-wrap elementor-element-populated\">\n\t\t\t\t\t\t<div class=\"elementor-element elementor-element-f60add2 elementor-align-justify elementor-widget elementor-widget-button\" data-id=\"f60add2\" data-element_type=\"widget\" data-e-type=\"widget\" data-widget_type=\"button.default\">\n\t\t\t\t<div class=\"elementor-widget-container\">\n\t\t\t\t\t\t\t\t\t<div class=\"elementor-button-wrapper\">\n\t\t\t\t\t<a class=\"elementor-button elementor-button-link elementor-size-sm\" href=\"https:\/\/mythslegendes.com\/es\/mitologia-iberica\/\">\n\t\t\t\t\t\t<span class=\"elementor-button-content-wrapper\">\n\t\t\t\t\t\t\t\t\t<span class=\"elementor-button-text\">Mitolog\u00eda ib\u00e9rica<\/span>\n\t\t\t\t\t<\/span>\n\t\t\t\t\t<\/a>\n\t\t\t\t<\/div>\n\t\t\t\t\t\t\t\t<\/div>\n\t\t\t\t<\/div>\n\t\t\t\t\t<\/div>\n\t\t<\/div>\n\t\t\t\t<div class=\"elementor-column elementor-col-50 elementor-top-column elementor-element elementor-element-7035589\" data-id=\"7035589\" data-element_type=\"column\" data-e-type=\"column\">\n\t\t\t<div class=\"elementor-widget-wrap elementor-element-populated\">\n\t\t\t\t\t\t<div class=\"elementor-element elementor-element-1d6331f elementor-align-justify elementor-widget elementor-widget-button\" data-id=\"1d6331f\" data-element_type=\"widget\" data-e-type=\"widget\" data-widget_type=\"button.default\">\n\t\t\t\t<div class=\"elementor-widget-container\">\n\t\t\t\t\t\t\t\t\t<div class=\"elementor-button-wrapper\">\n\t\t\t\t\t<a class=\"elementor-button elementor-button-link elementor-size-sm\" href=\"https:\/\/en.wikipedia.org\/wiki\/Spanish_mythology\" target=\"_blank\" rel=\"noopener\">\n\t\t\t\t\t\t<span class=\"elementor-button-content-wrapper\">\n\t\t\t\t\t\t\t\t\t<span class=\"elementor-button-text\">Wiki<\/span>\n\t\t\t\t\t<\/span>\n\t\t\t\t\t<\/a>\n\t\t\t\t<\/div>\n\t\t\t\t\t\t\t\t<\/div>\n\t\t\t\t<\/div>\n\t\t\t\t\t<\/div>\n\t\t<\/div>\n\t\t\t\t\t<\/div>\n\t\t<\/section>\n\t\t\t\t<section class=\"elementor-section elementor-top-section elementor-element elementor-element-752fe0d6 elementor-section-boxed elementor-section-height-default elementor-section-height-default\" data-id=\"752fe0d6\" data-element_type=\"section\" data-e-type=\"section\">\n\t\t\t\t\t\t<div class=\"elementor-container elementor-column-gap-default\">\n\t\t\t\t\t<div class=\"elementor-column elementor-col-100 elementor-top-column elementor-element elementor-element-44fbc2f\" data-id=\"44fbc2f\" data-element_type=\"column\" data-e-type=\"column\">\n\t\t\t<div class=\"elementor-widget-wrap elementor-element-populated\">\n\t\t\t\t\t\t<div class=\"elementor-element elementor-element-2fca4227 elementor-widget elementor-widget-text-editor\" data-id=\"2fca4227\" data-element_type=\"widget\" data-e-type=\"widget\" data-widget_type=\"text-editor.default\">\n\t\t\t\t<div class=\"elementor-widget-container\">\n\t\t\t\t\t\t\t\t\t<p><\/p>\n<p>Diego Marcilla e Isabella de Segura se amaban desde ni\u00f1os a pesar de la diferencia social de las dos familias. Se les llama los amantes de Teruel. Cuando Diego pidi\u00f3 la mano de Isabella, por supuesto, fue rechazada, pero el padre de la joven le concedi\u00f3 cinco a\u00f1os para que regresara rico y digno de casarse con su amor.<\/p>\n<p><img decoding=\"async\" class=\"alignnone wp-image-5284 size-full\" src=\"https:\/\/mythslegendes.com\/wp-content\/uploads\/2020\/09\/AlphaOmega-e1602613368367.png\" alt=\"Los amantes de Teruel\" width=\"25\" height=\"26\" title=\"\"><\/p>\n<div id=\"ez-toc-container\" class=\"ez-toc-v2_0_82_2 counter-hierarchy ez-toc-counter ez-toc-grey ez-toc-container-direction\">\n<div class=\"ez-toc-title-container\">\n<p class=\"ez-toc-title\" style=\"cursor:inherit\">Contenido<\/p>\n<span class=\"ez-toc-title-toggle\"><a href=\"#\" class=\"ez-toc-pull-right ez-toc-btn ez-toc-btn-xs ez-toc-btn-default ez-toc-toggle\" aria-label=\"Alternar tabla de contenidos\"><span class=\"ez-toc-js-icon-con\"><span class=\"\"><span class=\"eztoc-hide\" style=\"display:none;\">Palanca<\/span><span class=\"ez-toc-icon-toggle-span\"><svg style=\"fill: #999;color:#999\" xmlns=\"http:\/\/www.w3.org\/2000\/svg\" class=\"list-377408\" width=\"20px\" height=\"20px\" viewbox=\"0 0 24 24\" fill=\"none\"><path d=\"M6 6H4v2h2V6zm14 0H8v2h12V6zM4 11h2v2H4v-2zm16 0H8v2h12v-2zM4 16h2v2H4v-2zm16 0H8v2h12v-2z\" fill=\"currentColor\"><\/path><\/svg><svg style=\"fill: #999;color:#999\" class=\"arrow-unsorted-368013\" xmlns=\"http:\/\/www.w3.org\/2000\/svg\" width=\"10px\" height=\"10px\" viewbox=\"0 0 24 24\" version=\"1.2\" baseprofile=\"tiny\"><path d=\"M18.2 9.3l-6.2-6.3-6.2 6.3c-.2.2-.3.4-.3.7s.1.5.3.7c.2.2.4.3.7.3h11c.3 0 .5-.1.7-.3.2-.2.3-.5.3-.7s-.1-.5-.3-.7zM5.8 14.7l6.2 6.3 6.2-6.3c.2-.2.3-.5.3-.7s-.1-.5-.3-.7c-.2-.2-.4-.3-.7-.3h-11c-.3 0-.5.1-.7.3-.2.2-.3.5-.3.7s.1.5.3.7z\"\/><\/svg><\/span><\/span><\/span><\/a><\/span><\/div>\n<nav><ul class='ez-toc-list ez-toc-list-level-1' ><li class='ez-toc-page-1 ez-toc-heading-level-2'><a class=\"ez-toc-link ez-toc-heading-1\" href=\"https:\/\/mythslegendes.com\/es\/mitologia-iberica\/los-amantes-de-teruel\/#Les-amants-de-Teruel\" >Los amantes de Teruel<\/a><\/li><\/ul><\/nav><\/div>\n<h2><span class=\"ez-toc-section\" id=\"Les-amants-de-Teruel\"><\/span>Los amantes de Teruel<span class=\"ez-toc-section-end\"><\/span><\/h2>\n<p><\/p>\n<p><\/p>\n<p>Diego se uni\u00f3 entonces a las tropas cristianas de Pedro II de Arag\u00f3n, luchando contra los musulmanes que ocupaban Espa\u00f1a.<br \/>En 1217, cumplidos los cinco a\u00f1os, no habiendo vuelto Diego, el padre de Isabel la oblig\u00f3 a casarse con Pedro de Azagra, hijo del se\u00f1or de Albarrac\u00edn. Pero, cuando Diego volvi\u00f3 al d\u00eda siguiente de la boda, rico y victorioso, al enterarse de que Isabella se acababa de casar, entr\u00f3 en la casa de los esposos, s\u00f3lo para pedirle un beso a su amor perdido. Pero Isabel, estando ya casada, lo rechaz\u00f3 y Diego muri\u00f3 de pena.<\/p>\n<p><\/p>\n<p><\/p>\n<p>Al d\u00eda siguiente, Isabella regres\u00f3 a la iglesia de San Pedro donde se realizaba el funeral de Diego, y recostada sobre su cuerpo le dio el beso que le hab\u00eda negado cuando estaba vivo. Cuando alguien del p\u00fablico quiso levantarla, solo pudo ver que ella tambi\u00e9n hab\u00eda muerto de pena.<\/p>\n<p><\/p>\n<p><\/p>\n<p>Desfallecidas, las dos familias decidieron entonces enterrarlos uno al lado del otro en una de las capillas de la iglesia de San Pedro.<\/p>\n<p><\/p>\n<p><\/p>\n<p>As\u00ed es como el <a href=\"https:\/\/mythslegendes.com\/es\/\">Leyenda<\/a> de los Amantes de Teruel.<\/p>\n<p><\/p>\n<p><\/p>\n<p>En 1555, durante los trabajos realizados en la iglesia, se encontraron los cuerpos momificados de un joven y una joven, que el rumor popular atribuy\u00f3 inmediatamente a los de Diego e Isabel.<\/p>\n<p><\/p>\n<p><\/p>\n<p>En 1578 los cuerpos fueron trasladados a la capilla de los Santos Cosme y Dami\u00e1n donde, durante los siglos XVII y XVIII, acudieron numerosos visitantes a verlos. Las dos momias muy da\u00f1adas fueron luego resguardadas en un cofre, luego trasladadas a un anexo de la iglesia de San Pedro. Durante la guerra civil los dos cuerpos fueron resguardados en un convento cercano. En 1955, para celebrar el cuarto centenario del hallazgo de los dos cuerpos, el escultor Juan de Avalos se ofreci\u00f3 a crear un mausoleo digno de esta triste pero hermosa historia.<\/p>\n<p><\/p>\n<p><\/p>\n<p>Esta historia se ha repetido varias veces:<\/p>\n<p><\/p>\n<p><\/p>\n<p>Ya en 1619, el notario Yag\u00fce de Salas public\u00f3 un documento titulado \u201cHistoria de los Amantes de Teruel\u201d.<\/p>\n<p><\/p>\n<p><\/p>\n<p>En 1635, el dramaturgo Tisso de Molina hizo una obra de teatro que fue revivida en 1837 por Juan Hartzenbuch en el estilo rom\u00e1ntico de su \u00e9poca.<\/p>\n<p><\/p>\n<p><\/p>\n<p><strong>La obra<\/strong><\/p>\n<p><\/p>\n<p><\/p>\n<p>Las estatuas de los dos enamorados, en alabastro, se colocan bajo una b\u00f3veda pintada con follaje dorado y blanco sobre fondo negro, con un farol en trampantojo.<\/p>\n<p><\/p>\n<p><\/p>\n<p>Se dan la mano el uno al otro, apenas toc\u00e1ndose, con el rostro ligeramente vuelto para que en el D\u00eda del Juicio sean los primeros en verse.<\/p>\n<p><\/p>\n<p><\/p>\n<p>Las dos momias descansan sobre pedestales de m\u00e1rmol calados, sostenidas por un \u00e1ngel de bronce para Isabella y un le\u00f3n para Diego.<\/p>\n<p><\/p>\n<p><\/p>\n<p>Miles de visitantes vienen cada a\u00f1o a ver este mausoleo, que sin embargo parece fr\u00edo y sin emociones.<\/p>\n<p><\/p>\n<p><\/p>\n<p><strong>M\u00e1s informaci\u00f3n sobre el artista<\/strong><\/p>\n<p><\/p>\n<p><\/p>\n<p>Juan \u00c1valos Garc\u00eda Taboado naci\u00f3 en M\u00e9rida en 1911. Se form\u00f3 en Madrid en la Escuela de Bellas Artes de San Fernando y se especializ\u00f3 en la restauraci\u00f3n de obras antiguas. Luego ense\u00f1\u00f3 en la Escuela de Bellas Artes de M\u00e9rida mientras participaba en numerosas exposiciones donde sus obras fueron muy apreciadas. Tras la guerra civil, deseoso de dedicarse \u00fanicamente a su arte, se instal\u00f3 en Portugal antes de regresar en 1950 a <a href=\"https:\/\/mythslegendes.com\/es\/mitologia-iberica\/\">Espa\u00f1a<\/a> para participar en la estatuaria del Valle de Los Ca\u00eddos.<\/p>\n<p><\/p>\n<p><\/p>\n<p>\u00a0Recibe numerosos encargos nacionales e internacionales porque su estilo acad\u00e9mico estaba al gusto de la \u00e9poca. En 1974 fue elegido miembro de la Academia de San Fernando. Muri\u00f3 en Madrid en 2006.<\/p>\n<p><\/p>\t\t\t\t\t\t\t\t<\/div>\n\t\t\t\t<\/div>\n\t\t\t\t\t<\/div>\n\t\t<\/div>\n\t\t\t\t\t<\/div>\n\t\t<\/section>\n\t\t\t\t<\/div>","protected":false},"excerpt":{"rendered":"<p>Wiki Mitolog\u00eda Ib\u00e9rica Diego Marcilla e Isabella de Segura se amaban desde ni\u00f1os a pesar de la diferencia social de las dos familias. Nosotros \u2026 <\/p>","protected":false},"author":1,"featured_media":0,"parent":2187,"menu_order":0,"comment_status":"closed","ping_status":"closed","template":"","meta":{"footnotes":""},"class_list":["post-2206","page","type-page","status-publish","hentry"],"amp_enabled":true,"_links":{"self":[{"href":"https:\/\/mythslegendes.com\/es\/wp-json\/wp\/v2\/pages\/2206","targetHints":{"allow":["GET"]}}],"collection":[{"href":"https:\/\/mythslegendes.com\/es\/wp-json\/wp\/v2\/pages"}],"about":[{"href":"https:\/\/mythslegendes.com\/es\/wp-json\/wp\/v2\/types\/page"}],"author":[{"embeddable":true,"href":"https:\/\/mythslegendes.com\/es\/wp-json\/wp\/v2\/users\/1"}],"replies":[{"embeddable":true,"href":"https:\/\/mythslegendes.com\/es\/wp-json\/wp\/v2\/comments?post=2206"}],"version-history":[{"count":1,"href":"https:\/\/mythslegendes.com\/es\/wp-json\/wp\/v2\/pages\/2206\/revisions"}],"predecessor-version":[{"id":24740,"href":"https:\/\/mythslegendes.com\/es\/wp-json\/wp\/v2\/pages\/2206\/revisions\/24740"}],"up":[{"embeddable":true,"href":"https:\/\/mythslegendes.com\/es\/wp-json\/wp\/v2\/pages\/2187"}],"wp:attachment":[{"href":"https:\/\/mythslegendes.com\/es\/wp-json\/wp\/v2\/media?parent=2206"}],"curies":[{"name":"wp","href":"https:\/\/api.w.org\/{rel}","templated":true}]}}

<div data-elementor-type="wp-page" data-elementor-id="2206" class="elementor elementor-2206">
						<section class="elementor-section elementor-top-section elementor-element elementor-element-9b33adb elementor-section-boxed elementor-section-height-default elementor-section-height-default" data-id="9b33adb" data-element_type="section" data-e-type="section">
						<div class="elementor-container elementor-column-gap-default">
					<div class="elementor-column elementor-col-50 elementor-top-column elementor-element elementor-element-b56b8e3" data-id="b56b8e3" data-element_type="column" data-e-type="column">
			<div class="elementor-widget-wrap elementor-element-populated">
						<div class="elementor-element elementor-element-f60add2 elementor-align-justify elementor-widget elementor-widget-button" data-id="f60add2" data-element_type="widget" data-e-type="widget" data-widget_type="button.default">
				<div class="elementor-widget-container">
									<div class="elementor-button-wrapper">
					<a class="elementor-button elementor-button-link elementor-size-sm" href="https://mythslegendes.com/es/mitologia-iberica/">
						<span class="elementor-button-content-wrapper">
									<span class="elementor-button-text">Mitología ibérica</span>
					</span>
					</a>
				</div>
								</div>
				</div>
					</div>
		</div>
				<div class="elementor-column elementor-col-50 elementor-top-column elementor-element elementor-element-7035589" data-id="7035589" data-element_type="column" data-e-type="column">
			<div class="elementor-widget-wrap elementor-element-populated">
						<div class="elementor-element elementor-element-1d6331f elementor-align-justify elementor-widget elementor-widget-button" data-id="1d6331f" data-element_type="widget" data-e-type="widget" data-widget_type="button.default">
				<div class="elementor-widget-container">
									<div class="elementor-button-wrapper">
					<a class="elementor-button elementor-button-link elementor-size-sm" href="https://en.wikipedia.org/wiki/Spanish_mythology" target="_blank" rel="noopener">
						<span class="elementor-button-content-wrapper">
									<span class="elementor-button-text">Wiki</span>
					</span>
					</a>
				</div>
								</div>
				</div>
					</div>
		</div>
					</div>
		</section>
				<section class="elementor-section elementor-top-section elementor-element elementor-element-752fe0d6 elementor-section-boxed elementor-section-height-default elementor-section-height-default" data-id="752fe0d6" data-element_type="section" data-e-type="section">
						<div class="elementor-container elementor-column-gap-default">
					<div class="elementor-column elementor-col-100 elementor-top-column elementor-element elementor-element-44fbc2f" data-id="44fbc2f" data-element_type="column" data-e-type="column">
			<div class="elementor-widget-wrap elementor-element-populated">
						<div class="elementor-element elementor-element-2fca4227 elementor-widget elementor-widget-text-editor" data-id="2fca4227" data-element_type="widget" data-e-type="widget" data-widget_type="text-editor.default">
				<div class="elementor-widget-container">
									<p></p>
<p>Diego Marcilla e Isabella de Segura se amaban desde niños a pesar de la diferencia social de las dos familias. Se les llama los amantes de Teruel. Cuando Diego pidió la mano de Isabella, por supuesto, fue rechazada, pero el padre de la joven le concedió cinco años para que regresara rico y digno de casarse con su amor.</p>
<p><img decoding="async" class="alignnone wp-image-5284 size-full" src="https://mythslegendes.com/wp-content/uploads/2020/09/AlphaOmega-e1602613368367.png" alt="Los amantes de Teruel" width="25" height="26" title=""></p>
<div id="ez-toc-container" class="ez-toc-v2_0_82_2 counter-hierarchy ez-toc-counter ez-toc-grey ez-toc-container-direction">
<div class="ez-toc-title-container">
<p class="ez-toc-title" style="cursor:inherit">Contenido</p>
<span class="ez-toc-title-toggle"><a href="#" class="ez-toc-pull-right ez-toc-btn ez-toc-btn-xs ez-toc-btn-default ez-toc-toggle" aria-label="Alternar tabla de contenidos"><span class="ez-toc-js-icon-con"><span class=""><span class="eztoc-hide" style="display:none;">Palanca</span><span class="ez-toc-icon-toggle-span"><svg style="fill: #999;color:#999" xmlns="http://www.w3.org/2000/svg" class="list-377408" width="20px" height="20px" viewbox="0 0 24 24" fill="none"><path d="M6 6H4v2h2V6zm14 0H8v2h12V6zM4 11h2v2H4v-2zm16 0H8v2h12v-2zM4 16h2v2H4v-2zm16 0H8v2h12v-2z" fill="currentColor"></path></svg><svg style="fill: #999;color:#999" class="arrow-unsorted-368013" xmlns="http://www.w3.org/2000/svg" width="10px" height="10px" viewbox="0 0 24 24" version="1.2" baseprofile="tiny"><path d="M18.2 9.3l-6.2-6.3-6.2 6.3c-.2.2-.3.4-.3.7s.1.5.3.7c.2.2.4.3.7.3h11c.3 0 .5-.1.7-.3.2-.2.3-.5.3-.7s-.1-.5-.3-.7zM5.8 14.7l6.2 6.3 6.2-6.3c.2-.2.3-.5.3-.7s-.1-.5-.3-.7c-.2-.2-.4-.3-.7-.3h-11c-.3 0-.5.1-.7.3-.2.2-.3.5-.3.7s.1.5.3.7z"/></svg></span></span></span></a></span></div>
<nav><ul class='ez-toc-list ez-toc-list-level-1' ><li class='ez-toc-page-1 ez-toc-heading-level-2'><a class="ez-toc-link ez-toc-heading-1" href="https://mythslegendes.com/es/mitologia-iberica/los-amantes-de-teruel/#Les-amants-de-Teruel" >Los amantes de Teruel</a></li></ul></nav></div>
<h2><span class="ez-toc-section" id="Les-amants-de-Teruel"></span>Los amantes de Teruel<span class="ez-toc-section-end"></span></h2>
<p></p>
<p></p>
<p>Diego se unió entonces a las tropas cristianas de Pedro II de Aragón, luchando contra los musulmanes que ocupaban España.<br />En 1217, cumplidos los cinco años, no habiendo vuelto Diego, el padre de Isabel la obligó a casarse con Pedro de Azagra, hijo del señor de Albarracín. Pero, cuando Diego volvió al día siguiente de la boda, rico y victorioso, al enterarse de que Isabella se acababa de casar, entró en la casa de los esposos, sólo para pedirle un beso a su amor perdido. Pero Isabel, estando ya casada, lo rechazó y Diego murió de pena.</p>
<p></p>
<p></p>
<p>Al día siguiente, Isabella regresó a la iglesia de San Pedro donde se realizaba el funeral de Diego, y recostada sobre su cuerpo le dio el beso que le había negado cuando estaba vivo. Cuando alguien del público quiso levantarla, solo pudo ver que ella también había muerto de pena.</p>
<p></p>
<p></p>
<p>Desfallecidas, las dos familias decidieron entonces enterrarlos uno al lado del otro en una de las capillas de la iglesia de San Pedro.</p>
<p></p>
<p></p>
<p>Así es como el <a href="https://mythslegendes.com/es/">Leyenda</a> de los Amantes de Teruel.</p>
<p></p>
<p></p>
<p>En 1555, durante los trabajos realizados en la iglesia, se encontraron los cuerpos momificados de un joven y una joven, que el rumor popular atribuyó inmediatamente a los de Diego e Isabel.</p>
<p></p>
<p></p>
<p>En 1578 los cuerpos fueron trasladados a la capilla de los Santos Cosme y Damián donde, durante los siglos XVII y XVIII, acudieron numerosos visitantes a verlos. Las dos momias muy dañadas fueron luego resguardadas en un cofre, luego trasladadas a un anexo de la iglesia de San Pedro. Durante la guerra civil los dos cuerpos fueron resguardados en un convento cercano. En 1955, para celebrar el cuarto centenario del hallazgo de los dos cuerpos, el escultor Juan de Avalos se ofreció a crear un mausoleo digno de esta triste pero hermosa historia.</p>
<p></p>
<p></p>
<p>Esta historia se ha repetido varias veces:</p>
<p></p>
<p></p>
<p>Ya en 1619, el notario Yagüe de Salas publicó un documento titulado “Historia de los Amantes de Teruel”.</p>
<p></p>
<p></p>
<p>En 1635, el dramaturgo Tisso de Molina hizo una obra de teatro que fue revivida en 1837 por Juan Hartzenbuch en el estilo romántico de su época.</p>
<p></p>
<p></p>
<p><strong>La obra</strong></p>
<p></p>
<p></p>
<p>Las estatuas de los dos enamorados, en alabastro, se colocan bajo una bóveda pintada con follaje dorado y blanco sobre fondo negro, con un farol en trampantojo.</p>
<p></p>
<p></p>
<p>Se dan la mano el uno al otro, apenas tocándose, con el rostro ligeramente vuelto para que en el Día del Juicio sean los primeros en verse.</p>
<p></p>
<p></p>
<p>Las dos momias descansan sobre pedestales de mármol calados, sostenidas por un ángel de bronce para Isabella y un león para Diego.</p>
<p></p>
<p></p>
<p>Miles de visitantes vienen cada año a ver este mausoleo, que sin embargo parece frío y sin emociones.</p>
<p></p>
<p></p>
<p><strong>Más información sobre el artista</strong></p>
<p></p>
<p></p>
<p>Juan Ávalos García Taboado nació en Mérida en 1911. Se formó en Madrid en la Escuela de Bellas Artes de San Fernando y se especializó en la restauración de obras antiguas. Luego enseñó en la Escuela de Bellas Artes de Mérida mientras participaba en numerosas exposiciones donde sus obras fueron muy apreciadas. Tras la guerra civil, deseoso de dedicarse únicamente a su arte, se instaló en Portugal antes de regresar en 1950 a <a href="https://mythslegendes.com/es/mitologia-iberica/">España</a> para participar en la estatuaria del Valle de Los Caídos.</p>
<p></p>
<p></p>
<p> Recibe numerosos encargos nacionales e internacionales porque su estilo académico estaba al gusto de la época. En 1974 fue elegido miembro de la Academia de San Fernando. Murió en Madrid en 2006.</p>
<p></p>								</div>
				</div>
					</div>
		</div>
					</div>
		</section>
				</div>

<p>Wiki Mitología Ibérica Diego Marcilla e Isabella de Segura se amaban desde niños a pesar de la diferencia social de las dos familias. Nosotros … </p>
