{"id":2210,"date":"2020-07-10T10:57:51","date_gmt":"2020-07-10T09:57:51","guid":{"rendered":"https:\/\/mythslegendes.com\/?page_id=2210"},"modified":"2022-12-03T22:07:06","modified_gmt":"2022-12-03T22:07:06","slug":"els-gegants","status":"publish","type":"page","link":"https:\/\/mythslegendes.com\/es\/mitologia-iberica\/los-gigantes\/","title":{"rendered":"Los gigantes"},"content":{"rendered":"<div data-elementor-type=\"wp-page\" data-elementor-id=\"2210\" class=\"elementor elementor-2210\">\n\t\t\t\t\t\t<section class=\"elementor-section elementor-top-section elementor-element elementor-element-4a6df5f elementor-section-boxed elementor-section-height-default elementor-section-height-default\" data-id=\"4a6df5f\" data-element_type=\"section\" data-e-type=\"section\">\n\t\t\t\t\t\t<div class=\"elementor-container elementor-column-gap-default\">\n\t\t\t\t\t<div class=\"elementor-column elementor-col-50 elementor-top-column elementor-element elementor-element-7f7750c\" data-id=\"7f7750c\" data-element_type=\"column\" data-e-type=\"column\">\n\t\t\t<div class=\"elementor-widget-wrap elementor-element-populated\">\n\t\t\t\t\t\t<div class=\"elementor-element elementor-element-020c1af elementor-align-justify elementor-widget elementor-widget-button\" data-id=\"020c1af\" data-element_type=\"widget\" data-e-type=\"widget\" data-widget_type=\"button.default\">\n\t\t\t\t<div class=\"elementor-widget-container\">\n\t\t\t\t\t\t\t\t\t<div class=\"elementor-button-wrapper\">\n\t\t\t\t\t<a class=\"elementor-button elementor-button-link elementor-size-sm\" href=\"https:\/\/mythslegendes.com\/es\/mitologia-iberica\/\">\n\t\t\t\t\t\t<span class=\"elementor-button-content-wrapper\">\n\t\t\t\t\t\t\t\t\t<span class=\"elementor-button-text\">Mitolog\u00eda ib\u00e9rica<\/span>\n\t\t\t\t\t<\/span>\n\t\t\t\t\t<\/a>\n\t\t\t\t<\/div>\n\t\t\t\t\t\t\t\t<\/div>\n\t\t\t\t<\/div>\n\t\t\t\t\t<\/div>\n\t\t<\/div>\n\t\t\t\t<div class=\"elementor-column elementor-col-50 elementor-top-column elementor-element elementor-element-3ec50c7\" data-id=\"3ec50c7\" data-element_type=\"column\" data-e-type=\"column\">\n\t\t\t<div class=\"elementor-widget-wrap elementor-element-populated\">\n\t\t\t\t\t\t<div class=\"elementor-element elementor-element-1aa32cf elementor-align-justify elementor-widget elementor-widget-button\" data-id=\"1aa32cf\" data-element_type=\"widget\" data-e-type=\"widget\" data-widget_type=\"button.default\">\n\t\t\t\t<div class=\"elementor-widget-container\">\n\t\t\t\t\t\t\t\t\t<div class=\"elementor-button-wrapper\">\n\t\t\t\t\t<a class=\"elementor-button elementor-button-link elementor-size-sm\" href=\"https:\/\/en.wikipedia.org\/wiki\/Spanish_mythology\" target=\"_blank\" rel=\"noopener\">\n\t\t\t\t\t\t<span class=\"elementor-button-content-wrapper\">\n\t\t\t\t\t\t\t\t\t<span class=\"elementor-button-text\">Wiki<\/span>\n\t\t\t\t\t<\/span>\n\t\t\t\t\t<\/a>\n\t\t\t\t<\/div>\n\t\t\t\t\t\t\t\t<\/div>\n\t\t\t\t<\/div>\n\t\t\t\t\t<\/div>\n\t\t<\/div>\n\t\t\t\t\t<\/div>\n\t\t<\/section>\n\t\t\t\t<section class=\"elementor-section elementor-top-section elementor-element elementor-element-54bb55d0 elementor-section-boxed elementor-section-height-default elementor-section-height-default\" data-id=\"54bb55d0\" data-element_type=\"section\" data-e-type=\"section\">\n\t\t\t\t\t\t<div class=\"elementor-container elementor-column-gap-default\">\n\t\t\t\t\t<div class=\"elementor-column elementor-col-100 elementor-top-column elementor-element elementor-element-79a1c61d\" data-id=\"79a1c61d\" data-element_type=\"column\" data-e-type=\"column\">\n\t\t\t<div class=\"elementor-widget-wrap elementor-element-populated\">\n\t\t\t\t\t\t<div class=\"elementor-element elementor-element-6f406af2 elementor-widget elementor-widget-text-editor\" data-id=\"6f406af2\" data-element_type=\"widget\" data-e-type=\"widget\" data-widget_type=\"text-editor.default\">\n\t\t\t\t<div class=\"elementor-widget-container\">\n\t\t\t\t\t\t\t\t\t<p><\/p>\n<p>Los or\u00edgenes exactos de la tradici\u00f3n de los Gigantes (els Gegants) son dif\u00edciles de identificar y fechar. Sin embargo, las primeras intervenciones de marionetas desproporcionadas con figuras humanoides se remontan a la Edad Media, durante las fiestas cortesanas por toda Europa Occidental. Sus figuras, realizadas en madera, desfilaban y bailaban al son de una melod\u00eda \u00fanica.<\/p>\n<p><img decoding=\"async\" class=\"alignnone wp-image-5284 size-full\" src=\"https:\/\/mythslegendes.com\/wp-content\/uploads\/2020\/09\/AlphaOmega-e1602613368367.png\" alt=\"Los gigantes gigantes\" width=\"25\" height=\"26\" title=\"\"><\/p>\n<div id=\"ez-toc-container\" class=\"ez-toc-v2_0_82_2 counter-hierarchy ez-toc-counter ez-toc-grey ez-toc-container-direction\">\n<div class=\"ez-toc-title-container\">\n<p class=\"ez-toc-title\" style=\"cursor:inherit\">Contenido<\/p>\n<span class=\"ez-toc-title-toggle\"><a href=\"#\" class=\"ez-toc-pull-right ez-toc-btn ez-toc-btn-xs ez-toc-btn-default ez-toc-toggle\" aria-label=\"Alternar tabla de contenidos\"><span class=\"ez-toc-js-icon-con\"><span class=\"\"><span class=\"eztoc-hide\" style=\"display:none;\">Palanca<\/span><span class=\"ez-toc-icon-toggle-span\"><svg style=\"fill: #999;color:#999\" xmlns=\"http:\/\/www.w3.org\/2000\/svg\" class=\"list-377408\" width=\"20px\" height=\"20px\" viewbox=\"0 0 24 24\" fill=\"none\"><path d=\"M6 6H4v2h2V6zm14 0H8v2h12V6zM4 11h2v2H4v-2zm16 0H8v2h12v-2zM4 16h2v2H4v-2zm16 0H8v2h12v-2z\" fill=\"currentColor\"><\/path><\/svg><svg style=\"fill: #999;color:#999\" class=\"arrow-unsorted-368013\" xmlns=\"http:\/\/www.w3.org\/2000\/svg\" width=\"10px\" height=\"10px\" viewbox=\"0 0 24 24\" version=\"1.2\" baseprofile=\"tiny\"><path d=\"M18.2 9.3l-6.2-6.3-6.2 6.3c-.2.2-.3.4-.3.7s.1.5.3.7c.2.2.4.3.7.3h11c.3 0 .5-.1.7-.3.2-.2.3-.5.3-.7s-.1-.5-.3-.7zM5.8 14.7l6.2 6.3 6.2-6.3c.2-.2.3-.5.3-.7s-.1-.5-.3-.7c-.2-.2-.4-.3-.7-.3h-11c-.3 0-.5.1-.7.3-.2.2-.3.5-.3.7s.1.5.3.7z\"\/><\/svg><\/span><\/span><\/span><\/a><\/span><\/div>\n<nav><ul class='ez-toc-list ez-toc-list-level-1' ><li class='ez-toc-page-1 ez-toc-heading-level-2'><a class=\"ez-toc-link ez-toc-heading-1\" href=\"https:\/\/mythslegendes.com\/es\/mitologia-iberica\/los-gigantes\/#Les-geants-Gegants\" >Los gigantes gigantes<\/a><\/li><li class='ez-toc-page-1 ez-toc-heading-level-2'><a class=\"ez-toc-link ez-toc-heading-2\" href=\"https:\/\/mythslegendes.com\/es\/mitologia-iberica\/los-gigantes\/#Typologie-des-Geants\" >Tipolog\u00eda de gigantes<\/a><\/li><li class='ez-toc-page-1 ez-toc-heading-level-2'><a class=\"ez-toc-link ez-toc-heading-3\" href=\"https:\/\/mythslegendes.com\/es\/mitologia-iberica\/los-gigantes\/#Fetes-des-geants\" >Festivales Gigantes<\/a><\/li><\/ul><\/nav><\/div>\n<h2><span class=\"ez-toc-section\" id=\"Les-geants-Gegants\"><\/span>Los gigantes gigantes<span class=\"ez-toc-section-end\"><\/span><\/h2>\n<p><\/p>\n<p>En el siglo XIV, los Gigantes eran incluidos en las procesiones del Corpus Christi (veneraci\u00f3n de la Eucarist\u00eda).<\/p>\n<p><\/p>\n<p>La primera aparici\u00f3n de los Gigantes en <a href=\"https:\/\/mythslegendes.com\/es\/mitologia-iberica\/\">Catalu\u00f1a<\/a> Se remonta al a\u00f1o 1424 (seg\u00fan investigaciones de archivo) en Barcelona. Durante la procesi\u00f3n del Corpus aparecen las figuras de David y Goliat y Sant Cristofol (gigante protector de los viajeros). Su intervenci\u00f3n en la procesi\u00f3n permite a la Iglesia hacer accesibles a la multitud las figuras b\u00edblicas. Los Gigantes encarnan entonces una dimensi\u00f3n \u201ceducativa\u201d.<\/p>\n<p><\/p>\n<p>A partir de entonces, los desfiles se fueron enriqueciendo con nuevas figuras:<br \/>\u2013 En el siglo XVI vimos la aparici\u00f3n de Gigantas.<\/p>\n<p>\u2013 En el siglo XIX eran los \u201ccapgrossos\u201d, los cabezudos, figuras con cuerpos de tama\u00f1o humano y cabezas desproporcionadamente grandes, quienes aparec\u00edan en los desfiles.<\/p>\n<p>\u2013 A\u00fan en el siglo XIX, la tradici\u00f3n de los Gigantes traspas\u00f3 el marco de la procesi\u00f3n religiosa y pas\u00f3 a formar parte integral de las fiestas y carnavales locales. Es al mismo tiempo que los Gigantes ocupan un lugar cultural importante, donde cada comuna les da una dimensi\u00f3n de identidad local.<\/p>\n<p><\/p>\n<p>En 1902, la ciudad de Barcelona organiz\u00f3 el I \u201cConcurs de gegants nanos i monstros tipichs\u201d, competici\u00f3n de gigantes, enanos y monstruos t\u00edpicos. La oportunidad para que los pueblos vecinos presenten figuras que simbolicen su identidad. Por tanto, la creaci\u00f3n de gigantes se convierte en una iniciativa popular.<\/p>\n<p><\/p>\n<p>El contexto pol\u00edtico del siglo XX alter\u00f3 la tradici\u00f3n de los Gigantes\u2026 pero no la hizo desaparecer. Los Gigantes simplemente cambian de cara. Luego se realizan gigantes en la efigie de los Reyes Cat\u00f3licos. Entre 1939 y 1950, bajo el franquismo, los Gigantes desfilaban durante la procesi\u00f3n del Corpus y durante las celebraciones de la Liberaci\u00f3n. Tras la ca\u00edda del r\u00e9gimen de Franco, los Gigantes recuperaron su car\u00e1cter t\u00edpico.<\/p>\n<p>La poblaci\u00f3n recupera las figuras olvidadas de las entidades locales y vuelve a hacer Gigantes \u201cen sus colores\u201d. Los Gigantes encarnan entonces personalidades locales m\u00e1s o menos conocidas, o simbolizan una actividad espec\u00edfica del municipio.<\/p>\n<p><\/p>\n<p>En 1984 se cre\u00f3 la asociaci\u00f3n de Gigantes de Catalu\u00f1a (Agrupaci\u00f3 De Geganters de Catalunya), que coordina eventos en torno a los Gegants y Capgrossos. Hoy en d\u00eda existen entre 3.000 y 3.500 Gigantes repartidos por todo el territorio catal\u00e1n.<\/p>\n<p><\/p>\n<h2 class=\"wp-block-heading\"><span class=\"ez-toc-section\" id=\"Typologie-des-Geants\"><\/span><strong>Tipolog\u00eda de gigantes<\/strong><span class=\"ez-toc-section-end\"><\/span><\/h2>\n<p><\/p>\n<p>\u00a1Cuidado, los Gigantes se clasifican seg\u00fan una tipolog\u00eda muy espec\u00edfica!<br \/>De hecho, existen diferentes tipos de figuras, con caracter\u00edsticas constructivas o anat\u00f3micas muy espec\u00edficas.<\/p>\n<p><\/p>\n<p>El Gigante tradicional responde a caracter\u00edsticas f\u00edsicas humanas, excepto el tama\u00f1o gigantesco. Es conducido por un piloto dentro de la estructura de madera. Es el s\u00edmbolo de su comuna y tiene rasgos de reyes o personalidades locales.<\/p>\n<p><\/p>\n<p>El \u201cGegantet\u201d es un peque\u00f1o gigante. Sus proporciones son las mismas que las de un gigante cl\u00e1sico, pero est\u00e1 dise\u00f1ado para ser llevado por un ni\u00f1o.<\/p>\n<p><\/p>\n<p>El \u201cGegant\u00f3\u201d es m\u00e1s peque\u00f1o que el gigante tradicional y m\u00e1s grande que un ser humano. Quiz\u00e1s se habr\u00eda inventado para facilitar el acceso a determinados eventos con figuras gigantescas, donde los gigantes tradicionales no pod\u00edan ir (salas de fiestas, patios).<br \/>El \u201cGegant de motxilla\u201d es un gigante sin marco ni caballete de madera, que se lleva como una mochila.<\/p>\n<p><\/p>\n<p>Las \u201cmanotes Gigantes\u201d se caracterizan por no tener patillas \u201cmacizas\u201d y est\u00e1n provistas simplemente de patillas de tela (mangas vac\u00edas).<\/p>\n<p><\/p>\n<p>A los gigantes se suman figuras antropomorfas m\u00e1s peque\u00f1as, pero igual de pintorescas. Tienen distintos nombres seg\u00fan las provincias: capgrossos, cabuts, cabecuts, caparrots, nans y nanets. Se caracterizan por su tama\u00f1o humano y su cabeza desproporcionada. Su funci\u00f3n generalmente es mantener el orden en procesiones y desfiles. Sus intervenciones est\u00e1n h\u00e1bilmente orquestadas, a menudo por compa\u00f1\u00edas teatrales.<\/p>\n<p><\/p>\n<h2 class=\"wp-block-heading\"><span class=\"ez-toc-section\" id=\"Fetes-des-geants\"><\/span><strong>Festivales Gigantes<\/strong><span class=\"ez-toc-section-end\"><\/span><\/h2>\n<p><\/p>\n<p>Hoy, cada oportunidad es buena para que los Gigantes se muevan. Carnavales, Festes Majores (Fiestas de los Santos Patronos), procesiones y mercados cobran vida con la presencia de figuras gigantes. La Agrupaci\u00f3 De Geganters de Catalunya tambi\u00e9n publica cada a\u00f1o un calendario mundial gigante (que se puede encontrar en gegants.cat).<\/p>\n<p><\/p>\n<p>Los pegamentos nunca viajan sin su orquesta asignada (cobla), porque la m\u00fasica y la danza son inseparables del desfile de gigantes. Nos encontramos as\u00ed con los instrumentos t\u00edpicos de una cobla catalana: el \u201cflabiol\u201d, el pandereta, la \u201cgralla\u201d, la \u201cdol\u00e7aina\u201d y la percusi\u00f3n tradicional.<\/p>\n<p><\/p>\t\t\t\t\t\t\t\t<\/div>\n\t\t\t\t<\/div>\n\t\t\t\t\t<\/div>\n\t\t<\/div>\n\t\t\t\t\t<\/div>\n\t\t<\/section>\n\t\t\t\t<\/div>","protected":false},"excerpt":{"rendered":"<p>Wiki Mitolog\u00eda Ib\u00e9rica Los or\u00edgenes exactos de la tradici\u00f3n de los Gigantes (els Gegants) son dif\u00edciles de identificar y datar. Sin embargo, el\u2026 <\/p>","protected":false},"author":1,"featured_media":0,"parent":2187,"menu_order":0,"comment_status":"closed","ping_status":"closed","template":"","meta":{"footnotes":""},"class_list":["post-2210","page","type-page","status-publish","hentry"],"amp_enabled":true,"_links":{"self":[{"href":"https:\/\/mythslegendes.com\/es\/wp-json\/wp\/v2\/pages\/2210","targetHints":{"allow":["GET"]}}],"collection":[{"href":"https:\/\/mythslegendes.com\/es\/wp-json\/wp\/v2\/pages"}],"about":[{"href":"https:\/\/mythslegendes.com\/es\/wp-json\/wp\/v2\/types\/page"}],"author":[{"embeddable":true,"href":"https:\/\/mythslegendes.com\/es\/wp-json\/wp\/v2\/users\/1"}],"replies":[{"embeddable":true,"href":"https:\/\/mythslegendes.com\/es\/wp-json\/wp\/v2\/comments?post=2210"}],"version-history":[{"count":1,"href":"https:\/\/mythslegendes.com\/es\/wp-json\/wp\/v2\/pages\/2210\/revisions"}],"predecessor-version":[{"id":24741,"href":"https:\/\/mythslegendes.com\/es\/wp-json\/wp\/v2\/pages\/2210\/revisions\/24741"}],"up":[{"embeddable":true,"href":"https:\/\/mythslegendes.com\/es\/wp-json\/wp\/v2\/pages\/2187"}],"wp:attachment":[{"href":"https:\/\/mythslegendes.com\/es\/wp-json\/wp\/v2\/media?parent=2210"}],"curies":[{"name":"wp","href":"https:\/\/api.w.org\/{rel}","templated":true}]}}

<div data-elementor-type="wp-page" data-elementor-id="2210" class="elementor elementor-2210">
						<section class="elementor-section elementor-top-section elementor-element elementor-element-4a6df5f elementor-section-boxed elementor-section-height-default elementor-section-height-default" data-id="4a6df5f" data-element_type="section" data-e-type="section">
						<div class="elementor-container elementor-column-gap-default">
					<div class="elementor-column elementor-col-50 elementor-top-column elementor-element elementor-element-7f7750c" data-id="7f7750c" data-element_type="column" data-e-type="column">
			<div class="elementor-widget-wrap elementor-element-populated">
						<div class="elementor-element elementor-element-020c1af elementor-align-justify elementor-widget elementor-widget-button" data-id="020c1af" data-element_type="widget" data-e-type="widget" data-widget_type="button.default">
				<div class="elementor-widget-container">
									<div class="elementor-button-wrapper">
					<a class="elementor-button elementor-button-link elementor-size-sm" href="https://mythslegendes.com/es/mitologia-iberica/">
						<span class="elementor-button-content-wrapper">
									<span class="elementor-button-text">Mitología ibérica</span>
					</span>
					</a>
				</div>
								</div>
				</div>
					</div>
		</div>
				<div class="elementor-column elementor-col-50 elementor-top-column elementor-element elementor-element-3ec50c7" data-id="3ec50c7" data-element_type="column" data-e-type="column">
			<div class="elementor-widget-wrap elementor-element-populated">
						<div class="elementor-element elementor-element-1aa32cf elementor-align-justify elementor-widget elementor-widget-button" data-id="1aa32cf" data-element_type="widget" data-e-type="widget" data-widget_type="button.default">
				<div class="elementor-widget-container">
									<div class="elementor-button-wrapper">
					<a class="elementor-button elementor-button-link elementor-size-sm" href="https://en.wikipedia.org/wiki/Spanish_mythology" target="_blank" rel="noopener">
						<span class="elementor-button-content-wrapper">
									<span class="elementor-button-text">Wiki</span>
					</span>
					</a>
				</div>
								</div>
				</div>
					</div>
		</div>
					</div>
		</section>
				<section class="elementor-section elementor-top-section elementor-element elementor-element-54bb55d0 elementor-section-boxed elementor-section-height-default elementor-section-height-default" data-id="54bb55d0" data-element_type="section" data-e-type="section">
						<div class="elementor-container elementor-column-gap-default">
					<div class="elementor-column elementor-col-100 elementor-top-column elementor-element elementor-element-79a1c61d" data-id="79a1c61d" data-element_type="column" data-e-type="column">
			<div class="elementor-widget-wrap elementor-element-populated">
						<div class="elementor-element elementor-element-6f406af2 elementor-widget elementor-widget-text-editor" data-id="6f406af2" data-element_type="widget" data-e-type="widget" data-widget_type="text-editor.default">
				<div class="elementor-widget-container">
									<p></p>
<p>Los orígenes exactos de la tradición de los Gigantes (els Gegants) son difíciles de identificar y fechar. Sin embargo, las primeras intervenciones de marionetas desproporcionadas con figuras humanoides se remontan a la Edad Media, durante las fiestas cortesanas por toda Europa Occidental. Sus figuras, realizadas en madera, desfilaban y bailaban al son de una melodía única.</p>
<p><img decoding="async" class="alignnone wp-image-5284 size-full" src="https://mythslegendes.com/wp-content/uploads/2020/09/AlphaOmega-e1602613368367.png" alt="Los gigantes gigantes" width="25" height="26" title=""></p>
<div id="ez-toc-container" class="ez-toc-v2_0_82_2 counter-hierarchy ez-toc-counter ez-toc-grey ez-toc-container-direction">
<div class="ez-toc-title-container">
<p class="ez-toc-title" style="cursor:inherit">Contenido</p>
<span class="ez-toc-title-toggle"><a href="#" class="ez-toc-pull-right ez-toc-btn ez-toc-btn-xs ez-toc-btn-default ez-toc-toggle" aria-label="Alternar tabla de contenidos"><span class="ez-toc-js-icon-con"><span class=""><span class="eztoc-hide" style="display:none;">Palanca</span><span class="ez-toc-icon-toggle-span"><svg style="fill: #999;color:#999" xmlns="http://www.w3.org/2000/svg" class="list-377408" width="20px" height="20px" viewbox="0 0 24 24" fill="none"><path d="M6 6H4v2h2V6zm14 0H8v2h12V6zM4 11h2v2H4v-2zm16 0H8v2h12v-2zM4 16h2v2H4v-2zm16 0H8v2h12v-2z" fill="currentColor"></path></svg><svg style="fill: #999;color:#999" class="arrow-unsorted-368013" xmlns="http://www.w3.org/2000/svg" width="10px" height="10px" viewbox="0 0 24 24" version="1.2" baseprofile="tiny"><path d="M18.2 9.3l-6.2-6.3-6.2 6.3c-.2.2-.3.4-.3.7s.1.5.3.7c.2.2.4.3.7.3h11c.3 0 .5-.1.7-.3.2-.2.3-.5.3-.7s-.1-.5-.3-.7zM5.8 14.7l6.2 6.3 6.2-6.3c.2-.2.3-.5.3-.7s-.1-.5-.3-.7c-.2-.2-.4-.3-.7-.3h-11c-.3 0-.5.1-.7.3-.2.2-.3.5-.3.7s.1.5.3.7z"/></svg></span></span></span></a></span></div>
<nav><ul class='ez-toc-list ez-toc-list-level-1' ><li class='ez-toc-page-1 ez-toc-heading-level-2'><a class="ez-toc-link ez-toc-heading-1" href="https://mythslegendes.com/es/mitologia-iberica/los-gigantes/#Les-geants-Gegants" >Los gigantes gigantes</a></li><li class='ez-toc-page-1 ez-toc-heading-level-2'><a class="ez-toc-link ez-toc-heading-2" href="https://mythslegendes.com/es/mitologia-iberica/los-gigantes/#Typologie-des-Geants" >Tipología de gigantes</a></li><li class='ez-toc-page-1 ez-toc-heading-level-2'><a class="ez-toc-link ez-toc-heading-3" href="https://mythslegendes.com/es/mitologia-iberica/los-gigantes/#Fetes-des-geants" >Festivales Gigantes</a></li></ul></nav></div>
<h2><span class="ez-toc-section" id="Les-geants-Gegants"></span>Los gigantes gigantes<span class="ez-toc-section-end"></span></h2>
<p></p>
<p>En el siglo XIV, los Gigantes eran incluidos en las procesiones del Corpus Christi (veneración de la Eucaristía).</p>
<p></p>
<p>La primera aparición de los Gigantes en <a href="https://mythslegendes.com/es/mitologia-iberica/">Cataluña</a> Se remonta al año 1424 (según investigaciones de archivo) en Barcelona. Durante la procesión del Corpus aparecen las figuras de David y Goliat y Sant Cristofol (gigante protector de los viajeros). Su intervención en la procesión permite a la Iglesia hacer accesibles a la multitud las figuras bíblicas. Los Gigantes encarnan entonces una dimensión “educativa”.</p>
<p></p>
<p>A partir de entonces, los desfiles se fueron enriqueciendo con nuevas figuras:<br />– En el siglo XVI vimos la aparición de Gigantas.</p>
<p>– En el siglo XIX eran los “capgrossos”, los cabezudos, figuras con cuerpos de tamaño humano y cabezas desproporcionadamente grandes, quienes aparecían en los desfiles.</p>
<p>– Aún en el siglo XIX, la tradición de los Gigantes traspasó el marco de la procesión religiosa y pasó a formar parte integral de las fiestas y carnavales locales. Es al mismo tiempo que los Gigantes ocupan un lugar cultural importante, donde cada comuna les da una dimensión de identidad local.</p>
<p></p>
<p>En 1902, la ciudad de Barcelona organizó el I “Concurs de gegants nanos i monstros tipichs”, competición de gigantes, enanos y monstruos típicos. La oportunidad para que los pueblos vecinos presenten figuras que simbolicen su identidad. Por tanto, la creación de gigantes se convierte en una iniciativa popular.</p>
<p></p>
<p>El contexto político del siglo XX alteró la tradición de los Gigantes… pero no la hizo desaparecer. Los Gigantes simplemente cambian de cara. Luego se realizan gigantes en la efigie de los Reyes Católicos. Entre 1939 y 1950, bajo el franquismo, los Gigantes desfilaban durante la procesión del Corpus y durante las celebraciones de la Liberación. Tras la caída del régimen de Franco, los Gigantes recuperaron su carácter típico.</p>
<p>La población recupera las figuras olvidadas de las entidades locales y vuelve a hacer Gigantes “en sus colores”. Los Gigantes encarnan entonces personalidades locales más o menos conocidas, o simbolizan una actividad específica del municipio.</p>
<p></p>
<p>En 1984 se creó la asociación de Gigantes de Cataluña (Agrupació De Geganters de Catalunya), que coordina eventos en torno a los Gegants y Capgrossos. Hoy en día existen entre 3.000 y 3.500 Gigantes repartidos por todo el territorio catalán.</p>
<p></p>
<h2 class="wp-block-heading"><span class="ez-toc-section" id="Typologie-des-Geants"></span><strong>Tipología de gigantes</strong><span class="ez-toc-section-end"></span></h2>
<p></p>
<p>¡Cuidado, los Gigantes se clasifican según una tipología muy específica!<br />De hecho, existen diferentes tipos de figuras, con características constructivas o anatómicas muy específicas.</p>
<p></p>
<p>El Gigante tradicional responde a características físicas humanas, excepto el tamaño gigantesco. Es conducido por un piloto dentro de la estructura de madera. Es el símbolo de su comuna y tiene rasgos de reyes o personalidades locales.</p>
<p></p>
<p>El “Gegantet” es un pequeño gigante. Sus proporciones son las mismas que las de un gigante clásico, pero está diseñado para ser llevado por un niño.</p>
<p></p>
<p>El “Gegantó” es más pequeño que el gigante tradicional y más grande que un ser humano. Quizás se habría inventado para facilitar el acceso a determinados eventos con figuras gigantescas, donde los gigantes tradicionales no podían ir (salas de fiestas, patios).<br />El “Gegant de motxilla” es un gigante sin marco ni caballete de madera, que se lleva como una mochila.</p>
<p></p>
<p>Las “manotes Gigantes” se caracterizan por no tener patillas “macizas” y están provistas simplemente de patillas de tela (mangas vacías).</p>
<p></p>
<p>A los gigantes se suman figuras antropomorfas más pequeñas, pero igual de pintorescas. Tienen distintos nombres según las provincias: capgrossos, cabuts, cabecuts, caparrots, nans y nanets. Se caracterizan por su tamaño humano y su cabeza desproporcionada. Su función generalmente es mantener el orden en procesiones y desfiles. Sus intervenciones están hábilmente orquestadas, a menudo por compañías teatrales.</p>
<p></p>
<h2 class="wp-block-heading"><span class="ez-toc-section" id="Fetes-des-geants"></span><strong>Festivales Gigantes</strong><span class="ez-toc-section-end"></span></h2>
<p></p>
<p>Hoy, cada oportunidad es buena para que los Gigantes se muevan. Carnavales, Festes Majores (Fiestas de los Santos Patronos), procesiones y mercados cobran vida con la presencia de figuras gigantes. La Agrupació De Geganters de Catalunya también publica cada año un calendario mundial gigante (que se puede encontrar en gegants.cat).</p>
<p></p>
<p>Los pegamentos nunca viajan sin su orquesta asignada (cobla), porque la música y la danza son inseparables del desfile de gigantes. Nos encontramos así con los instrumentos típicos de una cobla catalana: el “flabiol”, el pandereta, la “gralla”, la “dolçaina” y la percusión tradicional.</p>
<p></p>								</div>
				</div>
					</div>
		</div>
					</div>
		</section>
				</div>

<p>Wiki Mitología Ibérica Los orígenes exactos de la tradición de los Gigantes (els Gegants) son difíciles de identificar y datar. Sin embargo, el… </p>
