{"id":2339,"date":"2020-07-10T20:33:39","date_gmt":"2020-07-10T19:33:39","guid":{"rendered":"https:\/\/mythslegendes.com\/?page_id=2339"},"modified":"2022-12-03T22:07:08","modified_gmt":"2022-12-03T22:07:08","slug":"les-simiots","status":"publish","type":"page","link":"https:\/\/mythslegendes.com\/es\/mitologia-iberica\/les-simiots\/","title":{"rendered":"los simiotas"},"content":{"rendered":"<div data-elementor-type=\"wp-page\" data-elementor-id=\"2339\" class=\"elementor elementor-2339\">\n\t\t\t\t\t\t<section class=\"elementor-section elementor-top-section elementor-element elementor-element-e02c8ed elementor-section-boxed elementor-section-height-default elementor-section-height-default\" data-id=\"e02c8ed\" data-element_type=\"section\" data-e-type=\"section\">\n\t\t\t\t\t\t<div class=\"elementor-container elementor-column-gap-default\">\n\t\t\t\t\t<div class=\"elementor-column elementor-col-50 elementor-top-column elementor-element elementor-element-bc52eef\" data-id=\"bc52eef\" data-element_type=\"column\" data-e-type=\"column\">\n\t\t\t<div class=\"elementor-widget-wrap elementor-element-populated\">\n\t\t\t\t\t\t<div class=\"elementor-element elementor-element-bf0c37c elementor-align-justify elementor-widget elementor-widget-button\" data-id=\"bf0c37c\" data-element_type=\"widget\" data-e-type=\"widget\" data-widget_type=\"button.default\">\n\t\t\t\t<div class=\"elementor-widget-container\">\n\t\t\t\t\t\t\t\t\t<div class=\"elementor-button-wrapper\">\n\t\t\t\t\t<a class=\"elementor-button elementor-button-link elementor-size-sm\" href=\"https:\/\/mythslegendes.com\/es\/mitologia-iberica\/\">\n\t\t\t\t\t\t<span class=\"elementor-button-content-wrapper\">\n\t\t\t\t\t\t\t\t\t<span class=\"elementor-button-text\">Mitolog\u00eda ib\u00e9rica<\/span>\n\t\t\t\t\t<\/span>\n\t\t\t\t\t<\/a>\n\t\t\t\t<\/div>\n\t\t\t\t\t\t\t\t<\/div>\n\t\t\t\t<\/div>\n\t\t\t\t\t<\/div>\n\t\t<\/div>\n\t\t\t\t<div class=\"elementor-column elementor-col-50 elementor-top-column elementor-element elementor-element-f80bc41\" data-id=\"f80bc41\" data-element_type=\"column\" data-e-type=\"column\">\n\t\t\t<div class=\"elementor-widget-wrap elementor-element-populated\">\n\t\t\t\t\t\t<div class=\"elementor-element elementor-element-855bad1 elementor-align-justify elementor-widget elementor-widget-button\" data-id=\"855bad1\" data-element_type=\"widget\" data-e-type=\"widget\" data-widget_type=\"button.default\">\n\t\t\t\t<div class=\"elementor-widget-container\">\n\t\t\t\t\t\t\t\t\t<div class=\"elementor-button-wrapper\">\n\t\t\t\t\t<a class=\"elementor-button elementor-button-link elementor-size-sm\" href=\"https:\/\/en.wikipedia.org\/wiki\/Spanish_mythology\" target=\"_blank\" rel=\"noopener\">\n\t\t\t\t\t\t<span class=\"elementor-button-content-wrapper\">\n\t\t\t\t\t\t\t\t\t<span class=\"elementor-button-text\">Wiki<\/span>\n\t\t\t\t\t<\/span>\n\t\t\t\t\t<\/a>\n\t\t\t\t<\/div>\n\t\t\t\t\t\t\t\t<\/div>\n\t\t\t\t<\/div>\n\t\t\t\t\t<\/div>\n\t\t<\/div>\n\t\t\t\t\t<\/div>\n\t\t<\/section>\n\t\t\t\t<section class=\"elementor-section elementor-top-section elementor-element elementor-element-57e57c8b elementor-section-boxed elementor-section-height-default elementor-section-height-default\" data-id=\"57e57c8b\" data-element_type=\"section\" data-e-type=\"section\">\n\t\t\t\t\t\t<div class=\"elementor-container elementor-column-gap-default\">\n\t\t\t\t\t<div class=\"elementor-column elementor-col-100 elementor-top-column elementor-element elementor-element-66acf2f6\" data-id=\"66acf2f6\" data-element_type=\"column\" data-e-type=\"column\">\n\t\t\t<div class=\"elementor-widget-wrap elementor-element-populated\">\n\t\t\t\t\t\t<div class=\"elementor-element elementor-element-5cafefd1 elementor-widget elementor-widget-text-editor\" data-id=\"5cafefd1\" data-element_type=\"widget\" data-e-type=\"widget\" data-widget_type=\"text-editor.default\">\n\t\t\t\t<div class=\"elementor-widget-container\">\n\t\t\t\t\t\t\t\t\t\n<p>Se trata de una cr\u00f3nica del siglo XVII que arroja luz sobre los Simiotas. Se trata de seres malignos que vivieron durante un tiempo en Vallespir. Aqu\u00ed est\u00e1 el texto de esta historia tal como todav\u00eda podemos leerlo.<\/p>\n<p><img decoding=\"async\" class=\"alignnone wp-image-5284 size-full\" src=\"https:\/\/mythslegendes.com\/wp-content\/uploads\/2020\/09\/AlphaOmega-e1602613368367.png\" alt=\"los simiotas\" width=\"25\" height=\"26\" title=\"\"><\/p>\n<div id=\"ez-toc-container\" class=\"ez-toc-v2_0_82_2 counter-hierarchy ez-toc-counter ez-toc-grey ez-toc-container-direction\">\n<div class=\"ez-toc-title-container\">\n<p class=\"ez-toc-title\" style=\"cursor:inherit\">Contenido<\/p>\n<span class=\"ez-toc-title-toggle\"><a href=\"#\" class=\"ez-toc-pull-right ez-toc-btn ez-toc-btn-xs ez-toc-btn-default ez-toc-toggle\" aria-label=\"Alternar tabla de contenidos\"><span class=\"ez-toc-js-icon-con\"><span class=\"\"><span class=\"eztoc-hide\" style=\"display:none;\">Palanca<\/span><span class=\"ez-toc-icon-toggle-span\"><svg style=\"fill: #999;color:#999\" xmlns=\"http:\/\/www.w3.org\/2000\/svg\" class=\"list-377408\" width=\"20px\" height=\"20px\" viewbox=\"0 0 24 24\" fill=\"none\"><path d=\"M6 6H4v2h2V6zm14 0H8v2h12V6zM4 11h2v2H4v-2zm16 0H8v2h12v-2zM4 16h2v2H4v-2zm16 0H8v2h12v-2z\" fill=\"currentColor\"><\/path><\/svg><svg style=\"fill: #999;color:#999\" class=\"arrow-unsorted-368013\" xmlns=\"http:\/\/www.w3.org\/2000\/svg\" width=\"10px\" height=\"10px\" viewbox=\"0 0 24 24\" version=\"1.2\" baseprofile=\"tiny\"><path d=\"M18.2 9.3l-6.2-6.3-6.2 6.3c-.2.2-.3.4-.3.7s.1.5.3.7c.2.2.4.3.7.3h11c.3 0 .5-.1.7-.3.2-.2.3-.5.3-.7s-.1-.5-.3-.7zM5.8 14.7l6.2 6.3 6.2-6.3c.2-.2.3-.5.3-.7s-.1-.5-.3-.7c-.2-.2-.4-.3-.7-.3h-11c-.3 0-.5.1-.7.3-.2.2-.3.5-.3.7s.1.5.3.7z\"\/><\/svg><\/span><\/span><\/span><\/a><\/span><\/div>\n<nav><ul class='ez-toc-list ez-toc-list-level-1' ><li class='ez-toc-page-1 ez-toc-heading-level-2'><a class=\"ez-toc-link ez-toc-heading-1\" href=\"https:\/\/mythslegendes.com\/es\/mitologia-iberica\/les-simiots\/#Les-Simiots\" >los simiotas<\/a><\/li><\/ul><\/nav><\/div>\n<h2><span class=\"ez-toc-section\" id=\"Les-Simiots\"><\/span>los simiotas<span class=\"ez-toc-section-end\"><\/span><\/h2>\n\n<p>\u201cDebes saber que hay en medio de Arles, en un valle atravesado por el r\u00edo llamado Tech por los habitantes, en el condado de Rosell\u00f3n, en el territorio de Vallespir, en la di\u00f3cesis de Elna, un monasterio de monjes benedictinos de la Orden de Cluny. Ahora bien, hubo un largo per\u00edodo durante el cual estallaron terribles granizadas en el momento en que las cosechas iban a recompensar el duro trabajo de los campesinos: en los vi\u00f1edos no quedaban ni hojas ni frutos y en los campos s\u00f3lo paja sin grano.<\/p>\n\n<p>Pero, lo que era peor, la regi\u00f3n no s\u00f3lo estaba sometida al azote de devastadoras granizadas, sino que estaba infestada d\u00eda y noche de animales malignos, entre ellos bestias feroces bastante parecidas a los gatos e incluso a monos que, sin temor al hombre, entraban en las casas. , sac\u00f3 a los ni\u00f1os de sus cunas, los asfixi\u00f3 y se los llev\u00f3 para devorarlos. Todos los habitantes de la regi\u00f3n, tanto monjes como laicos, quedaron consternados.<\/p>\n\n<p>Celebramos una reuni\u00f3n para ver qu\u00e9 ser\u00eda bueno hacer. Hab\u00eda entonces en el monasterio un tal abad Arnulfe, hombre de vida santa y de buenas costumbres, adornado de virtudes, humilde, piadoso y lleno de sabidur\u00eda. (\u2026) El Santo Abad se dijo que todo esto hab\u00eda sucedido por culpa de sus propios pecados y de los habitantes de la regi\u00f3n, el flagelo s\u00f3lo podr\u00eda evitarse con la llegada a este lugar de Arles de las reliquias de algunos santos. \u00bb<\/p>\n\n<p>As\u00ed parti\u00f3 Arnulfo hacia Roma.<\/p>\n\n<p>Hombre bondadoso, obtuvo de Juan XIII importantes reliquias de san Abd\u00f3n y de San Sennen. Pero quiz\u00e1s todav\u00eda quedaba la parte m\u00e1s dif\u00edcil por hacer: traerlos de regreso a Arles on Tech. Para escapar, decidi\u00f3 esconder las reliquias en barriles falsos. Pidi\u00f3 dos barriles con tres compartimentos. Llen\u00f3 de vino las partes superior e inferior y escondi\u00f3 las reliquias en la parte media. Y es gracias a esta estratagema que pudieron llegar sanos y salvos, donde a\u00fan hoy se los puede ver.<\/p>\n\n<p>La historia cuenta que tan pronto como lleg\u00f3 el convoy, los Simiots desaparecieron\u2026 y los <a href=\"https:\/\/mythslegendes.com\/es\/\">leyenda<\/a> \u00a1comenz\u00f3!<\/p>\n\t\t\t\t\t\t\t\t<\/div>\n\t\t\t\t<\/div>\n\t\t\t\t\t<\/div>\n\t\t<\/div>\n\t\t\t\t\t<\/div>\n\t\t<\/section>\n\t\t\t\t<\/div>","protected":false},"excerpt":{"rendered":"<p>Wiki Mitolog\u00eda Ib\u00e9rica Esta es una cr\u00f3nica del siglo XVII que arroja luz sobre los simiotas. Se trata de ser malvado que... <\/p>","protected":false},"author":1,"featured_media":0,"parent":2187,"menu_order":0,"comment_status":"closed","ping_status":"closed","template":"","meta":{"footnotes":""},"class_list":["post-2339","page","type-page","status-publish","hentry"],"amp_enabled":true,"_links":{"self":[{"href":"https:\/\/mythslegendes.com\/es\/wp-json\/wp\/v2\/pages\/2339","targetHints":{"allow":["GET"]}}],"collection":[{"href":"https:\/\/mythslegendes.com\/es\/wp-json\/wp\/v2\/pages"}],"about":[{"href":"https:\/\/mythslegendes.com\/es\/wp-json\/wp\/v2\/types\/page"}],"author":[{"embeddable":true,"href":"https:\/\/mythslegendes.com\/es\/wp-json\/wp\/v2\/users\/1"}],"replies":[{"embeddable":true,"href":"https:\/\/mythslegendes.com\/es\/wp-json\/wp\/v2\/comments?post=2339"}],"version-history":[{"count":1,"href":"https:\/\/mythslegendes.com\/es\/wp-json\/wp\/v2\/pages\/2339\/revisions"}],"predecessor-version":[{"id":24777,"href":"https:\/\/mythslegendes.com\/es\/wp-json\/wp\/v2\/pages\/2339\/revisions\/24777"}],"up":[{"embeddable":true,"href":"https:\/\/mythslegendes.com\/es\/wp-json\/wp\/v2\/pages\/2187"}],"wp:attachment":[{"href":"https:\/\/mythslegendes.com\/es\/wp-json\/wp\/v2\/media?parent=2339"}],"curies":[{"name":"wp","href":"https:\/\/api.w.org\/{rel}","templated":true}]}}

<div data-elementor-type="wp-page" data-elementor-id="2339" class="elementor elementor-2339">
						<section class="elementor-section elementor-top-section elementor-element elementor-element-e02c8ed elementor-section-boxed elementor-section-height-default elementor-section-height-default" data-id="e02c8ed" data-element_type="section" data-e-type="section">
						<div class="elementor-container elementor-column-gap-default">
					<div class="elementor-column elementor-col-50 elementor-top-column elementor-element elementor-element-bc52eef" data-id="bc52eef" data-element_type="column" data-e-type="column">
			<div class="elementor-widget-wrap elementor-element-populated">
						<div class="elementor-element elementor-element-bf0c37c elementor-align-justify elementor-widget elementor-widget-button" data-id="bf0c37c" data-element_type="widget" data-e-type="widget" data-widget_type="button.default">
				<div class="elementor-widget-container">
									<div class="elementor-button-wrapper">
					<a class="elementor-button elementor-button-link elementor-size-sm" href="https://mythslegendes.com/es/mitologia-iberica/">
						<span class="elementor-button-content-wrapper">
									<span class="elementor-button-text">Mitología ibérica</span>
					</span>
					</a>
				</div>
								</div>
				</div>
					</div>
		</div>
				<div class="elementor-column elementor-col-50 elementor-top-column elementor-element elementor-element-f80bc41" data-id="f80bc41" data-element_type="column" data-e-type="column">
			<div class="elementor-widget-wrap elementor-element-populated">
						<div class="elementor-element elementor-element-855bad1 elementor-align-justify elementor-widget elementor-widget-button" data-id="855bad1" data-element_type="widget" data-e-type="widget" data-widget_type="button.default">
				<div class="elementor-widget-container">
									<div class="elementor-button-wrapper">
					<a class="elementor-button elementor-button-link elementor-size-sm" href="https://en.wikipedia.org/wiki/Spanish_mythology" target="_blank" rel="noopener">
						<span class="elementor-button-content-wrapper">
									<span class="elementor-button-text">Wiki</span>
					</span>
					</a>
				</div>
								</div>
				</div>
					</div>
		</div>
					</div>
		</section>
				<section class="elementor-section elementor-top-section elementor-element elementor-element-57e57c8b elementor-section-boxed elementor-section-height-default elementor-section-height-default" data-id="57e57c8b" data-element_type="section" data-e-type="section">
						<div class="elementor-container elementor-column-gap-default">
					<div class="elementor-column elementor-col-100 elementor-top-column elementor-element elementor-element-66acf2f6" data-id="66acf2f6" data-element_type="column" data-e-type="column">
			<div class="elementor-widget-wrap elementor-element-populated">
						<div class="elementor-element elementor-element-5cafefd1 elementor-widget elementor-widget-text-editor" data-id="5cafefd1" data-element_type="widget" data-e-type="widget" data-widget_type="text-editor.default">
				<div class="elementor-widget-container">
									
<p>Se trata de una crónica del siglo XVII que arroja luz sobre los Simiotas. Se trata de seres malignos que vivieron durante un tiempo en Vallespir. Aquí está el texto de esta historia tal como todavía podemos leerlo.</p>
<p><img decoding="async" class="alignnone wp-image-5284 size-full" src="https://mythslegendes.com/wp-content/uploads/2020/09/AlphaOmega-e1602613368367.png" alt="los simiotas" width="25" height="26" title=""></p>
<div id="ez-toc-container" class="ez-toc-v2_0_82_2 counter-hierarchy ez-toc-counter ez-toc-grey ez-toc-container-direction">
<div class="ez-toc-title-container">
<p class="ez-toc-title" style="cursor:inherit">Contenido</p>
<span class="ez-toc-title-toggle"><a href="#" class="ez-toc-pull-right ez-toc-btn ez-toc-btn-xs ez-toc-btn-default ez-toc-toggle" aria-label="Alternar tabla de contenidos"><span class="ez-toc-js-icon-con"><span class=""><span class="eztoc-hide" style="display:none;">Palanca</span><span class="ez-toc-icon-toggle-span"><svg style="fill: #999;color:#999" xmlns="http://www.w3.org/2000/svg" class="list-377408" width="20px" height="20px" viewbox="0 0 24 24" fill="none"><path d="M6 6H4v2h2V6zm14 0H8v2h12V6zM4 11h2v2H4v-2zm16 0H8v2h12v-2zM4 16h2v2H4v-2zm16 0H8v2h12v-2z" fill="currentColor"></path></svg><svg style="fill: #999;color:#999" class="arrow-unsorted-368013" xmlns="http://www.w3.org/2000/svg" width="10px" height="10px" viewbox="0 0 24 24" version="1.2" baseprofile="tiny"><path d="M18.2 9.3l-6.2-6.3-6.2 6.3c-.2.2-.3.4-.3.7s.1.5.3.7c.2.2.4.3.7.3h11c.3 0 .5-.1.7-.3.2-.2.3-.5.3-.7s-.1-.5-.3-.7zM5.8 14.7l6.2 6.3 6.2-6.3c.2-.2.3-.5.3-.7s-.1-.5-.3-.7c-.2-.2-.4-.3-.7-.3h-11c-.3 0-.5.1-.7.3-.2.2-.3.5-.3.7s.1.5.3.7z"/></svg></span></span></span></a></span></div>
<nav><ul class='ez-toc-list ez-toc-list-level-1' ><li class='ez-toc-page-1 ez-toc-heading-level-2'><a class="ez-toc-link ez-toc-heading-1" href="https://mythslegendes.com/es/mitologia-iberica/les-simiots/#Les-Simiots" >los simiotas</a></li></ul></nav></div>
<h2><span class="ez-toc-section" id="Les-Simiots"></span>los simiotas<span class="ez-toc-section-end"></span></h2>

<p>“Debes saber que hay en medio de Arles, en un valle atravesado por el río llamado Tech por los habitantes, en el condado de Rosellón, en el territorio de Vallespir, en la diócesis de Elna, un monasterio de monjes benedictinos de la Orden de Cluny. Ahora bien, hubo un largo período durante el cual estallaron terribles granizadas en el momento en que las cosechas iban a recompensar el duro trabajo de los campesinos: en los viñedos no quedaban ni hojas ni frutos y en los campos sólo paja sin grano.</p>

<p>Pero, lo que era peor, la región no sólo estaba sometida al azote de devastadoras granizadas, sino que estaba infestada día y noche de animales malignos, entre ellos bestias feroces bastante parecidas a los gatos e incluso a monos que, sin temor al hombre, entraban en las casas. , sacó a los niños de sus cunas, los asfixió y se los llevó para devorarlos. Todos los habitantes de la región, tanto monjes como laicos, quedaron consternados.</p>

<p>Celebramos una reunión para ver qué sería bueno hacer. Había entonces en el monasterio un tal abad Arnulfe, hombre de vida santa y de buenas costumbres, adornado de virtudes, humilde, piadoso y lleno de sabiduría. (…) El Santo Abad se dijo que todo esto había sucedido por culpa de sus propios pecados y de los habitantes de la región, el flagelo sólo podría evitarse con la llegada a este lugar de Arles de las reliquias de algunos santos. »</p>

<p>Así partió Arnulfo hacia Roma.</p>

<p>Hombre bondadoso, obtuvo de Juan XIII importantes reliquias de san Abdón y de San Sennen. Pero quizás todavía quedaba la parte más difícil por hacer: traerlos de regreso a Arles on Tech. Para escapar, decidió esconder las reliquias en barriles falsos. Pidió dos barriles con tres compartimentos. Llenó de vino las partes superior e inferior y escondió las reliquias en la parte media. Y es gracias a esta estratagema que pudieron llegar sanos y salvos, donde aún hoy se los puede ver.</p>

<p>La historia cuenta que tan pronto como llegó el convoy, los Simiots desaparecieron… y los <a href="https://mythslegendes.com/es/">leyenda</a> ¡comenzó!</p>
								</div>
				</div>
					</div>
		</div>
					</div>
		</section>
				</div>

<p>Wiki Mitología Ibérica Esta es una crónica del siglo XVII que arroja luz sobre los simiotas. Se trata de ser malvado que... </p>
