{"id":2447,"date":"2020-07-11T14:56:53","date_gmt":"2020-07-11T13:56:53","guid":{"rendered":"https:\/\/mythslegendes.com\/?page_id=2447"},"modified":"2022-12-03T22:07:09","modified_gmt":"2022-12-03T22:07:09","slug":"le-songe-du-pastoureau","status":"publish","type":"page","link":"https:\/\/mythslegendes.com\/es\/mitologia-iberica\/el-sueno-del-pastor\/","title":{"rendered":"El sue\u00f1o del Pastoureau"},"content":{"rendered":"<div data-elementor-type=\"wp-page\" data-elementor-id=\"2447\" class=\"elementor elementor-2447\">\n\t\t\t\t\t\t<section class=\"elementor-section elementor-top-section elementor-element elementor-element-2a5d6c1 elementor-section-boxed elementor-section-height-default elementor-section-height-default\" data-id=\"2a5d6c1\" data-element_type=\"section\" data-e-type=\"section\">\n\t\t\t\t\t\t<div class=\"elementor-container elementor-column-gap-default\">\n\t\t\t\t\t<div class=\"elementor-column elementor-col-50 elementor-top-column elementor-element elementor-element-b86cbe5\" data-id=\"b86cbe5\" data-element_type=\"column\" data-e-type=\"column\">\n\t\t\t<div class=\"elementor-widget-wrap elementor-element-populated\">\n\t\t\t\t\t\t<div class=\"elementor-element elementor-element-409eed1 elementor-align-justify elementor-widget elementor-widget-button\" data-id=\"409eed1\" data-element_type=\"widget\" data-e-type=\"widget\" data-widget_type=\"button.default\">\n\t\t\t\t<div class=\"elementor-widget-container\">\n\t\t\t\t\t\t\t\t\t<div class=\"elementor-button-wrapper\">\n\t\t\t\t\t<a class=\"elementor-button elementor-button-link elementor-size-sm\" href=\"https:\/\/mythslegendes.com\/es\/mitologia-iberica\/\">\n\t\t\t\t\t\t<span class=\"elementor-button-content-wrapper\">\n\t\t\t\t\t\t\t\t\t<span class=\"elementor-button-text\">Mitolog\u00eda ib\u00e9rica<\/span>\n\t\t\t\t\t<\/span>\n\t\t\t\t\t<\/a>\n\t\t\t\t<\/div>\n\t\t\t\t\t\t\t\t<\/div>\n\t\t\t\t<\/div>\n\t\t\t\t\t<\/div>\n\t\t<\/div>\n\t\t\t\t<div class=\"elementor-column elementor-col-50 elementor-top-column elementor-element elementor-element-d09c24a\" data-id=\"d09c24a\" data-element_type=\"column\" data-e-type=\"column\">\n\t\t\t<div class=\"elementor-widget-wrap elementor-element-populated\">\n\t\t\t\t\t\t<div class=\"elementor-element elementor-element-e02b025 elementor-align-justify elementor-widget elementor-widget-button\" data-id=\"e02b025\" data-element_type=\"widget\" data-e-type=\"widget\" data-widget_type=\"button.default\">\n\t\t\t\t<div class=\"elementor-widget-container\">\n\t\t\t\t\t\t\t\t\t<div class=\"elementor-button-wrapper\">\n\t\t\t\t\t<a class=\"elementor-button elementor-button-link elementor-size-sm\" href=\"https:\/\/en.wikipedia.org\/wiki\/Spanish_mythology\" target=\"_blank\" rel=\"noopener\">\n\t\t\t\t\t\t<span class=\"elementor-button-content-wrapper\">\n\t\t\t\t\t\t\t\t\t<span class=\"elementor-button-text\">Wiki<\/span>\n\t\t\t\t\t<\/span>\n\t\t\t\t\t<\/a>\n\t\t\t\t<\/div>\n\t\t\t\t\t\t\t\t<\/div>\n\t\t\t\t<\/div>\n\t\t\t\t\t<\/div>\n\t\t<\/div>\n\t\t\t\t\t<\/div>\n\t\t<\/section>\n\t\t\t\t<section class=\"elementor-section elementor-top-section elementor-element elementor-element-16131a7b elementor-section-boxed elementor-section-height-default elementor-section-height-default\" data-id=\"16131a7b\" data-element_type=\"section\" data-e-type=\"section\">\n\t\t\t\t\t\t<div class=\"elementor-container elementor-column-gap-default\">\n\t\t\t\t\t<div class=\"elementor-column elementor-col-100 elementor-top-column elementor-element elementor-element-2cfe9e47\" data-id=\"2cfe9e47\" data-element_type=\"column\" data-e-type=\"column\">\n\t\t\t<div class=\"elementor-widget-wrap elementor-element-populated\">\n\t\t\t\t\t\t<div class=\"elementor-element elementor-element-301ff187 elementor-widget elementor-widget-text-editor\" data-id=\"301ff187\" data-element_type=\"widget\" data-e-type=\"widget\" data-widget_type=\"text-editor.default\">\n\t\t\t\t<div class=\"elementor-widget-container\">\n\t\t\t\t\t\t\t\t\t<p><\/p>\n<p>Esta es la historia del sue\u00f1o del pastor. Un joven pastor, Ram\u00f3n, amaba a una pastora rolliza; todas las ma\u00f1anas dejaba a Sahorre al frente de su reba\u00f1o, escoltado por un perro vigilante, y se dirig\u00eda hacia los pastos del Canig\u00f3. A menudo se quedaba dormido al pie de un \u00e1rbol, pensando en su prometida, dejando con confianza sus ovejas al cuidado de su mast\u00edn.<\/p>\n<p><img decoding=\"async\" class=\"alignnone wp-image-5284 size-full\" src=\"https:\/\/mythslegendes.com\/wp-content\/uploads\/2020\/09\/AlphaOmega-e1602613368367.png\" alt=\"El sue\u00f1o del pastor.\" width=\"25\" height=\"26\" title=\"\"><\/p>\n<div id=\"ez-toc-container\" class=\"ez-toc-v2_0_82_2 counter-hierarchy ez-toc-counter ez-toc-grey ez-toc-container-direction\">\n<div class=\"ez-toc-title-container\">\n<p class=\"ez-toc-title\" style=\"cursor:inherit\">Contenido<\/p>\n<span class=\"ez-toc-title-toggle\"><a href=\"#\" class=\"ez-toc-pull-right ez-toc-btn ez-toc-btn-xs ez-toc-btn-default ez-toc-toggle\" aria-label=\"Alternar tabla de contenidos\"><span class=\"ez-toc-js-icon-con\"><span class=\"\"><span class=\"eztoc-hide\" style=\"display:none;\">Palanca<\/span><span class=\"ez-toc-icon-toggle-span\"><svg style=\"fill: #999;color:#999\" xmlns=\"http:\/\/www.w3.org\/2000\/svg\" class=\"list-377408\" width=\"20px\" height=\"20px\" viewbox=\"0 0 24 24\" fill=\"none\"><path d=\"M6 6H4v2h2V6zm14 0H8v2h12V6zM4 11h2v2H4v-2zm16 0H8v2h12v-2zM4 16h2v2H4v-2zm16 0H8v2h12v-2z\" fill=\"currentColor\"><\/path><\/svg><svg style=\"fill: #999;color:#999\" class=\"arrow-unsorted-368013\" xmlns=\"http:\/\/www.w3.org\/2000\/svg\" width=\"10px\" height=\"10px\" viewbox=\"0 0 24 24\" version=\"1.2\" baseprofile=\"tiny\"><path d=\"M18.2 9.3l-6.2-6.3-6.2 6.3c-.2.2-.3.4-.3.7s.1.5.3.7c.2.2.4.3.7.3h11c.3 0 .5-.1.7-.3.2-.2.3-.5.3-.7s-.1-.5-.3-.7zM5.8 14.7l6.2 6.3 6.2-6.3c.2-.2.3-.5.3-.7s-.1-.5-.3-.7c-.2-.2-.4-.3-.7-.3h-11c-.3 0-.5.1-.7.3-.2.2-.3.5-.3.7s.1.5.3.7z\"\/><\/svg><\/span><\/span><\/span><\/a><\/span><\/div>\n<nav><ul class='ez-toc-list ez-toc-list-level-1' ><li class='ez-toc-page-1 ez-toc-heading-level-2'><a class=\"ez-toc-link ez-toc-heading-1\" href=\"https:\/\/mythslegendes.com\/es\/mitologia-iberica\/el-sueno-del-pastor\/#Le-songe-du-pastoureau\" >El sue\u00f1o del pastor.<\/a><\/li><\/ul><\/nav><\/div>\n<h2><span class=\"ez-toc-section\" id=\"Le-songe-du-pastoureau\"><\/span>El sue\u00f1o del pastor.<span class=\"ez-toc-section-end\"><\/span><\/h2>\n<p>Ahora bien, un d\u00eda en que estaba sumergido en una dulce modorra, pas\u00f3 una hermosa joven, vestida toda de blanco, que se detuvo frente a \u00e9l para mirarlo; La visi\u00f3n divina desapareci\u00f3 cuando Ram\u00f3n despert\u00f3 con los ladridos de su perro.<\/p>\n<p><\/p>\n<p>El pastor se pas\u00f3 la mano por los ojos como para ahuyentar una terrible pesadilla y ordenar sus vagos pensamientos. De repente record\u00f3 haber so\u00f1ado que un abismo lleno de hielo lo separaba de V\u00e9ronique, su amada, y que \u00e9l mismo ca\u00eda al fondo de un precipicio por haber querido acercarse a ella. El fr\u00edo y los gritos de V\u00e9ronique, pens\u00f3, lo hab\u00edan despertado sobresaltado...<\/p>\n<p><\/p>\n<p>Este sue\u00f1o pas\u00f3 como pasan nubes oscuras sobre un cielo despejado y sereno; Ram\u00f3n, sin darle importancia, no se lo confi\u00f3 a nadie.<\/p>\n<p><\/p>\n<p>El domingo siguiente, los sonidos agudos, nasales y arrastrados del flaviol y la prima reunieron a j\u00f3venes y j\u00f3venes en la plaza p\u00fablica de Sahorre. Las pelotas segu\u00edan a las contrapas y las parejas saltaban, revoloteaban, disfrutando de ese ingenuo tiovivo que hace de la pelota una suerte de despecho amoroso, una mimada pastoral.<\/p>\n<p>Ramon y V\u00e9ronique, los dos novios, se entregaron especialmente a este juego de amor que daba al baile un car\u00e1cter tan original como ingenuo y, entre risas alegres, abraz\u00e1ndose tiernamente, se juraron fidelidad eterna.<\/p>\n<p><\/p>\n<p>De repente apareci\u00f3 entre los danzantes una espa\u00f1ola de cabellos oscuros, de rara belleza, que ejecutaba un baile lascivo y gracioso, como en el pa\u00eds de las guitarras y las casta\u00f1uelas. Se form\u00f3 un c\u00edrculo de admiradores a su alrededor, y el extra\u00f1o de cabello color \u00e9bano cautiv\u00f3 a sus numerosos espectadores. El propio Ram\u00f3n qued\u00f3 casi seducido. Pero, tras el baile, las parejas se dispersaron y Ram\u00f3n pensaba volver a casa, cuando apareci\u00f3 a su lado la atractiva espa\u00f1ola.<\/p>\n<p><\/p>\n<p>Tanto y tan bien hizo la divina encantadora, que el pobre pastor, perdidamente enamorado, accedi\u00f3 a seguirla a cualquier parte, a pesar de todo. Y ambos se dirigieron hacia las cumbres nevadas del Canig\u00f3.<\/p>\n<p><\/p>\n<p>Despu\u00e9s de caminar toda la noche, la pareja se detuvo en una cueva para descansar un poco. Pero Ram\u00f3n, desprendi\u00e9ndose de repente de las caricias de su compa\u00f1era, recuper\u00f3 el sentimiento de la realidad: ante sus ojos pas\u00f3 la visi\u00f3n del pasado, la imagen de aquel que hab\u00eda abandonado cobardemente en Sahorre. Crey\u00f3 o\u00edr resonar en sus o\u00eddos las risas burlonas de las j\u00f3venes del pueblo, los sollozos de sus padres y las quejas de su prometida. La espa\u00f1ola redobl\u00f3 sus halagos, intent\u00f3 hacerle olvidar sus primeros amores.<\/p>\n<p><\/p>\n<p>\u2014 \u201cSoy un hada\u201d, admiti\u00f3, \u201cun d\u00eda te vi durmiendo cerca de un \u00e1rbol y te am\u00e9. A partir de entonces no tuve otro pensamiento ni otra meta que complacerte y poseerte. Disfrazado de espa\u00f1ola, logr\u00e9 arrebat\u00e1rselo a tu prometida. Si me amas, qu\u00e9date conmigo y ser\u00e1s el m\u00e1s feliz de los hombres. Pregunta lo que quieras y tus deseos ser\u00e1n concedidos. \u00bb<\/p>\n<p><\/p>\n<p>\u201cQuiero volver a ver a mi prometida y a mi pueblo\u201d, respondi\u00f3 Ram\u00f3n. Prefiero la dulce voz de mi amigo, prefiero el balido lastimero de mis ovejas a todas las riquezas que puedas ofrecerme. \u00bb<\/p>\n<p><\/p>\n<p>En vano el hada intent\u00f3 recuperar el coraz\u00f3n del voluble amante, para mostrar su poder sobrenatural, toc\u00f3 con su pie una campanilla que de repente tom\u00f3 la forma de un clavel y se la ofreci\u00f3 a Ram\u00f3n. El pastor, desde\u00f1oso, rechaz\u00f3 esta flor y r\u00e1pidamente se alej\u00f3 hacia Sahorre.<\/p>\n<p><\/p>\n<p>\u2014 \u201cBueno, ya que me rechazas, maldita sea\u201d, grit\u00f3 el hada desesperada.<\/p>\n<p><\/p>\n<p>E inmediatamente, Ram\u00f3n se transform\u00f3 en una estatua de nieve que el viento derribaba y esparci\u00f3 por los valles. As\u00ed termina, helado, este amante excesivamente ardiente.<\/p>\n<p><\/p>\t\t\t\t\t\t\t\t<\/div>\n\t\t\t\t<\/div>\n\t\t\t\t\t<\/div>\n\t\t<\/div>\n\t\t\t\t\t<\/div>\n\t\t<\/section>\n\t\t\t\t<\/div>","protected":false},"excerpt":{"rendered":"<p>Wiki Mitolog\u00eda Ib\u00e9rica Esta es la historia del sue\u00f1o del pastor. Un pastor joven, Ram\u00f3n, amaba a una pastora rolliza; todas las ma\u00f1anas el... <\/p>","protected":false},"author":1,"featured_media":0,"parent":2187,"menu_order":0,"comment_status":"closed","ping_status":"closed","template":"","meta":{"footnotes":""},"class_list":["post-2447","page","type-page","status-publish","hentry"],"amp_enabled":true,"_links":{"self":[{"href":"https:\/\/mythslegendes.com\/es\/wp-json\/wp\/v2\/pages\/2447","targetHints":{"allow":["GET"]}}],"collection":[{"href":"https:\/\/mythslegendes.com\/es\/wp-json\/wp\/v2\/pages"}],"about":[{"href":"https:\/\/mythslegendes.com\/es\/wp-json\/wp\/v2\/types\/page"}],"author":[{"embeddable":true,"href":"https:\/\/mythslegendes.com\/es\/wp-json\/wp\/v2\/users\/1"}],"replies":[{"embeddable":true,"href":"https:\/\/mythslegendes.com\/es\/wp-json\/wp\/v2\/comments?post=2447"}],"version-history":[{"count":1,"href":"https:\/\/mythslegendes.com\/es\/wp-json\/wp\/v2\/pages\/2447\/revisions"}],"predecessor-version":[{"id":24788,"href":"https:\/\/mythslegendes.com\/es\/wp-json\/wp\/v2\/pages\/2447\/revisions\/24788"}],"up":[{"embeddable":true,"href":"https:\/\/mythslegendes.com\/es\/wp-json\/wp\/v2\/pages\/2187"}],"wp:attachment":[{"href":"https:\/\/mythslegendes.com\/es\/wp-json\/wp\/v2\/media?parent=2447"}],"curies":[{"name":"wp","href":"https:\/\/api.w.org\/{rel}","templated":true}]}}

El sueño del Pastoureau

<div data-elementor-type="wp-page" data-elementor-id="2447" class="elementor elementor-2447">
						<section class="elementor-section elementor-top-section elementor-element elementor-element-2a5d6c1 elementor-section-boxed elementor-section-height-default elementor-section-height-default" data-id="2a5d6c1" data-element_type="section" data-e-type="section">
						<div class="elementor-container elementor-column-gap-default">
					<div class="elementor-column elementor-col-50 elementor-top-column elementor-element elementor-element-b86cbe5" data-id="b86cbe5" data-element_type="column" data-e-type="column">
			<div class="elementor-widget-wrap elementor-element-populated">
						<div class="elementor-element elementor-element-409eed1 elementor-align-justify elementor-widget elementor-widget-button" data-id="409eed1" data-element_type="widget" data-e-type="widget" data-widget_type="button.default">
				<div class="elementor-widget-container">
									<div class="elementor-button-wrapper">
					<a class="elementor-button elementor-button-link elementor-size-sm" href="https://mythslegendes.com/es/mitologia-iberica/">
						<span class="elementor-button-content-wrapper">
									<span class="elementor-button-text">Mitología ibérica</span>
					</span>
					</a>
				</div>
								</div>
				</div>
					</div>
		</div>
				<div class="elementor-column elementor-col-50 elementor-top-column elementor-element elementor-element-d09c24a" data-id="d09c24a" data-element_type="column" data-e-type="column">
			<div class="elementor-widget-wrap elementor-element-populated">
						<div class="elementor-element elementor-element-e02b025 elementor-align-justify elementor-widget elementor-widget-button" data-id="e02b025" data-element_type="widget" data-e-type="widget" data-widget_type="button.default">
				<div class="elementor-widget-container">
									<div class="elementor-button-wrapper">
					<a class="elementor-button elementor-button-link elementor-size-sm" href="https://en.wikipedia.org/wiki/Spanish_mythology" target="_blank" rel="noopener">
						<span class="elementor-button-content-wrapper">
									<span class="elementor-button-text">Wiki</span>
					</span>
					</a>
				</div>
								</div>
				</div>
					</div>
		</div>
					</div>
		</section>
				<section class="elementor-section elementor-top-section elementor-element elementor-element-16131a7b elementor-section-boxed elementor-section-height-default elementor-section-height-default" data-id="16131a7b" data-element_type="section" data-e-type="section">
						<div class="elementor-container elementor-column-gap-default">
					<div class="elementor-column elementor-col-100 elementor-top-column elementor-element elementor-element-2cfe9e47" data-id="2cfe9e47" data-element_type="column" data-e-type="column">
			<div class="elementor-widget-wrap elementor-element-populated">
						<div class="elementor-element elementor-element-301ff187 elementor-widget elementor-widget-text-editor" data-id="301ff187" data-element_type="widget" data-e-type="widget" data-widget_type="text-editor.default">
				<div class="elementor-widget-container">
									<p></p>
<p>Esta es la historia del sueño del pastor. Un joven pastor, Ramón, amaba a una pastora rolliza; todas las mañanas dejaba a Sahorre al frente de su rebaño, escoltado por un perro vigilante, y se dirigía hacia los pastos del Canigó. A menudo se quedaba dormido al pie de un árbol, pensando en su prometida, dejando con confianza sus ovejas al cuidado de su mastín.</p>
<p><img decoding="async" class="alignnone wp-image-5284 size-full" src="https://mythslegendes.com/wp-content/uploads/2020/09/AlphaOmega-e1602613368367.png" alt="El sueño del pastor." width="25" height="26" title=""></p>
<div id="ez-toc-container" class="ez-toc-v2_0_82_2 counter-hierarchy ez-toc-counter ez-toc-grey ez-toc-container-direction">
<div class="ez-toc-title-container">
<p class="ez-toc-title" style="cursor:inherit">Contenido</p>
<span class="ez-toc-title-toggle"><a href="#" class="ez-toc-pull-right ez-toc-btn ez-toc-btn-xs ez-toc-btn-default ez-toc-toggle" aria-label="Alternar tabla de contenidos"><span class="ez-toc-js-icon-con"><span class=""><span class="eztoc-hide" style="display:none;">Palanca</span><span class="ez-toc-icon-toggle-span"><svg style="fill: #999;color:#999" xmlns="http://www.w3.org/2000/svg" class="list-377408" width="20px" height="20px" viewbox="0 0 24 24" fill="none"><path d="M6 6H4v2h2V6zm14 0H8v2h12V6zM4 11h2v2H4v-2zm16 0H8v2h12v-2zM4 16h2v2H4v-2zm16 0H8v2h12v-2z" fill="currentColor"></path></svg><svg style="fill: #999;color:#999" class="arrow-unsorted-368013" xmlns="http://www.w3.org/2000/svg" width="10px" height="10px" viewbox="0 0 24 24" version="1.2" baseprofile="tiny"><path d="M18.2 9.3l-6.2-6.3-6.2 6.3c-.2.2-.3.4-.3.7s.1.5.3.7c.2.2.4.3.7.3h11c.3 0 .5-.1.7-.3.2-.2.3-.5.3-.7s-.1-.5-.3-.7zM5.8 14.7l6.2 6.3 6.2-6.3c.2-.2.3-.5.3-.7s-.1-.5-.3-.7c-.2-.2-.4-.3-.7-.3h-11c-.3 0-.5.1-.7.3-.2.2-.3.5-.3.7s.1.5.3.7z"/></svg></span></span></span></a></span></div>
<nav><ul class='ez-toc-list ez-toc-list-level-1' ><li class='ez-toc-page-1 ez-toc-heading-level-2'><a class="ez-toc-link ez-toc-heading-1" href="https://mythslegendes.com/es/mitologia-iberica/el-sueno-del-pastor/#Le-songe-du-pastoureau" >El sueño del pastor.</a></li></ul></nav></div>
<h2><span class="ez-toc-section" id="Le-songe-du-pastoureau"></span>El sueño del pastor.<span class="ez-toc-section-end"></span></h2>
<p>Ahora bien, un día en que estaba sumergido en una dulce modorra, pasó una hermosa joven, vestida toda de blanco, que se detuvo frente a él para mirarlo; La visión divina desapareció cuando Ramón despertó con los ladridos de su perro.</p>
<p></p>
<p>El pastor se pasó la mano por los ojos como para ahuyentar una terrible pesadilla y ordenar sus vagos pensamientos. De repente recordó haber soñado que un abismo lleno de hielo lo separaba de Véronique, su amada, y que él mismo caía al fondo de un precipicio por haber querido acercarse a ella. El frío y los gritos de Véronique, pensó, lo habían despertado sobresaltado...</p>
<p></p>
<p>Este sueño pasó como pasan nubes oscuras sobre un cielo despejado y sereno; Ramón, sin darle importancia, no se lo confió a nadie.</p>
<p></p>
<p>El domingo siguiente, los sonidos agudos, nasales y arrastrados del flaviol y la prima reunieron a jóvenes y jóvenes en la plaza pública de Sahorre. Las pelotas seguían a las contrapas y las parejas saltaban, revoloteaban, disfrutando de ese ingenuo tiovivo que hace de la pelota una suerte de despecho amoroso, una mimada pastoral.</p>
<p>Ramon y Véronique, los dos novios, se entregaron especialmente a este juego de amor que daba al baile un carácter tan original como ingenuo y, entre risas alegres, abrazándose tiernamente, se juraron fidelidad eterna.</p>
<p></p>
<p>De repente apareció entre los danzantes una española de cabellos oscuros, de rara belleza, que ejecutaba un baile lascivo y gracioso, como en el país de las guitarras y las castañuelas. Se formó un círculo de admiradores a su alrededor, y el extraño de cabello color ébano cautivó a sus numerosos espectadores. El propio Ramón quedó casi seducido. Pero, tras el baile, las parejas se dispersaron y Ramón pensaba volver a casa, cuando apareció a su lado la atractiva española.</p>
<p></p>
<p>Tanto y tan bien hizo la divina encantadora, que el pobre pastor, perdidamente enamorado, accedió a seguirla a cualquier parte, a pesar de todo. Y ambos se dirigieron hacia las cumbres nevadas del Canigó.</p>
<p></p>
<p>Después de caminar toda la noche, la pareja se detuvo en una cueva para descansar un poco. Pero Ramón, desprendiéndose de repente de las caricias de su compañera, recuperó el sentimiento de la realidad: ante sus ojos pasó la visión del pasado, la imagen de aquel que había abandonado cobardemente en Sahorre. Creyó oír resonar en sus oídos las risas burlonas de las jóvenes del pueblo, los sollozos de sus padres y las quejas de su prometida. La española redobló sus halagos, intentó hacerle olvidar sus primeros amores.</p>
<p></p>
<p>— “Soy un hada”, admitió, “un día te vi durmiendo cerca de un árbol y te amé. A partir de entonces no tuve otro pensamiento ni otra meta que complacerte y poseerte. Disfrazado de española, logré arrebatárselo a tu prometida. Si me amas, quédate conmigo y serás el más feliz de los hombres. Pregunta lo que quieras y tus deseos serán concedidos. »</p>
<p></p>
<p>“Quiero volver a ver a mi prometida y a mi pueblo”, respondió Ramón. Prefiero la dulce voz de mi amigo, prefiero el balido lastimero de mis ovejas a todas las riquezas que puedas ofrecerme. »</p>
<p></p>
<p>En vano el hada intentó recuperar el corazón del voluble amante, para mostrar su poder sobrenatural, tocó con su pie una campanilla que de repente tomó la forma de un clavel y se la ofreció a Ramón. El pastor, desdeñoso, rechazó esta flor y rápidamente se alejó hacia Sahorre.</p>
<p></p>
<p>— “Bueno, ya que me rechazas, maldita sea”, gritó el hada desesperada.</p>
<p></p>
<p>E inmediatamente, Ramón se transformó en una estatua de nieve que el viento derribaba y esparció por los valles. Así termina, helado, este amante excesivamente ardiente.</p>
<p></p>								</div>
				</div>
					</div>
		</div>
					</div>
		</section>
				</div>

<p>Wiki Mitología Ibérica Esta es la historia del sueño del pastor. Un pastor joven, Ramón, amaba a una pastora rolliza; todas las mañanas el... </p>
