{"id":2507,"date":"2020-07-12T20:20:55","date_gmt":"2020-07-12T19:20:55","guid":{"rendered":"https:\/\/mythslegendes.com\/?page_id=2507"},"modified":"2022-12-03T22:07:09","modified_gmt":"2022-12-03T22:07:09","slug":"guillaume-de-cabestany","status":"publish","type":"page","link":"https:\/\/mythslegendes.com\/es\/mitologia-iberica\/guillaume-de-cabestany\/","title":{"rendered":"Guillaume de Cabestany"},"content":{"rendered":"<div data-elementor-type=\"wp-page\" data-elementor-id=\"2507\" class=\"elementor elementor-2507\">\n\t\t\t\t\t\t<section class=\"elementor-section elementor-top-section elementor-element elementor-element-b39ef8e elementor-section-boxed elementor-section-height-default elementor-section-height-default\" data-id=\"b39ef8e\" data-element_type=\"section\" data-e-type=\"section\">\n\t\t\t\t\t\t<div class=\"elementor-container elementor-column-gap-default\">\n\t\t\t\t\t<div class=\"elementor-column elementor-col-50 elementor-top-column elementor-element elementor-element-55a9fac\" data-id=\"55a9fac\" data-element_type=\"column\" data-e-type=\"column\">\n\t\t\t<div class=\"elementor-widget-wrap elementor-element-populated\">\n\t\t\t\t\t\t<div class=\"elementor-element elementor-element-4713a0e elementor-align-justify elementor-widget elementor-widget-button\" data-id=\"4713a0e\" data-element_type=\"widget\" data-e-type=\"widget\" data-widget_type=\"button.default\">\n\t\t\t\t<div class=\"elementor-widget-container\">\n\t\t\t\t\t\t\t\t\t<div class=\"elementor-button-wrapper\">\n\t\t\t\t\t<a class=\"elementor-button elementor-button-link elementor-size-sm\" href=\"https:\/\/mythslegendes.com\/es\/mitologia-iberica\/\">\n\t\t\t\t\t\t<span class=\"elementor-button-content-wrapper\">\n\t\t\t\t\t\t\t\t\t<span class=\"elementor-button-text\">Mitolog\u00eda ib\u00e9rica<\/span>\n\t\t\t\t\t<\/span>\n\t\t\t\t\t<\/a>\n\t\t\t\t<\/div>\n\t\t\t\t\t\t\t\t<\/div>\n\t\t\t\t<\/div>\n\t\t\t\t\t<\/div>\n\t\t<\/div>\n\t\t\t\t<div class=\"elementor-column elementor-col-50 elementor-top-column elementor-element elementor-element-5475f8a\" data-id=\"5475f8a\" data-element_type=\"column\" data-e-type=\"column\">\n\t\t\t<div class=\"elementor-widget-wrap elementor-element-populated\">\n\t\t\t\t\t\t<div class=\"elementor-element elementor-element-1c475dc elementor-align-justify elementor-widget elementor-widget-button\" data-id=\"1c475dc\" data-element_type=\"widget\" data-e-type=\"widget\" data-widget_type=\"button.default\">\n\t\t\t\t<div class=\"elementor-widget-container\">\n\t\t\t\t\t\t\t\t\t<div class=\"elementor-button-wrapper\">\n\t\t\t\t\t<a class=\"elementor-button elementor-button-link elementor-size-sm\" href=\"https:\/\/en.wikipedia.org\/wiki\/Spanish_mythology\" target=\"_blank\" rel=\"noopener\">\n\t\t\t\t\t\t<span class=\"elementor-button-content-wrapper\">\n\t\t\t\t\t\t\t\t\t<span class=\"elementor-button-text\">Wiki<\/span>\n\t\t\t\t\t<\/span>\n\t\t\t\t\t<\/a>\n\t\t\t\t<\/div>\n\t\t\t\t\t\t\t\t<\/div>\n\t\t\t\t<\/div>\n\t\t\t\t\t<\/div>\n\t\t<\/div>\n\t\t\t\t\t<\/div>\n\t\t<\/section>\n\t\t\t\t<section class=\"elementor-section elementor-top-section elementor-element elementor-element-65dbf8dd elementor-section-boxed elementor-section-height-default elementor-section-height-default\" data-id=\"65dbf8dd\" data-element_type=\"section\" data-e-type=\"section\">\n\t\t\t\t\t\t<div class=\"elementor-container elementor-column-gap-default\">\n\t\t\t\t\t<div class=\"elementor-column elementor-col-100 elementor-top-column elementor-element elementor-element-4ff3c738\" data-id=\"4ff3c738\" data-element_type=\"column\" data-e-type=\"column\">\n\t\t\t<div class=\"elementor-widget-wrap elementor-element-populated\">\n\t\t\t\t\t\t<div class=\"elementor-element elementor-element-1d871b3c elementor-widget elementor-widget-text-editor\" data-id=\"1d871b3c\" data-element_type=\"widget\" data-e-type=\"widget\" data-widget_type=\"text-editor.default\">\n\t\t\t\t<div class=\"elementor-widget-container\">\n\t\t\t\t\t\t\t\t\t<p><\/p>\n<p>Guillaume de Cabestany fue castellano de Cabestany. Todo un personaje, lo encontramos en 1175 durante la firma del testamento de su padre Arnau. Particip\u00f3 en la Batalla de Las Navas de Tolosa en 1212 contra los sarracenos.<\/p>\n<p><img decoding=\"async\" class=\"alignnone wp-image-5284 size-full\" src=\"https:\/\/mythslegendes.com\/wp-content\/uploads\/2020\/09\/AlphaOmega-e1602613368367.png\" alt=\"Guillaume de Cabestany\" width=\"25\" height=\"26\" title=\"\"><\/p>\n<div id=\"ez-toc-container\" class=\"ez-toc-v2_0_82_2 counter-hierarchy ez-toc-counter ez-toc-grey ez-toc-container-direction\">\n<div class=\"ez-toc-title-container\">\n<p class=\"ez-toc-title\" style=\"cursor:inherit\">Contenido<\/p>\n<span class=\"ez-toc-title-toggle\"><a href=\"#\" class=\"ez-toc-pull-right ez-toc-btn ez-toc-btn-xs ez-toc-btn-default ez-toc-toggle\" aria-label=\"Alternar tabla de contenidos\"><span class=\"ez-toc-js-icon-con\"><span class=\"\"><span class=\"eztoc-hide\" style=\"display:none;\">Palanca<\/span><span class=\"ez-toc-icon-toggle-span\"><svg style=\"fill: #999;color:#999\" xmlns=\"http:\/\/www.w3.org\/2000\/svg\" class=\"list-377408\" width=\"20px\" height=\"20px\" viewbox=\"0 0 24 24\" fill=\"none\"><path d=\"M6 6H4v2h2V6zm14 0H8v2h12V6zM4 11h2v2H4v-2zm16 0H8v2h12v-2zM4 16h2v2H4v-2zm16 0H8v2h12v-2z\" fill=\"currentColor\"><\/path><\/svg><svg style=\"fill: #999;color:#999\" class=\"arrow-unsorted-368013\" xmlns=\"http:\/\/www.w3.org\/2000\/svg\" width=\"10px\" height=\"10px\" viewbox=\"0 0 24 24\" version=\"1.2\" baseprofile=\"tiny\"><path d=\"M18.2 9.3l-6.2-6.3-6.2 6.3c-.2.2-.3.4-.3.7s.1.5.3.7c.2.2.4.3.7.3h11c.3 0 .5-.1.7-.3.2-.2.3-.5.3-.7s-.1-.5-.3-.7zM5.8 14.7l6.2 6.3 6.2-6.3c.2-.2.3-.5.3-.7s-.1-.5-.3-.7c-.2-.2-.4-.3-.7-.3h-11c-.3 0-.5.1-.7.3-.2.2-.3.5-.3.7s.1.5.3.7z\"\/><\/svg><\/span><\/span><\/span><\/a><\/span><\/div>\n<nav><ul class='ez-toc-list ez-toc-list-level-1' ><li class='ez-toc-page-1 ez-toc-heading-level-2'><a class=\"ez-toc-link ez-toc-heading-1\" href=\"https:\/\/mythslegendes.com\/es\/mitologia-iberica\/guillaume-de-cabestany\/#Guillaume-de-Cabestany\" >Guillaume de Cabestany<\/a><\/li><\/ul><\/nav><\/div>\n<h2><span class=\"ez-toc-section\" id=\"Guillaume-de-Cabestany\"><\/span>Guillaume de Cabestany<span class=\"ez-toc-section-end\"><\/span><\/h2>\n<p>Tambi\u00e9n fue poeta, sus poemas a veces se escribieron en occitano:<\/p>\n<p><\/p>\n<p><em>Aissi cum selh que baissa el fuelh,<\/em><\/p>\n<p><\/p>\n<p><em>E tomar de las flores la gensor<\/em><\/p>\n<p><\/p>\n<p><em>(Como quien dobla una rama,<\/em><\/p>\n<p><\/p>\n<p><em>y toma la flor m\u00e1s hermosa)<\/em><\/p>\n<p><\/p>\n<p>Enamorado de Saurimonde, esposa de Raimond de Castell-Rossello, la celebr\u00f3 en sus versos y supo complacerla. El marido, llevado por los celos, se llev\u00f3 a Guillermo lejos del castillo y, habi\u00e9ndolo matado a traici\u00f3n, le arranc\u00f3 el coraz\u00f3n y se lo hizo comer a su mujer.<\/p>\n<p><\/p>\n<p>Cuando le revel\u00f3 el secreto a Saurimonde, este dijo que \u201ceste plato hab\u00eda sido tan bueno y tan sabroso que nadie m\u00e1s le quitar\u00eda el sabor de la boca\u201d. El marido, al o\u00edr esta respuesta, corri\u00f3 a buscar su espada. Saurimonde asustada se precipit\u00f3 desde lo alto de la torre de su castillo y pereci\u00f3 en la ca\u00edda.<\/p>\n<p><\/p>\n<p>El rey Alfonso II de Arag\u00f3n acudi\u00f3 al lugar y mand\u00f3 detener al marido b\u00e1rbaro. Exigi\u00f3 que las dos v\u00edctimas fueran enterradas en la misma tumba frente a la puerta de la iglesia de Saint Jean en Perpi\u00f1\u00e1n.<\/p>\n<p>Se instituy\u00f3 un servicio solemne para el descanso de sus almas, y dur\u00f3 un tiempo en que los caballeros y damas nobles de <a href=\"https:\/\/mythslegendes.com\/es\/mitologia-iberica\/\">Catalu\u00f1a<\/a>, Cerda\u00f1a, Rosell\u00f3n y Narbona asistieron cada a\u00f1o. El rey hizo ejecutar a Raimundo en su prisi\u00f3n y confisc\u00f3 sus castillos y tierras para entreg\u00e1rselos a los padres de Guillaume y Saurimonde.<\/p>\n<p><\/p>\n<p>He aqu\u00ed un extracto de un poema que Guillaume dirigi\u00f3 un d\u00eda a su amada. Obviamente, la traducci\u00f3n es con.<\/p>\n<p><\/p>\n<p><em>en sovinensa<\/em><\/p>\n<p><\/p>\n<p><em>Tenc la cara e&#039;l doltz ris,<\/em><\/p>\n<p><\/p>\n<p><em>Vostra valensa,<\/em><\/p>\n<p><\/p>\n<p><em>E&#039;l belh cors blanc e lis;<\/em><\/p>\n<p><\/p>\n<p><em>Si por crezensa<\/em><\/p>\n<p><\/p>\n<p><em>Estes va dios tan fis,<\/em><\/p>\n<p><\/p>\n<p><em>Vius ses falhensa<\/em><\/p>\n<p><\/p>\n<p><em>entrar\u00e1 en el para\u00edso.<\/em><\/p>\n<p><\/p>\n<p><em>&#8230;&#8230;&#8230;&#8230;&#8230;&#8230;&#8230;&#8230;&#8230;.<\/em><\/p>\n<p><\/p>\n<p><em>Medias, cum seria<\/em><\/p>\n<p><\/p>\n<p><em>Que dios gracias no tengo problemas<\/em><\/p>\n<p><\/p>\n<p><em>Ab tuyo, amigo,<\/em><\/p>\n<p><\/p>\n<p><em>La genser qu&#039;anc nasques;<\/em><\/p>\n<p><\/p>\n<p><em>Que dios nueg e dia,<\/em><\/p>\n<p><\/p>\n<p><em>de genolhs de pes<\/em><\/p>\n<p><\/p>\n<p><em>Santa Mar\u00eda<\/em><\/p>\n<p><\/p>\n<p><em>Prec Vostr&#039;amor mi de;<\/em><\/p>\n<p><\/p>\n<p><em>Que dios huya los ni\u00f1os noyritz<\/em><\/p>\n<p><\/p>\n<p><em>Seg\u00fan tus comas:<\/em><\/p>\n<p><\/p>\n<p><em>Y ja diens no m&#039;enans,<\/em><\/p>\n<p><\/p>\n<p><em>Si alguna vez me veo a m\u00ed mismo, sal de ah\u00ed.<\/em><\/p>\n<p><\/p>\n<p><em>Franca res de bon aire,<\/em><\/p>\n<p><\/p>\n<p><em>Sufre que Dios bese a los guans,<\/em><\/p>\n<p><\/p>\n<p><em>Solo als sui doptans<\/em><\/p>\n<p><\/p>\n<p><em>\u00a0\u00a0\u00a0\u00a0\u00a0Guillem de Cabestanh<\/em><\/p>\n<p><\/p>\t\t\t\t\t\t\t\t<\/div>\n\t\t\t\t<\/div>\n\t\t\t\t\t<\/div>\n\t\t<\/div>\n\t\t\t\t\t<\/div>\n\t\t<\/section>\n\t\t\t\t<\/div>","protected":false},"excerpt":{"rendered":"<p>Mythologie Ib\u00e9rique Wiki Guillaume de Cabestany \u00e9tait ch\u00e2telain de Cabestany. Personnage r\u00e9el, on le trouve en 1175 lors de la &hellip; <\/p>","protected":false},"author":1,"featured_media":0,"parent":2187,"menu_order":0,"comment_status":"closed","ping_status":"closed","template":"","meta":{"footnotes":""},"class_list":["post-2507","page","type-page","status-publish","hentry"],"amp_enabled":true,"_links":{"self":[{"href":"https:\/\/mythslegendes.com\/es\/wp-json\/wp\/v2\/pages\/2507","targetHints":{"allow":["GET"]}}],"collection":[{"href":"https:\/\/mythslegendes.com\/es\/wp-json\/wp\/v2\/pages"}],"about":[{"href":"https:\/\/mythslegendes.com\/es\/wp-json\/wp\/v2\/types\/page"}],"author":[{"embeddable":true,"href":"https:\/\/mythslegendes.com\/es\/wp-json\/wp\/v2\/users\/1"}],"replies":[{"embeddable":true,"href":"https:\/\/mythslegendes.com\/es\/wp-json\/wp\/v2\/comments?post=2507"}],"version-history":[{"count":1,"href":"https:\/\/mythslegendes.com\/es\/wp-json\/wp\/v2\/pages\/2507\/revisions"}],"predecessor-version":[{"id":24794,"href":"https:\/\/mythslegendes.com\/es\/wp-json\/wp\/v2\/pages\/2507\/revisions\/24794"}],"up":[{"embeddable":true,"href":"https:\/\/mythslegendes.com\/es\/wp-json\/wp\/v2\/pages\/2187"}],"wp:attachment":[{"href":"https:\/\/mythslegendes.com\/es\/wp-json\/wp\/v2\/media?parent=2507"}],"curies":[{"name":"wp","href":"https:\/\/api.w.org\/{rel}","templated":true}]}}

<div data-elementor-type="wp-page" data-elementor-id="2507" class="elementor elementor-2507">
						<section class="elementor-section elementor-top-section elementor-element elementor-element-b39ef8e elementor-section-boxed elementor-section-height-default elementor-section-height-default" data-id="b39ef8e" data-element_type="section" data-e-type="section">
						<div class="elementor-container elementor-column-gap-default">
					<div class="elementor-column elementor-col-50 elementor-top-column elementor-element elementor-element-55a9fac" data-id="55a9fac" data-element_type="column" data-e-type="column">
			<div class="elementor-widget-wrap elementor-element-populated">
						<div class="elementor-element elementor-element-4713a0e elementor-align-justify elementor-widget elementor-widget-button" data-id="4713a0e" data-element_type="widget" data-e-type="widget" data-widget_type="button.default">
				<div class="elementor-widget-container">
									<div class="elementor-button-wrapper">
					<a class="elementor-button elementor-button-link elementor-size-sm" href="https://mythslegendes.com/es/mitologia-iberica/">
						<span class="elementor-button-content-wrapper">
									<span class="elementor-button-text">Mitología ibérica</span>
					</span>
					</a>
				</div>
								</div>
				</div>
					</div>
		</div>
				<div class="elementor-column elementor-col-50 elementor-top-column elementor-element elementor-element-5475f8a" data-id="5475f8a" data-element_type="column" data-e-type="column">
			<div class="elementor-widget-wrap elementor-element-populated">
						<div class="elementor-element elementor-element-1c475dc elementor-align-justify elementor-widget elementor-widget-button" data-id="1c475dc" data-element_type="widget" data-e-type="widget" data-widget_type="button.default">
				<div class="elementor-widget-container">
									<div class="elementor-button-wrapper">
					<a class="elementor-button elementor-button-link elementor-size-sm" href="https://en.wikipedia.org/wiki/Spanish_mythology" target="_blank" rel="noopener">
						<span class="elementor-button-content-wrapper">
									<span class="elementor-button-text">Wiki</span>
					</span>
					</a>
				</div>
								</div>
				</div>
					</div>
		</div>
					</div>
		</section>
				<section class="elementor-section elementor-top-section elementor-element elementor-element-65dbf8dd elementor-section-boxed elementor-section-height-default elementor-section-height-default" data-id="65dbf8dd" data-element_type="section" data-e-type="section">
						<div class="elementor-container elementor-column-gap-default">
					<div class="elementor-column elementor-col-100 elementor-top-column elementor-element elementor-element-4ff3c738" data-id="4ff3c738" data-element_type="column" data-e-type="column">
			<div class="elementor-widget-wrap elementor-element-populated">
						<div class="elementor-element elementor-element-1d871b3c elementor-widget elementor-widget-text-editor" data-id="1d871b3c" data-element_type="widget" data-e-type="widget" data-widget_type="text-editor.default">
				<div class="elementor-widget-container">
									<p></p>
<p>Guillaume de Cabestany fue castellano de Cabestany. Todo un personaje, lo encontramos en 1175 durante la firma del testamento de su padre Arnau. Participó en la Batalla de Las Navas de Tolosa en 1212 contra los sarracenos.</p>
<p><img decoding="async" class="alignnone wp-image-5284 size-full" src="https://mythslegendes.com/wp-content/uploads/2020/09/AlphaOmega-e1602613368367.png" alt="Guillaume de Cabestany" width="25" height="26" title=""></p>
<div id="ez-toc-container" class="ez-toc-v2_0_82_2 counter-hierarchy ez-toc-counter ez-toc-grey ez-toc-container-direction">
<div class="ez-toc-title-container">
<p class="ez-toc-title" style="cursor:inherit">Contenido</p>
<span class="ez-toc-title-toggle"><a href="#" class="ez-toc-pull-right ez-toc-btn ez-toc-btn-xs ez-toc-btn-default ez-toc-toggle" aria-label="Alternar tabla de contenidos"><span class="ez-toc-js-icon-con"><span class=""><span class="eztoc-hide" style="display:none;">Palanca</span><span class="ez-toc-icon-toggle-span"><svg style="fill: #999;color:#999" xmlns="http://www.w3.org/2000/svg" class="list-377408" width="20px" height="20px" viewbox="0 0 24 24" fill="none"><path d="M6 6H4v2h2V6zm14 0H8v2h12V6zM4 11h2v2H4v-2zm16 0H8v2h12v-2zM4 16h2v2H4v-2zm16 0H8v2h12v-2z" fill="currentColor"></path></svg><svg style="fill: #999;color:#999" class="arrow-unsorted-368013" xmlns="http://www.w3.org/2000/svg" width="10px" height="10px" viewbox="0 0 24 24" version="1.2" baseprofile="tiny"><path d="M18.2 9.3l-6.2-6.3-6.2 6.3c-.2.2-.3.4-.3.7s.1.5.3.7c.2.2.4.3.7.3h11c.3 0 .5-.1.7-.3.2-.2.3-.5.3-.7s-.1-.5-.3-.7zM5.8 14.7l6.2 6.3 6.2-6.3c.2-.2.3-.5.3-.7s-.1-.5-.3-.7c-.2-.2-.4-.3-.7-.3h-11c-.3 0-.5.1-.7.3-.2.2-.3.5-.3.7s.1.5.3.7z"/></svg></span></span></span></a></span></div>
<nav><ul class='ez-toc-list ez-toc-list-level-1' ><li class='ez-toc-page-1 ez-toc-heading-level-2'><a class="ez-toc-link ez-toc-heading-1" href="https://mythslegendes.com/es/mitologia-iberica/guillaume-de-cabestany/#Guillaume-de-Cabestany" >Guillaume de Cabestany</a></li></ul></nav></div>
<h2><span class="ez-toc-section" id="Guillaume-de-Cabestany"></span>Guillaume de Cabestany<span class="ez-toc-section-end"></span></h2>
<p>También fue poeta, sus poemas a veces se escribieron en occitano:</p>
<p></p>
<p><em>Aissi cum selh que baissa el fuelh,</em></p>
<p></p>
<p><em>E tomar de las flores la gensor</em></p>
<p></p>
<p><em>(Como quien dobla una rama,</em></p>
<p></p>
<p><em>y toma la flor más hermosa)</em></p>
<p></p>
<p>Enamorado de Saurimonde, esposa de Raimond de Castell-Rossello, la celebró en sus versos y supo complacerla. El marido, llevado por los celos, se llevó a Guillermo lejos del castillo y, habiéndolo matado a traición, le arrancó el corazón y se lo hizo comer a su mujer.</p>
<p></p>
<p>Cuando le reveló el secreto a Saurimonde, este dijo que “este plato había sido tan bueno y tan sabroso que nadie más le quitaría el sabor de la boca”. El marido, al oír esta respuesta, corrió a buscar su espada. Saurimonde asustada se precipitó desde lo alto de la torre de su castillo y pereció en la caída.</p>
<p></p>
<p>El rey Alfonso II de Aragón acudió al lugar y mandó detener al marido bárbaro. Exigió que las dos víctimas fueran enterradas en la misma tumba frente a la puerta de la iglesia de Saint Jean en Perpiñán.</p>
<p>Se instituyó un servicio solemne para el descanso de sus almas, y duró un tiempo en que los caballeros y damas nobles de <a href="https://mythslegendes.com/es/mitologia-iberica/">Cataluña</a>, Cerdaña, Rosellón y Narbona asistieron cada año. El rey hizo ejecutar a Raimundo en su prisión y confiscó sus castillos y tierras para entregárselos a los padres de Guillaume y Saurimonde.</p>
<p></p>
<p>He aquí un extracto de un poema que Guillaume dirigió un día a su amada. Obviamente, la traducción es con.</p>
<p></p>
<p><em>en sovinensa</em></p>
<p></p>
<p><em>Tenc la cara e&#039;l doltz ris,</em></p>
<p></p>
<p><em>Vostra valensa,</em></p>
<p></p>
<p><em>E&#039;l belh cors blanc e lis;</em></p>
<p></p>
<p><em>Si por crezensa</em></p>
<p></p>
<p><em>Estes va dios tan fis,</em></p>
<p></p>
<p><em>Vius ses falhensa</em></p>
<p></p>
<p><em>entrará en el paraíso.</em></p>
<p></p>
<p><em>&#8230;&#8230;&#8230;&#8230;&#8230;&#8230;&#8230;&#8230;&#8230;.</em></p>
<p></p>
<p><em>Medias, cum seria</em></p>
<p></p>
<p><em>Que dios gracias no tengo problemas</em></p>
<p></p>
<p><em>Ab tuyo, amigo,</em></p>
<p></p>
<p><em>La genser qu&#039;anc nasques;</em></p>
<p></p>
<p><em>Que dios nueg e dia,</em></p>
<p></p>
<p><em>de genolhs de pes</em></p>
<p></p>
<p><em>Santa María</em></p>
<p></p>
<p><em>Prec Vostr&#039;amor mi de;</em></p>
<p></p>
<p><em>Que dios huya los niños noyritz</em></p>
<p></p>
<p><em>Según tus comas:</em></p>
<p></p>
<p><em>Y ja diens no m&#039;enans,</em></p>
<p></p>
<p><em>Si alguna vez me veo a mí mismo, sal de ahí.</em></p>
<p></p>
<p><em>Franca res de bon aire,</em></p>
<p></p>
<p><em>Sufre que Dios bese a los guans,</em></p>
<p></p>
<p><em>Solo als sui doptans</em></p>
<p></p>
<p><em>     Guillem de Cabestanh</em></p>
<p></p>								</div>
				</div>
					</div>
		</div>
					</div>
		</section>
				</div>

<p>Mythologie Ibérique Wiki Guillaume de Cabestany était châtelain de Cabestany. Personnage réel, on le trouve en 1175 lors de la &hellip; </p>
