{"id":2519,"date":"2020-07-12T20:27:31","date_gmt":"2020-07-12T19:27:31","guid":{"rendered":"https:\/\/mythslegendes.com\/?page_id=2519"},"modified":"2022-12-03T22:07:09","modified_gmt":"2022-12-03T22:07:09","slug":"les-feux-de-saint-jean","status":"publish","type":"page","link":"https:\/\/mythslegendes.com\/es\/mitologia-iberica\/los-fuegos-de-saint-jean\/","title":{"rendered":"Los fuegos de San Juan"},"content":{"rendered":"<div data-elementor-type=\"wp-page\" data-elementor-id=\"2519\" class=\"elementor elementor-2519\">\n\t\t\t\t\t\t<section class=\"elementor-section elementor-top-section elementor-element elementor-element-0f8a72b elementor-section-boxed elementor-section-height-default elementor-section-height-default\" data-id=\"0f8a72b\" data-element_type=\"section\" data-e-type=\"section\">\n\t\t\t\t\t\t<div class=\"elementor-container elementor-column-gap-default\">\n\t\t\t\t\t<div class=\"elementor-column elementor-col-50 elementor-top-column elementor-element elementor-element-2040396\" data-id=\"2040396\" data-element_type=\"column\" data-e-type=\"column\">\n\t\t\t<div class=\"elementor-widget-wrap elementor-element-populated\">\n\t\t\t\t\t\t<div class=\"elementor-element elementor-element-7c7358f elementor-align-justify elementor-widget elementor-widget-button\" data-id=\"7c7358f\" data-element_type=\"widget\" data-e-type=\"widget\" data-widget_type=\"button.default\">\n\t\t\t\t<div class=\"elementor-widget-container\">\n\t\t\t\t\t\t\t\t\t<div class=\"elementor-button-wrapper\">\n\t\t\t\t\t<a class=\"elementor-button elementor-button-link elementor-size-sm\" href=\"https:\/\/mythslegendes.com\/es\/mitologia-iberica\/\">\n\t\t\t\t\t\t<span class=\"elementor-button-content-wrapper\">\n\t\t\t\t\t\t\t\t\t<span class=\"elementor-button-text\">Mitolog\u00eda ib\u00e9rica<\/span>\n\t\t\t\t\t<\/span>\n\t\t\t\t\t<\/a>\n\t\t\t\t<\/div>\n\t\t\t\t\t\t\t\t<\/div>\n\t\t\t\t<\/div>\n\t\t\t\t\t<\/div>\n\t\t<\/div>\n\t\t\t\t<div class=\"elementor-column elementor-col-50 elementor-top-column elementor-element elementor-element-cf9fe8a\" data-id=\"cf9fe8a\" data-element_type=\"column\" data-e-type=\"column\">\n\t\t\t<div class=\"elementor-widget-wrap elementor-element-populated\">\n\t\t\t\t\t\t<div class=\"elementor-element elementor-element-b037d28 elementor-align-justify elementor-widget elementor-widget-button\" data-id=\"b037d28\" data-element_type=\"widget\" data-e-type=\"widget\" data-widget_type=\"button.default\">\n\t\t\t\t<div class=\"elementor-widget-container\">\n\t\t\t\t\t\t\t\t\t<div class=\"elementor-button-wrapper\">\n\t\t\t\t\t<a class=\"elementor-button elementor-button-link elementor-size-sm\" href=\"https:\/\/en.wikipedia.org\/wiki\/Spanish_mythology\" target=\"_blank\" rel=\"noopener\">\n\t\t\t\t\t\t<span class=\"elementor-button-content-wrapper\">\n\t\t\t\t\t\t\t\t\t<span class=\"elementor-button-text\">Wiki<\/span>\n\t\t\t\t\t<\/span>\n\t\t\t\t\t<\/a>\n\t\t\t\t<\/div>\n\t\t\t\t\t\t\t\t<\/div>\n\t\t\t\t<\/div>\n\t\t\t\t\t<\/div>\n\t\t<\/div>\n\t\t\t\t\t<\/div>\n\t\t<\/section>\n\t\t\t\t<section class=\"elementor-section elementor-top-section elementor-element elementor-element-16866f60 elementor-section-boxed elementor-section-height-default elementor-section-height-default\" data-id=\"16866f60\" data-element_type=\"section\" data-e-type=\"section\">\n\t\t\t\t\t\t<div class=\"elementor-container elementor-column-gap-default\">\n\t\t\t\t\t<div class=\"elementor-column elementor-col-100 elementor-top-column elementor-element elementor-element-41120b13\" data-id=\"41120b13\" data-element_type=\"column\" data-e-type=\"column\">\n\t\t\t<div class=\"elementor-widget-wrap elementor-element-populated\">\n\t\t\t\t\t\t<div class=\"elementor-element elementor-element-93c709e elementor-widget elementor-widget-text-editor\" data-id=\"93c709e\" data-element_type=\"widget\" data-e-type=\"widget\" data-widget_type=\"text-editor.default\">\n\t\t\t\t<div class=\"elementor-widget-container\">\n\t\t\t\t\t\t\t\t\t<p><\/p>\n<p>En el Rosell\u00f3n es costumbre encender grandes hogueras en lugares p\u00fablicos y en las monta\u00f1as en v\u00edsperas de San Juan (en la tarde del 23 al 24 de junio). Se les llama los fuegos de San Juan. Pero lo que caracteriza a San Juan es el encuentro de la \u201cadivinaci\u00f3n\u201d.<\/p>\n<p><img decoding=\"async\" class=\"alignnone wp-image-5284 size-full\" src=\"https:\/\/mythslegendes.com\/wp-content\/uploads\/2020\/09\/AlphaOmega-e1602613368367.png\" alt=\"los fuegos de san juan\" width=\"25\" height=\"26\" title=\"\"><\/p>\n<div id=\"ez-toc-container\" class=\"ez-toc-v2_0_82_2 counter-hierarchy ez-toc-counter ez-toc-grey ez-toc-container-direction\">\n<div class=\"ez-toc-title-container\">\n<p class=\"ez-toc-title\" style=\"cursor:inherit\">Contenido<\/p>\n<span class=\"ez-toc-title-toggle\"><a href=\"#\" class=\"ez-toc-pull-right ez-toc-btn ez-toc-btn-xs ez-toc-btn-default ez-toc-toggle\" aria-label=\"Alternar tabla de contenidos\"><span class=\"ez-toc-js-icon-con\"><span class=\"\"><span class=\"eztoc-hide\" style=\"display:none;\">Palanca<\/span><span class=\"ez-toc-icon-toggle-span\"><svg style=\"fill: #999;color:#999\" xmlns=\"http:\/\/www.w3.org\/2000\/svg\" class=\"list-377408\" width=\"20px\" height=\"20px\" viewbox=\"0 0 24 24\" fill=\"none\"><path d=\"M6 6H4v2h2V6zm14 0H8v2h12V6zM4 11h2v2H4v-2zm16 0H8v2h12v-2zM4 16h2v2H4v-2zm16 0H8v2h12v-2z\" fill=\"currentColor\"><\/path><\/svg><svg style=\"fill: #999;color:#999\" class=\"arrow-unsorted-368013\" xmlns=\"http:\/\/www.w3.org\/2000\/svg\" width=\"10px\" height=\"10px\" viewbox=\"0 0 24 24\" version=\"1.2\" baseprofile=\"tiny\"><path d=\"M18.2 9.3l-6.2-6.3-6.2 6.3c-.2.2-.3.4-.3.7s.1.5.3.7c.2.2.4.3.7.3h11c.3 0 .5-.1.7-.3.2-.2.3-.5.3-.7s-.1-.5-.3-.7zM5.8 14.7l6.2 6.3 6.2-6.3c.2-.2.3-.5.3-.7s-.1-.5-.3-.7c-.2-.2-.4-.3-.7-.3h-11c-.3 0-.5.1-.7.3-.2.2-.3.5-.3.7s.1.5.3.7z\"\/><\/svg><\/span><\/span><\/span><\/a><\/span><\/div>\n<nav><ul class='ez-toc-list ez-toc-list-level-1' ><li class='ez-toc-page-1 ez-toc-heading-level-2'><a class=\"ez-toc-link ez-toc-heading-1\" href=\"https:\/\/mythslegendes.com\/es\/mitologia-iberica\/los-fuegos-de-saint-jean\/#Les-feux-de-Saint-Jean\" >Los fuegos de San Juan<\/a><\/li><\/ul><\/nav><\/div>\n<h2><span class=\"ez-toc-section\" id=\"Les-feux-de-Saint-Jean\"><\/span>Los fuegos de San Juan<span class=\"ez-toc-section-end\"><\/span><\/h2>\n<p><\/p>\n<p>En un \u00e9xodo alegre, j\u00f3venes y muchachas se dispersan, al amanecer, por el campo para hacer ramos de plantas con una virtud especial: cultivo de piedra (herba de sant Joan), verbena, hierba de San Juan, jazm\u00edn, manzanilla, limoncillo, helecho. , tomillo o romero. La verbena (verbena) y mille-pertuis (tresenm) son las m\u00e1s populares. Son, dicen, remedios soberanos contra las enfermedades de la piel, y se dice en el Conflent que un leproso se cura si va a enrollarse, en la ma\u00f1ana de San Juan, en un campo de plantas milagrosas.<\/p>\n<p><\/p>\n<p>Para que sean efectivas, estas plantas deben humedecerse con el roc\u00edo de la noche cuando se recolectan. La v\u00edspera de San Juan, las j\u00f3venes colocan en su ventana un jarr\u00f3n con agua en el que vierten una clara de huevo. El dibujo formado al d\u00eda siguiente, antes del amanecer, la materia albuminosa disuelta en agua da indicaciones precisas sobre las cualidades o las faltas de su amante. En cuanto a los ramos que recogen en el campo, los colocan en cruces en las puertas y ventanas para evitar que las hadas malvadas entren en su casa.<\/p>\n<p><\/p>\n<p>As\u00ed es como explicamos esta costumbre:<\/p>\n<p><\/p>\n<p>Se dec\u00eda que una joven se hab\u00eda enamorado de un apuesto monta\u00f1\u00e9s con el que se iba a casar. La ma\u00f1ana de San Juan fue a hacer fortuna con sus compa\u00f1eros y, al volver a casa, puso en su puerta, como por casualidad, dos racimos de tomillo y romero formando una cruz. Cuando su prometido vino a reunirse con ella, no se atrevi\u00f3 a entrar a la casa:<\/p>\n<p><\/p>\n<p><em>- \u00bfPor qu\u00e9 te quedas frente a la puerta, dijo la joven?<\/em><\/p>\n<p><\/p>\n<p><em>- No me atrevo a entrar.<\/em><\/p>\n<p><\/p>\n<p><em>- Por lo tanto<\/em><\/p>\n<p><\/p>\n<p><em>- Tengo miedo de este ramo que tiene forma de \u00e1spid.<\/em><\/p>\n<p><\/p>\n<p><em>- No es un \u00e1spid, responde la bella, es un cruce de tomillo y romero. La gente mala y solitaria tiene miedo a la cruz.<\/em><\/p>\n<p><\/p>\n<p><em>- Bueno, s\u00ed, har\u00e9 una confesi\u00f3n cruel: ... Soy el demonio que vino a buscar tu alma y que hubiera logrado sus fines sin este maldito ramo. Entonces el monta\u00f1ero desapareci\u00f3 de repente.<\/em><\/p>\n<p><\/p>\n<p>Desde entonces, y en recuerdo de esta victoria contra el mal, las j\u00f3venes no dejan de depositar un ramo de flores en su puerta la ma\u00f1ana de San Juan.<\/p>\n<p><\/p>\n<p>Se dice que San Juan pasea por el campo la v\u00edspera de su fiesta y da a ciertas plantas una virtud milagrosa que beneficia a quienes lo invocan devotamente. Es bueno se\u00f1alar sobre este tema que la verbena o hierba de San Juan es una planta por la que los druidas profesaban un culto particular. La memoria del santo es, por tanto, ajena a la costumbre que se\u00f1alamos.<\/p>\n<p>Por \u00faltimo, informemos la versi\u00f3n seg\u00fan la cual el origen de la costumbre est\u00e1 ligado a la intriga amorosa de una joven vallespirina. Estaba enamorada de un joven que la afect\u00f3 con la mayor indiferencia. San Juan le indic\u00f3 en un sue\u00f1o el medio infalible de doblar al ni\u00f1o desde\u00f1oso: coger un manojo de piedra y plantarlo en la puerta. El proceso fue perfecto y la joven se asegur\u00f3 el amor del rebelde. El cultivo de piedra se convirti\u00f3 entonces en la hierba de San Juan.<\/p>\n<p><\/p>\t\t\t\t\t\t\t\t<\/div>\n\t\t\t\t<\/div>\n\t\t\t\t\t<\/div>\n\t\t<\/div>\n\t\t\t\t\t<\/div>\n\t\t<\/section>\n\t\t\t\t<\/div>","protected":false},"excerpt":{"rendered":"<p>Mythologie Ib\u00e9rique Wiki Il est d&rsquo;usage, en Roussillon, d&rsquo;allumer de grands feux de joie sur les places publiques et sur &hellip; <\/p>","protected":false},"author":1,"featured_media":0,"parent":2187,"menu_order":0,"comment_status":"closed","ping_status":"closed","template":"","meta":{"footnotes":""},"class_list":["post-2519","page","type-page","status-publish","hentry"],"amp_enabled":true,"_links":{"self":[{"href":"https:\/\/mythslegendes.com\/es\/wp-json\/wp\/v2\/pages\/2519","targetHints":{"allow":["GET"]}}],"collection":[{"href":"https:\/\/mythslegendes.com\/es\/wp-json\/wp\/v2\/pages"}],"about":[{"href":"https:\/\/mythslegendes.com\/es\/wp-json\/wp\/v2\/types\/page"}],"author":[{"embeddable":true,"href":"https:\/\/mythslegendes.com\/es\/wp-json\/wp\/v2\/users\/1"}],"replies":[{"embeddable":true,"href":"https:\/\/mythslegendes.com\/es\/wp-json\/wp\/v2\/comments?post=2519"}],"version-history":[{"count":1,"href":"https:\/\/mythslegendes.com\/es\/wp-json\/wp\/v2\/pages\/2519\/revisions"}],"predecessor-version":[{"id":24798,"href":"https:\/\/mythslegendes.com\/es\/wp-json\/wp\/v2\/pages\/2519\/revisions\/24798"}],"up":[{"embeddable":true,"href":"https:\/\/mythslegendes.com\/es\/wp-json\/wp\/v2\/pages\/2187"}],"wp:attachment":[{"href":"https:\/\/mythslegendes.com\/es\/wp-json\/wp\/v2\/media?parent=2519"}],"curies":[{"name":"wp","href":"https:\/\/api.w.org\/{rel}","templated":true}]}}

<div data-elementor-type="wp-page" data-elementor-id="2519" class="elementor elementor-2519">
						<section class="elementor-section elementor-top-section elementor-element elementor-element-0f8a72b elementor-section-boxed elementor-section-height-default elementor-section-height-default" data-id="0f8a72b" data-element_type="section" data-e-type="section">
						<div class="elementor-container elementor-column-gap-default">
					<div class="elementor-column elementor-col-50 elementor-top-column elementor-element elementor-element-2040396" data-id="2040396" data-element_type="column" data-e-type="column">
			<div class="elementor-widget-wrap elementor-element-populated">
						<div class="elementor-element elementor-element-7c7358f elementor-align-justify elementor-widget elementor-widget-button" data-id="7c7358f" data-element_type="widget" data-e-type="widget" data-widget_type="button.default">
				<div class="elementor-widget-container">
									<div class="elementor-button-wrapper">
					<a class="elementor-button elementor-button-link elementor-size-sm" href="https://mythslegendes.com/es/mitologia-iberica/">
						<span class="elementor-button-content-wrapper">
									<span class="elementor-button-text">Mitología ibérica</span>
					</span>
					</a>
				</div>
								</div>
				</div>
					</div>
		</div>
				<div class="elementor-column elementor-col-50 elementor-top-column elementor-element elementor-element-cf9fe8a" data-id="cf9fe8a" data-element_type="column" data-e-type="column">
			<div class="elementor-widget-wrap elementor-element-populated">
						<div class="elementor-element elementor-element-b037d28 elementor-align-justify elementor-widget elementor-widget-button" data-id="b037d28" data-element_type="widget" data-e-type="widget" data-widget_type="button.default">
				<div class="elementor-widget-container">
									<div class="elementor-button-wrapper">
					<a class="elementor-button elementor-button-link elementor-size-sm" href="https://en.wikipedia.org/wiki/Spanish_mythology" target="_blank" rel="noopener">
						<span class="elementor-button-content-wrapper">
									<span class="elementor-button-text">Wiki</span>
					</span>
					</a>
				</div>
								</div>
				</div>
					</div>
		</div>
					</div>
		</section>
				<section class="elementor-section elementor-top-section elementor-element elementor-element-16866f60 elementor-section-boxed elementor-section-height-default elementor-section-height-default" data-id="16866f60" data-element_type="section" data-e-type="section">
						<div class="elementor-container elementor-column-gap-default">
					<div class="elementor-column elementor-col-100 elementor-top-column elementor-element elementor-element-41120b13" data-id="41120b13" data-element_type="column" data-e-type="column">
			<div class="elementor-widget-wrap elementor-element-populated">
						<div class="elementor-element elementor-element-93c709e elementor-widget elementor-widget-text-editor" data-id="93c709e" data-element_type="widget" data-e-type="widget" data-widget_type="text-editor.default">
				<div class="elementor-widget-container">
									<p></p>
<p>En el Rosellón es costumbre encender grandes hogueras en lugares públicos y en las montañas en vísperas de San Juan (en la tarde del 23 al 24 de junio). Se les llama los fuegos de San Juan. Pero lo que caracteriza a San Juan es el encuentro de la “adivinación”.</p>
<p><img decoding="async" class="alignnone wp-image-5284 size-full" src="https://mythslegendes.com/wp-content/uploads/2020/09/AlphaOmega-e1602613368367.png" alt="los fuegos de san juan" width="25" height="26" title=""></p>
<div id="ez-toc-container" class="ez-toc-v2_0_82_2 counter-hierarchy ez-toc-counter ez-toc-grey ez-toc-container-direction">
<div class="ez-toc-title-container">
<p class="ez-toc-title" style="cursor:inherit">Contenido</p>
<span class="ez-toc-title-toggle"><a href="#" class="ez-toc-pull-right ez-toc-btn ez-toc-btn-xs ez-toc-btn-default ez-toc-toggle" aria-label="Alternar tabla de contenidos"><span class="ez-toc-js-icon-con"><span class=""><span class="eztoc-hide" style="display:none;">Palanca</span><span class="ez-toc-icon-toggle-span"><svg style="fill: #999;color:#999" xmlns="http://www.w3.org/2000/svg" class="list-377408" width="20px" height="20px" viewbox="0 0 24 24" fill="none"><path d="M6 6H4v2h2V6zm14 0H8v2h12V6zM4 11h2v2H4v-2zm16 0H8v2h12v-2zM4 16h2v2H4v-2zm16 0H8v2h12v-2z" fill="currentColor"></path></svg><svg style="fill: #999;color:#999" class="arrow-unsorted-368013" xmlns="http://www.w3.org/2000/svg" width="10px" height="10px" viewbox="0 0 24 24" version="1.2" baseprofile="tiny"><path d="M18.2 9.3l-6.2-6.3-6.2 6.3c-.2.2-.3.4-.3.7s.1.5.3.7c.2.2.4.3.7.3h11c.3 0 .5-.1.7-.3.2-.2.3-.5.3-.7s-.1-.5-.3-.7zM5.8 14.7l6.2 6.3 6.2-6.3c.2-.2.3-.5.3-.7s-.1-.5-.3-.7c-.2-.2-.4-.3-.7-.3h-11c-.3 0-.5.1-.7.3-.2.2-.3.5-.3.7s.1.5.3.7z"/></svg></span></span></span></a></span></div>
<nav><ul class='ez-toc-list ez-toc-list-level-1' ><li class='ez-toc-page-1 ez-toc-heading-level-2'><a class="ez-toc-link ez-toc-heading-1" href="https://mythslegendes.com/es/mitologia-iberica/los-fuegos-de-saint-jean/#Les-feux-de-Saint-Jean" >Los fuegos de San Juan</a></li></ul></nav></div>
<h2><span class="ez-toc-section" id="Les-feux-de-Saint-Jean"></span>Los fuegos de San Juan<span class="ez-toc-section-end"></span></h2>
<p></p>
<p>En un éxodo alegre, jóvenes y muchachas se dispersan, al amanecer, por el campo para hacer ramos de plantas con una virtud especial: cultivo de piedra (herba de sant Joan), verbena, hierba de San Juan, jazmín, manzanilla, limoncillo, helecho. , tomillo o romero. La verbena (verbena) y mille-pertuis (tresenm) son las más populares. Son, dicen, remedios soberanos contra las enfermedades de la piel, y se dice en el Conflent que un leproso se cura si va a enrollarse, en la mañana de San Juan, en un campo de plantas milagrosas.</p>
<p></p>
<p>Para que sean efectivas, estas plantas deben humedecerse con el rocío de la noche cuando se recolectan. La víspera de San Juan, las jóvenes colocan en su ventana un jarrón con agua en el que vierten una clara de huevo. El dibujo formado al día siguiente, antes del amanecer, la materia albuminosa disuelta en agua da indicaciones precisas sobre las cualidades o las faltas de su amante. En cuanto a los ramos que recogen en el campo, los colocan en cruces en las puertas y ventanas para evitar que las hadas malvadas entren en su casa.</p>
<p></p>
<p>Así es como explicamos esta costumbre:</p>
<p></p>
<p>Se decía que una joven se había enamorado de un apuesto montañés con el que se iba a casar. La mañana de San Juan fue a hacer fortuna con sus compañeros y, al volver a casa, puso en su puerta, como por casualidad, dos racimos de tomillo y romero formando una cruz. Cuando su prometido vino a reunirse con ella, no se atrevió a entrar a la casa:</p>
<p></p>
<p><em>- ¿Por qué te quedas frente a la puerta, dijo la joven?</em></p>
<p></p>
<p><em>- No me atrevo a entrar.</em></p>
<p></p>
<p><em>- Por lo tanto</em></p>
<p></p>
<p><em>- Tengo miedo de este ramo que tiene forma de áspid.</em></p>
<p></p>
<p><em>- No es un áspid, responde la bella, es un cruce de tomillo y romero. La gente mala y solitaria tiene miedo a la cruz.</em></p>
<p></p>
<p><em>- Bueno, sí, haré una confesión cruel: ... Soy el demonio que vino a buscar tu alma y que hubiera logrado sus fines sin este maldito ramo. Entonces el montañero desapareció de repente.</em></p>
<p></p>
<p>Desde entonces, y en recuerdo de esta victoria contra el mal, las jóvenes no dejan de depositar un ramo de flores en su puerta la mañana de San Juan.</p>
<p></p>
<p>Se dice que San Juan pasea por el campo la víspera de su fiesta y da a ciertas plantas una virtud milagrosa que beneficia a quienes lo invocan devotamente. Es bueno señalar sobre este tema que la verbena o hierba de San Juan es una planta por la que los druidas profesaban un culto particular. La memoria del santo es, por tanto, ajena a la costumbre que señalamos.</p>
<p>Por último, informemos la versión según la cual el origen de la costumbre está ligado a la intriga amorosa de una joven vallespirina. Estaba enamorada de un joven que la afectó con la mayor indiferencia. San Juan le indicó en un sueño el medio infalible de doblar al niño desdeñoso: coger un manojo de piedra y plantarlo en la puerta. El proceso fue perfecto y la joven se aseguró el amor del rebelde. El cultivo de piedra se convirtió entonces en la hierba de San Juan.</p>
<p></p>								</div>
				</div>
					</div>
		</div>
					</div>
		</section>
				</div>

<p>Mythologie Ibérique Wiki Il est d&rsquo;usage, en Roussillon, d&rsquo;allumer de grands feux de joie sur les places publiques et sur &hellip; </p>
