{"id":2584,"date":"2020-07-13T10:57:41","date_gmt":"2020-07-13T09:57:41","guid":{"rendered":"https:\/\/mythslegendes.com\/?page_id=2584"},"modified":"2022-12-03T22:07:11","modified_gmt":"2022-12-03T22:07:11","slug":"les-polyphonies-de-la-semaine-sainte","status":"publish","type":"page","link":"https:\/\/mythslegendes.com\/es\/mitologia-sarda\/las-polifonias-de-semana-santa\/","title":{"rendered":"Las polifon\u00edas de la semana santa"},"content":{"rendered":"<div data-elementor-type=\"wp-page\" data-elementor-id=\"2584\" class=\"elementor elementor-2584\">\n\t\t\t\t\t\t<section class=\"elementor-section elementor-top-section elementor-element elementor-element-d246dce elementor-section-boxed elementor-section-height-default elementor-section-height-default\" data-id=\"d246dce\" data-element_type=\"section\" data-e-type=\"section\">\n\t\t\t\t\t\t<div class=\"elementor-container elementor-column-gap-default\">\n\t\t\t\t\t<div class=\"elementor-column elementor-col-50 elementor-top-column elementor-element elementor-element-655d35e\" data-id=\"655d35e\" data-element_type=\"column\" data-e-type=\"column\">\n\t\t\t<div class=\"elementor-widget-wrap elementor-element-populated\">\n\t\t\t\t\t\t<div class=\"elementor-element elementor-element-c9e84d4 elementor-align-justify elementor-widget elementor-widget-button\" data-id=\"c9e84d4\" data-element_type=\"widget\" data-e-type=\"widget\" data-widget_type=\"button.default\">\n\t\t\t\t<div class=\"elementor-widget-container\">\n\t\t\t\t\t\t\t\t\t<div class=\"elementor-button-wrapper\">\n\t\t\t\t\t<a class=\"elementor-button elementor-button-link elementor-size-sm\" href=\"https:\/\/mythslegendes.com\/es\/mitologia-sarda\/\">\n\t\t\t\t\t\t<span class=\"elementor-button-content-wrapper\">\n\t\t\t\t\t\t\t\t\t<span class=\"elementor-button-text\">Mitolog\u00eda sarda<\/span>\n\t\t\t\t\t<\/span>\n\t\t\t\t\t<\/a>\n\t\t\t\t<\/div>\n\t\t\t\t\t\t\t\t<\/div>\n\t\t\t\t<\/div>\n\t\t\t\t\t<\/div>\n\t\t<\/div>\n\t\t\t\t<div class=\"elementor-column elementor-col-50 elementor-top-column elementor-element elementor-element-e3feac8\" data-id=\"e3feac8\" data-element_type=\"column\" data-e-type=\"column\">\n\t\t\t<div class=\"elementor-widget-wrap elementor-element-populated\">\n\t\t\t\t\t\t<div class=\"elementor-element elementor-element-777fbc5 elementor-align-justify elementor-widget elementor-widget-button\" data-id=\"777fbc5\" data-element_type=\"widget\" data-e-type=\"widget\" data-widget_type=\"button.default\">\n\t\t\t\t<div class=\"elementor-widget-container\">\n\t\t\t\t\t\t\t\t\t<div class=\"elementor-button-wrapper\">\n\t\t\t\t\t<a class=\"elementor-button elementor-button-link elementor-size-sm\" href=\"https:\/\/fr.wikipedia.org\/wiki\/Histoire_de_la_Sardaigne\" target=\"_blank\" rel=\"noopener\">\n\t\t\t\t\t\t<span class=\"elementor-button-content-wrapper\">\n\t\t\t\t\t\t\t\t\t<span class=\"elementor-button-text\">Wiki<\/span>\n\t\t\t\t\t<\/span>\n\t\t\t\t\t<\/a>\n\t\t\t\t<\/div>\n\t\t\t\t\t\t\t\t<\/div>\n\t\t\t\t<\/div>\n\t\t\t\t\t<\/div>\n\t\t<\/div>\n\t\t\t\t\t<\/div>\n\t\t<\/section>\n\t\t\t\t<section class=\"elementor-section elementor-top-section elementor-element elementor-element-7832df02 elementor-section-boxed elementor-section-height-default elementor-section-height-default\" data-id=\"7832df02\" data-element_type=\"section\" data-e-type=\"section\">\n\t\t\t\t\t\t<div class=\"elementor-container elementor-column-gap-default\">\n\t\t\t\t\t<div class=\"elementor-column elementor-col-100 elementor-top-column elementor-element elementor-element-18382d28\" data-id=\"18382d28\" data-element_type=\"column\" data-e-type=\"column\">\n\t\t\t<div class=\"elementor-widget-wrap elementor-element-populated\">\n\t\t\t\t\t\t<div class=\"elementor-element elementor-element-392c770b elementor-widget elementor-widget-text-editor\" data-id=\"392c770b\" data-element_type=\"widget\" data-e-type=\"widget\" data-widget_type=\"text-editor.default\">\n\t\t\t\t<div class=\"elementor-widget-container\">\n\t\t\t\t\t\t\t\t\t<p><\/p>\n<p>Las manifestaciones de la Semana Santa son, con mucho, las m\u00e1s importantes del calendario religioso. Son grandes momentos de piedad y fervor popular. Son los m\u00e1s interesantes desde el punto de vista musical. Algunas peque\u00f1as localidades son especialmente famosas, especialmente en la parte noroeste de la Isla: Aidomaggiore, Bonnanaro, Cuglieri, Santu Lussurgiu y especialmente Castelsardo, que concentra el mayor n\u00famero de cofrad\u00edas y el repertorio m\u00e1s rico y original.<\/p>\n<p><img decoding=\"async\" class=\"alignnone wp-image-5284 size-full\" src=\"https:\/\/mythslegendes.com\/wp-content\/uploads\/2020\/09\/AlphaOmega-e1602613368367.png\" alt=\"Polifon\u00edas en Semana Santa\" width=\"25\" height=\"26\" title=\"\"><\/p>\n<div id=\"ez-toc-container\" class=\"ez-toc-v2_0_82_2 counter-hierarchy ez-toc-counter ez-toc-grey ez-toc-container-direction\">\n<div class=\"ez-toc-title-container\">\n<p class=\"ez-toc-title\" style=\"cursor:inherit\">Contenido<\/p>\n<span class=\"ez-toc-title-toggle\"><a href=\"#\" class=\"ez-toc-pull-right ez-toc-btn ez-toc-btn-xs ez-toc-btn-default ez-toc-toggle\" aria-label=\"Alternar tabla de contenidos\"><span class=\"ez-toc-js-icon-con\"><span class=\"\"><span class=\"eztoc-hide\" style=\"display:none;\">Palanca<\/span><span class=\"ez-toc-icon-toggle-span\"><svg style=\"fill: #999;color:#999\" xmlns=\"http:\/\/www.w3.org\/2000\/svg\" class=\"list-377408\" width=\"20px\" height=\"20px\" viewbox=\"0 0 24 24\" fill=\"none\"><path d=\"M6 6H4v2h2V6zm14 0H8v2h12V6zM4 11h2v2H4v-2zm16 0H8v2h12v-2zM4 16h2v2H4v-2zm16 0H8v2h12v-2z\" fill=\"currentColor\"><\/path><\/svg><svg style=\"fill: #999;color:#999\" class=\"arrow-unsorted-368013\" xmlns=\"http:\/\/www.w3.org\/2000\/svg\" width=\"10px\" height=\"10px\" viewbox=\"0 0 24 24\" version=\"1.2\" baseprofile=\"tiny\"><path d=\"M18.2 9.3l-6.2-6.3-6.2 6.3c-.2.2-.3.4-.3.7s.1.5.3.7c.2.2.4.3.7.3h11c.3 0 .5-.1.7-.3.2-.2.3-.5.3-.7s-.1-.5-.3-.7zM5.8 14.7l6.2 6.3 6.2-6.3c.2-.2.3-.5.3-.7s-.1-.5-.3-.7c-.2-.2-.4-.3-.7-.3h-11c-.3 0-.5.1-.7.3-.2.2-.3.5-.3.7s.1.5.3.7z\"\/><\/svg><\/span><\/span><\/span><\/a><\/span><\/div>\n<nav><ul class='ez-toc-list ez-toc-list-level-1' ><li class='ez-toc-page-1 ez-toc-heading-level-2'><a class=\"ez-toc-link ez-toc-heading-1\" href=\"https:\/\/mythslegendes.com\/es\/mitologia-sarda\/las-polifonias-de-semana-santa\/#Polyphonies-en-Semaine-Sainte\" >Polifon\u00edas en Semana Santa<\/a><\/li><\/ul><\/nav><\/div>\n<h2><span class=\"ez-toc-section\" id=\"Polyphonies-en-Semaine-Sainte\"><\/span>Polifon\u00edas en Semana Santa<span class=\"ez-toc-section-end\"><\/span><\/h2>\n<p><\/p>\n<p>Estas cofrad\u00edas son muy antiguas y conocidas al menos desde el siglo XVII. Seg\u00fan Tonino Cabizzosu (Chiesa e Societ\u00e0, Cagliari, Edit. 3T) las cofrad\u00edas son \u201cuna forma asociativa que re\u00fane a los laicos y tiene como objetivo primordial la formaci\u00f3n personal. Esto se expresa de dos formas: a trav\u00e9s de formas devocionales y mediante un servicio de caridad social \u201d.<\/p>\n<p>Su actividad se concentra en torno a la pr\u00e1ctica del canto en muchas ocasiones: ceremonias religiosas del calendario lit\u00fargico y funerales, y la administraci\u00f3n de la hermandad. \u00c9ste elige, durante sus asambleas, a su Prior, acoge a sus \u201cnovicios\u201d, organiza el ejercicio del canto y la transmisi\u00f3n del repertorio.<\/p>\n<p><\/p>\n<p>Desde diciembre hasta el Domingo de Ramos, todos los cohermanos se re\u00fanen el domingo por la tarde en su iglesia para un ensayo, la \u201cprova\u201d. Esta dura al menos dos o tres horas, regada con vino y, a menudo, acompa\u00f1ada de productos locales: pan, embutidos, quesos ...<\/p>\n<p>El coro est\u00e1 abierto pero el papel del Prior es preponderante para la Semana Santa porque es su misi\u00f3n seleccionar, el domingo anterior al Domingo de Ramos, a quienes cantar\u00e1n en esta ocasi\u00f3n. Esta elecci\u00f3n es delicada porque debe cumplir criterios tanto de calidad como de experiencia, pero tambi\u00e9n prepararse para el futuro integrando a los j\u00f3venes y manteniendo un cierto equilibrio social.<\/p>\n<p>Durante esta Semana Santa el repertorio es interpretado por un grupo de cuatro cantantes seg\u00fan un registro natural de bajo a alto: bassu, contra, bogi, falzittu (estos son los nombres que se le dan a Castelsardo, los nombres pueden cambiar seg\u00fan el lugar). Los grandes momentos de la Semana Santa son el lunes (Lunissanti) y el jueves, el viernes adquiere una forma excepcional en forma de un particular Miserere que se canta mientras se camina r\u00e1pido, fuggi fuggendo, (mientras se huye) durante el cual dos coros, no limitados a cuatro int\u00e9rpretes , responden alternativamente.<\/p>\n<p><\/p>\n<p>El Prior y todos los compa\u00f1eros son muy rigurosos en la calidad que exige de su parte ser un buen cantante: tener o\u00eddo (las canciones se transmiten de forma oral y los cantantes conocen todas las voces aunque est\u00e9n especializados en la interpretaci\u00f3n de una canci\u00f3n). ), una buena voz, una gran disciplina (presencia regular), un gran rigor para no cambiar de parte durante la actuaci\u00f3n. Cuando el coro est\u00e1 en perfecta armon\u00eda, aparece una quinta voz fusional llamada \u201cquintina\u201d. Esto est\u00e1 en el registro de voces femeninas. Esta voz intangible es muy buscada por los cantantes. Entra en el simbolismo de la Semana Santa.<\/p>\n<p><\/p>\n<p>La mayor\u00eda de las canciones est\u00e1n en lat\u00edn y retoman textos lit\u00fargicos, como el &quot;Miserere&quot; (salmo 50), el &quot;Stabat Mater&quot;, un Stabat Mater se atribuye a Jacopone da Todi (fallecido en 1306), en Castelsardo a &quot;Jes\u00fas \u201d de origen desconocido, en ocasiones el texto latino ha sufrido algunas alteraciones debido a la transmisi\u00f3n oral. Algunos himnos est\u00e1n en <a href=\"https:\/\/mythslegendes.com\/es\/mitologia-sarda\/\">sardo<\/a>.<\/p>\n<p><\/p>\n<p>Castelsardo, Lunes Santo, Programa Francia Musique el lunes 30 de abril de 2012.<br \/>Cuglieri, Jueves Santo, programa France Musique del lunes 7 de mayo de 2012.<br \/>Cuglieri, Viernes Santo, programa France Musique del lunes 7 de mayo de 2012.<\/p>\n<p><\/p>\n<p>Estos cantos acompa\u00f1an las procesiones y las escenas que ilustran la Pasi\u00f3n que se interpretan al final del servicio, ya sea dentro de la propia iglesia o en el recorrido entre dos iglesias. La gran misa del domingo de Pascua pone fin a estos eventos. El Lunes de Pascua, Pasquetta, es una celebraci\u00f3n familiar y amigable que da lugar a una comida, a menudo un picnic durante el cual comemos carnes asadas al asador: cochinillo (porchetto), cordero, etc. regado con buenos vinos, que termina con dolcetti sardi (tortas con mazap\u00e1n o queso o miel, etc.).<\/p>\n<p><\/p>\t\t\t\t\t\t\t\t<\/div>\n\t\t\t\t<\/div>\n\t\t\t\t\t<\/div>\n\t\t<\/div>\n\t\t\t\t\t<\/div>\n\t\t<\/section>\n\t\t\t\t<\/div>","protected":false},"excerpt":{"rendered":"<p>Mythologie Sarde Wiki Les manifestations de la Semaine Sainte sont de loin les plus importantes du calendrier religieux. Ce sont &hellip; <\/p>","protected":false},"author":1,"featured_media":0,"parent":2574,"menu_order":0,"comment_status":"closed","ping_status":"closed","template":"","meta":{"footnotes":""},"class_list":["post-2584","page","type-page","status-publish","hentry"],"amp_enabled":true,"_links":{"self":[{"href":"https:\/\/mythslegendes.com\/es\/wp-json\/wp\/v2\/pages\/2584","targetHints":{"allow":["GET"]}}],"collection":[{"href":"https:\/\/mythslegendes.com\/es\/wp-json\/wp\/v2\/pages"}],"about":[{"href":"https:\/\/mythslegendes.com\/es\/wp-json\/wp\/v2\/types\/page"}],"author":[{"embeddable":true,"href":"https:\/\/mythslegendes.com\/es\/wp-json\/wp\/v2\/users\/1"}],"replies":[{"embeddable":true,"href":"https:\/\/mythslegendes.com\/es\/wp-json\/wp\/v2\/comments?post=2584"}],"version-history":[{"count":1,"href":"https:\/\/mythslegendes.com\/es\/wp-json\/wp\/v2\/pages\/2584\/revisions"}],"predecessor-version":[{"id":24814,"href":"https:\/\/mythslegendes.com\/es\/wp-json\/wp\/v2\/pages\/2584\/revisions\/24814"}],"up":[{"embeddable":true,"href":"https:\/\/mythslegendes.com\/es\/wp-json\/wp\/v2\/pages\/2574"}],"wp:attachment":[{"href":"https:\/\/mythslegendes.com\/es\/wp-json\/wp\/v2\/media?parent=2584"}],"curies":[{"name":"wp","href":"https:\/\/api.w.org\/{rel}","templated":true}]}}

Las polifonías de la semana santa

<div data-elementor-type="wp-page" data-elementor-id="2584" class="elementor elementor-2584">
						<section class="elementor-section elementor-top-section elementor-element elementor-element-d246dce elementor-section-boxed elementor-section-height-default elementor-section-height-default" data-id="d246dce" data-element_type="section" data-e-type="section">
						<div class="elementor-container elementor-column-gap-default">
					<div class="elementor-column elementor-col-50 elementor-top-column elementor-element elementor-element-655d35e" data-id="655d35e" data-element_type="column" data-e-type="column">
			<div class="elementor-widget-wrap elementor-element-populated">
						<div class="elementor-element elementor-element-c9e84d4 elementor-align-justify elementor-widget elementor-widget-button" data-id="c9e84d4" data-element_type="widget" data-e-type="widget" data-widget_type="button.default">
				<div class="elementor-widget-container">
									<div class="elementor-button-wrapper">
					<a class="elementor-button elementor-button-link elementor-size-sm" href="https://mythslegendes.com/es/mitologia-sarda/">
						<span class="elementor-button-content-wrapper">
									<span class="elementor-button-text">Mitología sarda</span>
					</span>
					</a>
				</div>
								</div>
				</div>
					</div>
		</div>
				<div class="elementor-column elementor-col-50 elementor-top-column elementor-element elementor-element-e3feac8" data-id="e3feac8" data-element_type="column" data-e-type="column">
			<div class="elementor-widget-wrap elementor-element-populated">
						<div class="elementor-element elementor-element-777fbc5 elementor-align-justify elementor-widget elementor-widget-button" data-id="777fbc5" data-element_type="widget" data-e-type="widget" data-widget_type="button.default">
				<div class="elementor-widget-container">
									<div class="elementor-button-wrapper">
					<a class="elementor-button elementor-button-link elementor-size-sm" href="https://fr.wikipedia.org/wiki/Histoire_de_la_Sardaigne" target="_blank" rel="noopener">
						<span class="elementor-button-content-wrapper">
									<span class="elementor-button-text">Wiki</span>
					</span>
					</a>
				</div>
								</div>
				</div>
					</div>
		</div>
					</div>
		</section>
				<section class="elementor-section elementor-top-section elementor-element elementor-element-7832df02 elementor-section-boxed elementor-section-height-default elementor-section-height-default" data-id="7832df02" data-element_type="section" data-e-type="section">
						<div class="elementor-container elementor-column-gap-default">
					<div class="elementor-column elementor-col-100 elementor-top-column elementor-element elementor-element-18382d28" data-id="18382d28" data-element_type="column" data-e-type="column">
			<div class="elementor-widget-wrap elementor-element-populated">
						<div class="elementor-element elementor-element-392c770b elementor-widget elementor-widget-text-editor" data-id="392c770b" data-element_type="widget" data-e-type="widget" data-widget_type="text-editor.default">
				<div class="elementor-widget-container">
									<p></p>
<p>Las manifestaciones de la Semana Santa son, con mucho, las más importantes del calendario religioso. Son grandes momentos de piedad y fervor popular. Son los más interesantes desde el punto de vista musical. Algunas pequeñas localidades son especialmente famosas, especialmente en la parte noroeste de la Isla: Aidomaggiore, Bonnanaro, Cuglieri, Santu Lussurgiu y especialmente Castelsardo, que concentra el mayor número de cofradías y el repertorio más rico y original.</p>
<p><img decoding="async" class="alignnone wp-image-5284 size-full" src="https://mythslegendes.com/wp-content/uploads/2020/09/AlphaOmega-e1602613368367.png" alt="Polifonías en Semana Santa" width="25" height="26" title=""></p>
<div id="ez-toc-container" class="ez-toc-v2_0_82_2 counter-hierarchy ez-toc-counter ez-toc-grey ez-toc-container-direction">
<div class="ez-toc-title-container">
<p class="ez-toc-title" style="cursor:inherit">Contenido</p>
<span class="ez-toc-title-toggle"><a href="#" class="ez-toc-pull-right ez-toc-btn ez-toc-btn-xs ez-toc-btn-default ez-toc-toggle" aria-label="Alternar tabla de contenidos"><span class="ez-toc-js-icon-con"><span class=""><span class="eztoc-hide" style="display:none;">Palanca</span><span class="ez-toc-icon-toggle-span"><svg style="fill: #999;color:#999" xmlns="http://www.w3.org/2000/svg" class="list-377408" width="20px" height="20px" viewbox="0 0 24 24" fill="none"><path d="M6 6H4v2h2V6zm14 0H8v2h12V6zM4 11h2v2H4v-2zm16 0H8v2h12v-2zM4 16h2v2H4v-2zm16 0H8v2h12v-2z" fill="currentColor"></path></svg><svg style="fill: #999;color:#999" class="arrow-unsorted-368013" xmlns="http://www.w3.org/2000/svg" width="10px" height="10px" viewbox="0 0 24 24" version="1.2" baseprofile="tiny"><path d="M18.2 9.3l-6.2-6.3-6.2 6.3c-.2.2-.3.4-.3.7s.1.5.3.7c.2.2.4.3.7.3h11c.3 0 .5-.1.7-.3.2-.2.3-.5.3-.7s-.1-.5-.3-.7zM5.8 14.7l6.2 6.3 6.2-6.3c.2-.2.3-.5.3-.7s-.1-.5-.3-.7c-.2-.2-.4-.3-.7-.3h-11c-.3 0-.5.1-.7.3-.2.2-.3.5-.3.7s.1.5.3.7z"/></svg></span></span></span></a></span></div>
<nav><ul class='ez-toc-list ez-toc-list-level-1' ><li class='ez-toc-page-1 ez-toc-heading-level-2'><a class="ez-toc-link ez-toc-heading-1" href="https://mythslegendes.com/es/mitologia-sarda/las-polifonias-de-semana-santa/#Polyphonies-en-Semaine-Sainte" >Polifonías en Semana Santa</a></li></ul></nav></div>
<h2><span class="ez-toc-section" id="Polyphonies-en-Semaine-Sainte"></span>Polifonías en Semana Santa<span class="ez-toc-section-end"></span></h2>
<p></p>
<p>Estas cofradías son muy antiguas y conocidas al menos desde el siglo XVII. Según Tonino Cabizzosu (Chiesa e Società, Cagliari, Edit. 3T) las cofradías son “una forma asociativa que reúne a los laicos y tiene como objetivo primordial la formación personal. Esto se expresa de dos formas: a través de formas devocionales y mediante un servicio de caridad social ”.</p>
<p>Su actividad se concentra en torno a la práctica del canto en muchas ocasiones: ceremonias religiosas del calendario litúrgico y funerales, y la administración de la hermandad. Éste elige, durante sus asambleas, a su Prior, acoge a sus “novicios”, organiza el ejercicio del canto y la transmisión del repertorio.</p>
<p></p>
<p>Desde diciembre hasta el Domingo de Ramos, todos los cohermanos se reúnen el domingo por la tarde en su iglesia para un ensayo, la “prova”. Esta dura al menos dos o tres horas, regada con vino y, a menudo, acompañada de productos locales: pan, embutidos, quesos ...</p>
<p>El coro está abierto pero el papel del Prior es preponderante para la Semana Santa porque es su misión seleccionar, el domingo anterior al Domingo de Ramos, a quienes cantarán en esta ocasión. Esta elección es delicada porque debe cumplir criterios tanto de calidad como de experiencia, pero también prepararse para el futuro integrando a los jóvenes y manteniendo un cierto equilibrio social.</p>
<p>Durante esta Semana Santa el repertorio es interpretado por un grupo de cuatro cantantes según un registro natural de bajo a alto: bassu, contra, bogi, falzittu (estos son los nombres que se le dan a Castelsardo, los nombres pueden cambiar según el lugar). Los grandes momentos de la Semana Santa son el lunes (Lunissanti) y el jueves, el viernes adquiere una forma excepcional en forma de un particular Miserere que se canta mientras se camina rápido, fuggi fuggendo, (mientras se huye) durante el cual dos coros, no limitados a cuatro intérpretes , responden alternativamente.</p>
<p></p>
<p>El Prior y todos los compañeros son muy rigurosos en la calidad que exige de su parte ser un buen cantante: tener oído (las canciones se transmiten de forma oral y los cantantes conocen todas las voces aunque estén especializados en la interpretación de una canción). ), una buena voz, una gran disciplina (presencia regular), un gran rigor para no cambiar de parte durante la actuación. Cuando el coro está en perfecta armonía, aparece una quinta voz fusional llamada “quintina”. Esto está en el registro de voces femeninas. Esta voz intangible es muy buscada por los cantantes. Entra en el simbolismo de la Semana Santa.</p>
<p></p>
<p>La mayoría de las canciones están en latín y retoman textos litúrgicos, como el &quot;Miserere&quot; (salmo 50), el &quot;Stabat Mater&quot;, un Stabat Mater se atribuye a Jacopone da Todi (fallecido en 1306), en Castelsardo a &quot;Jesús ” de origen desconocido, en ocasiones el texto latino ha sufrido algunas alteraciones debido a la transmisión oral. Algunos himnos están en <a href="https://mythslegendes.com/es/mitologia-sarda/">sardo</a>.</p>
<p></p>
<p>Castelsardo, Lunes Santo, Programa Francia Musique el lunes 30 de abril de 2012.<br />Cuglieri, Jueves Santo, programa France Musique del lunes 7 de mayo de 2012.<br />Cuglieri, Viernes Santo, programa France Musique del lunes 7 de mayo de 2012.</p>
<p></p>
<p>Estos cantos acompañan las procesiones y las escenas que ilustran la Pasión que se interpretan al final del servicio, ya sea dentro de la propia iglesia o en el recorrido entre dos iglesias. La gran misa del domingo de Pascua pone fin a estos eventos. El Lunes de Pascua, Pasquetta, es una celebración familiar y amigable que da lugar a una comida, a menudo un picnic durante el cual comemos carnes asadas al asador: cochinillo (porchetto), cordero, etc. regado con buenos vinos, que termina con dolcetti sardi (tortas con mazapán o queso o miel, etc.).</p>
<p></p>								</div>
				</div>
					</div>
		</div>
					</div>
		</section>
				</div>
