{"id":472,"date":"2020-06-12T13:54:33","date_gmt":"2020-06-12T12:54:33","guid":{"rendered":"https:\/\/mythslegendes.com\/?page_id=472"},"modified":"2022-12-03T22:06:53","modified_gmt":"2022-12-03T22:06:53","slug":"la-conception-de-cuchulainn","status":"publish","type":"page","link":"https:\/\/mythslegendes.com\/es\/mitologia-irlandesa\/el-diseno-de-cuchulainn\/","title":{"rendered":"La Concepci\u00f3n de Cuchulainn"},"content":{"rendered":"<div data-elementor-type=\"wp-page\" data-elementor-id=\"472\" class=\"elementor elementor-472\">\n\t\t\t\t\t\t<section class=\"elementor-section elementor-top-section elementor-element elementor-element-ada9208 elementor-section-boxed elementor-section-height-default elementor-section-height-default\" data-id=\"ada9208\" data-element_type=\"section\" data-e-type=\"section\">\n\t\t\t\t\t\t<div class=\"elementor-container elementor-column-gap-default\">\n\t\t\t\t\t<div class=\"elementor-column elementor-col-50 elementor-top-column elementor-element elementor-element-2f3e48b\" data-id=\"2f3e48b\" data-element_type=\"column\" data-e-type=\"column\">\n\t\t\t<div class=\"elementor-widget-wrap elementor-element-populated\">\n\t\t\t\t\t\t<div class=\"elementor-element elementor-element-72b6a32 elementor-align-justify elementor-widget elementor-widget-button\" data-id=\"72b6a32\" data-element_type=\"widget\" data-e-type=\"widget\" data-widget_type=\"button.default\">\n\t\t\t\t<div class=\"elementor-widget-container\">\n\t\t\t\t\t\t\t\t\t<div class=\"elementor-button-wrapper\">\n\t\t\t\t\t<a class=\"elementor-button elementor-button-link elementor-size-sm\" href=\"https:\/\/mythslegendes.com\/es\/mitologia-irlandesa\/\">\n\t\t\t\t\t\t<span class=\"elementor-button-content-wrapper\">\n\t\t\t\t\t\t\t\t\t<span class=\"elementor-button-text\">Mitolog\u00eda irlandesa<\/span>\n\t\t\t\t\t<\/span>\n\t\t\t\t\t<\/a>\n\t\t\t\t<\/div>\n\t\t\t\t\t\t\t\t<\/div>\n\t\t\t\t<\/div>\n\t\t\t\t\t<\/div>\n\t\t<\/div>\n\t\t\t\t<div class=\"elementor-column elementor-col-50 elementor-top-column elementor-element elementor-element-260a266\" data-id=\"260a266\" data-element_type=\"column\" data-e-type=\"column\">\n\t\t\t<div class=\"elementor-widget-wrap elementor-element-populated\">\n\t\t\t\t\t\t<div class=\"elementor-element elementor-element-fb61e54 elementor-align-justify elementor-widget elementor-widget-button\" data-id=\"fb61e54\" data-element_type=\"widget\" data-e-type=\"widget\" data-widget_type=\"button.default\">\n\t\t\t\t<div class=\"elementor-widget-container\">\n\t\t\t\t\t\t\t\t\t<div class=\"elementor-button-wrapper\">\n\t\t\t\t\t<a class=\"elementor-button elementor-button-link elementor-size-sm\" href=\"https:\/\/fr.wikipedia.org\/wiki\/Mythologie_celtique_irlandaise\" target=\"_blank\" rel=\"noopener\">\n\t\t\t\t\t\t<span class=\"elementor-button-content-wrapper\">\n\t\t\t\t\t\t\t\t\t<span class=\"elementor-button-text\">Wiki<\/span>\n\t\t\t\t\t<\/span>\n\t\t\t\t\t<\/a>\n\t\t\t\t<\/div>\n\t\t\t\t\t\t\t\t<\/div>\n\t\t\t\t<\/div>\n\t\t\t\t\t<\/div>\n\t\t<\/div>\n\t\t\t\t\t<\/div>\n\t\t<\/section>\n\t\t\t\t<section class=\"elementor-section elementor-top-section elementor-element elementor-element-3a58e846 elementor-section-boxed elementor-section-height-default elementor-section-height-default\" data-id=\"3a58e846\" data-element_type=\"section\" data-e-type=\"section\">\n\t\t\t\t\t\t<div class=\"elementor-container elementor-column-gap-default\">\n\t\t\t\t\t<div class=\"elementor-column elementor-col-100 elementor-top-column elementor-element elementor-element-112a91a8\" data-id=\"112a91a8\" data-element_type=\"column\" data-e-type=\"column\">\n\t\t\t<div class=\"elementor-widget-wrap elementor-element-populated\">\n\t\t\t\t\t\t<div class=\"elementor-element elementor-element-501db726 elementor-widget elementor-widget-text-editor\" data-id=\"501db726\" data-element_type=\"widget\" data-e-type=\"widget\" data-widget_type=\"text-editor.default\">\n\t\t\t\t<div class=\"elementor-widget-container\">\n\t\t\t\t\t\t\t\t\t\n<p>Aqu\u00ed hay una versi\u00f3n del Dise\u00f1o de Cuchulainn del <a href=\"https:\/\/mythslegendes.com\/es\/mitologia-irlandesa\/\">rama roja<\/a> de la <a href=\"https:\/\/mythslegendes.com\/es\/\">mitolog\u00eda<\/a> Irlandesa.<\/p>\n<p><img decoding=\"async\" class=\"alignnone wp-image-5284 size-full\" src=\"https:\/\/mythslegendes.com\/wp-content\/uploads\/2020\/09\/AlphaOmega-e1602613368367.png\" alt=\"Dise\u00f1o de Cuchulainn\" width=\"25\" height=\"26\" title=\"\"><\/p>\n<div id=\"ez-toc-container\" class=\"ez-toc-v2_0_82_2 counter-hierarchy ez-toc-counter ez-toc-grey ez-toc-container-direction\">\n<div class=\"ez-toc-title-container\">\n<p class=\"ez-toc-title\" style=\"cursor:inherit\">Contenido<\/p>\n<span class=\"ez-toc-title-toggle\"><a href=\"#\" class=\"ez-toc-pull-right ez-toc-btn ez-toc-btn-xs ez-toc-btn-default ez-toc-toggle\" aria-label=\"Alternar tabla de contenidos\"><span class=\"ez-toc-js-icon-con\"><span class=\"\"><span class=\"eztoc-hide\" style=\"display:none;\">Palanca<\/span><span class=\"ez-toc-icon-toggle-span\"><svg style=\"fill: #999;color:#999\" xmlns=\"http:\/\/www.w3.org\/2000\/svg\" class=\"list-377408\" width=\"20px\" height=\"20px\" viewbox=\"0 0 24 24\" fill=\"none\"><path d=\"M6 6H4v2h2V6zm14 0H8v2h12V6zM4 11h2v2H4v-2zm16 0H8v2h12v-2zM4 16h2v2H4v-2zm16 0H8v2h12v-2z\" fill=\"currentColor\"><\/path><\/svg><svg style=\"fill: #999;color:#999\" class=\"arrow-unsorted-368013\" xmlns=\"http:\/\/www.w3.org\/2000\/svg\" width=\"10px\" height=\"10px\" viewbox=\"0 0 24 24\" version=\"1.2\" baseprofile=\"tiny\"><path d=\"M18.2 9.3l-6.2-6.3-6.2 6.3c-.2.2-.3.4-.3.7s.1.5.3.7c.2.2.4.3.7.3h11c.3 0 .5-.1.7-.3.2-.2.3-.5.3-.7s-.1-.5-.3-.7zM5.8 14.7l6.2 6.3 6.2-6.3c.2-.2.3-.5.3-.7s-.1-.5-.3-.7c-.2-.2-.4-.3-.7-.3h-11c-.3 0-.5.1-.7.3-.2.2-.3.5-.3.7s.1.5.3.7z\"\/><\/svg><\/span><\/span><\/span><\/a><\/span><\/div>\n<nav><ul class='ez-toc-list ez-toc-list-level-1' ><li class='ez-toc-page-1 ez-toc-heading-level-2'><a class=\"ez-toc-link ez-toc-heading-1\" href=\"https:\/\/mythslegendes.com\/es\/mitologia-irlandesa\/el-diseno-de-cuchulainn\/#La-Conception-de-Cuchulainn\" >La Concepci\u00f3n de Cuchulainn<\/a><\/li><\/ul><\/nav><\/div>\n<h2><span class=\"ez-toc-section\" id=\"La-Conception-de-Cuchulainn\"><\/span>La Concepci\u00f3n de Cuchulainn<span class=\"ez-toc-section-end\"><\/span><\/h2>\n<p>\u201cCuando Conchobar MacNessa era rey de Ulster, sus jefes notaron una bandada de p\u00e1jaros aliment\u00e1ndose de la hierba de la llanura cerca de Emuin Machae, y se la comieron hasta que la tierra qued\u00f3 desnuda hasta donde alcanzaba la vista. Los guerreros eran cazadores y sal\u00edan en sus carros a cazar las aves por donde las llevar\u00edan. Dechtire condujo el carro de su hermano Conchobar, y nueve carros se repartieron por la llanura en persecuci\u00f3n de las aves. Una cadena de plata un\u00eda a cada pareja de p\u00e1jaros, su vuelo y su canto eran de una belleza encantadora.<\/p>\n\n<p>Se acercaba la noche y la gente del Ulster busc\u00f3 refugio mientras nevaba. Fueron recibidos en una caba\u00f1a por un hombre que les dio algo de comer y beber, y al caer la noche la gente del Ulster estaba regocijada. Su anfitri\u00f3n les dijo que su esposa estaba a punto de dar a luz y le pidi\u00f3 a Dechtire que la ayudara. La gente de Ulster recogi\u00f3 un par de potros reci\u00e9n nacidos de la nieve y se los present\u00f3 al ni\u00f1o var\u00f3n que Dechtire sosten\u00eda en sus brazos.<\/p>\n\n<p>Por la ma\u00f1ana, cuando la gente del Ulster se despert\u00f3, vieron al ni\u00f1o y a los potros, pero los p\u00e1jaros extra\u00f1os y la casa hab\u00edan desaparecido; estaban justo al este de Bruig. Luego regresaron a Emuin Machae, donde el ni\u00f1o creci\u00f3 durante varios a\u00f1os hasta que repentinamente enferm\u00f3 y muri\u00f3. Dechtire lament\u00f3 con todo su coraz\u00f3n la muerte de su hijo adoptivo. Pidi\u00f3 agua y le trajeron un cuenco de cobre, pero cada vez que se lo llevaba a los labios una peque\u00f1a criatura sal\u00eda del agua y saltaba a su boca, cada vez que miraba dentro del cuenco y no ve\u00eda nada. . Mientras dorm\u00eda, Dechtire so\u00f1\u00f3 con el hombre que hab\u00eda visto en la casa fantasma. \u00c9l le dijo que su nombre era Lugh, hijo de Ethniu y que fue \u00e9l quien la hab\u00eda atra\u00eddo a esta casa y que ahora ella llevaba la semilla de su hijo: el ni\u00f1o deber\u00eda llamarse Setanta y recibir los dos potros que estaban destinados a a \u00e9l.<\/p>\n\n<p>Cuando la gente del Ulster vio que Dechtire esperaba un hijo, se preguntaron si el padre no ser\u00eda Conchobar, pues hermano y hermana dorm\u00edan uno al lado del otro. Conchobar salv\u00f3 la situaci\u00f3n al comprometer a su hermana con Sualtam, hijo de Roech y hermano de Fergus. \u00bb<\/p>\n\n<p>En otra versi\u00f3n, la madre del h\u00e9roe, Dechtire, no se presenta como la hermana de Conchobar Mac Nessa, sino como la hija del druida Cathbad, consejero de Conchobar. La secuencia de eventos que llevaron al nacimiento de C\u00f9chulain tambi\u00e9n es diferente. Dechtire estuvo casada por primera vez con Sualtam Mac Roech, hermano de Fergus Mac Roech, antes de concebir a Cuchulain con el dios Lugh. Luego huy\u00f3 al Otro Mundo con cincuenta mujeres, tomando la apariencia de p\u00e1jaros. Fue despu\u00e9s de tragarse una mosca durante el banquete de bodas que so\u00f1\u00f3 con el dios sol Lugh, quien le orden\u00f3 emprender este viaje. Cathbad tranquiliz\u00f3 a su yerno dici\u00e9ndole que Dechtire estaba visitando a sus parientes del Otro Mundo, ya que su madre era hija del dios Aengus. De hecho, Lugh la mantuvo con \u00e9l durante tres a\u00f1os. Finalmente, Dechtire y sus compa\u00f1eros regresaron a Emain Macha, la fortaleza de los reyes del Ulster, como p\u00e1jaros. Estaba embarazada de Lugh, pero Sualtam Mac Roth estaba tan feliz de encontrar a su esposa que cuando naci\u00f3 el ni\u00f1o, lo recibi\u00f3 como a su propio hijo, al que llamaron Setanta.<\/p>\n\t\t\t\t\t\t\t\t<\/div>\n\t\t\t\t<\/div>\n\t\t\t\t\t<\/div>\n\t\t<\/div>\n\t\t\t\t\t<\/div>\n\t\t<\/section>\n\t\t\t\t<\/div>","protected":false},"excerpt":{"rendered":"<p>Wiki de mitolog\u00eda irlandesa Esta es una versi\u00f3n de la Concepci\u00f3n de Cuchulainn de la rama roja de la mitolog\u00eda irlandesa. All\u00e1 \u2026 <\/p>","protected":false},"author":1,"featured_media":0,"parent":439,"menu_order":0,"comment_status":"closed","ping_status":"closed","template":"","meta":{"footnotes":""},"class_list":["post-472","page","type-page","status-publish","hentry"],"amp_enabled":true,"_links":{"self":[{"href":"https:\/\/mythslegendes.com\/es\/wp-json\/wp\/v2\/pages\/472","targetHints":{"allow":["GET"]}}],"collection":[{"href":"https:\/\/mythslegendes.com\/es\/wp-json\/wp\/v2\/pages"}],"about":[{"href":"https:\/\/mythslegendes.com\/es\/wp-json\/wp\/v2\/types\/page"}],"author":[{"embeddable":true,"href":"https:\/\/mythslegendes.com\/es\/wp-json\/wp\/v2\/users\/1"}],"replies":[{"embeddable":true,"href":"https:\/\/mythslegendes.com\/es\/wp-json\/wp\/v2\/comments?post=472"}],"version-history":[{"count":1,"href":"https:\/\/mythslegendes.com\/es\/wp-json\/wp\/v2\/pages\/472\/revisions"}],"predecessor-version":[{"id":24521,"href":"https:\/\/mythslegendes.com\/es\/wp-json\/wp\/v2\/pages\/472\/revisions\/24521"}],"up":[{"embeddable":true,"href":"https:\/\/mythslegendes.com\/es\/wp-json\/wp\/v2\/pages\/439"}],"wp:attachment":[{"href":"https:\/\/mythslegendes.com\/es\/wp-json\/wp\/v2\/media?parent=472"}],"curies":[{"name":"wp","href":"https:\/\/api.w.org\/{rel}","templated":true}]}}

La Concepción de Cuchulainn

<div data-elementor-type="wp-page" data-elementor-id="472" class="elementor elementor-472">
						<section class="elementor-section elementor-top-section elementor-element elementor-element-ada9208 elementor-section-boxed elementor-section-height-default elementor-section-height-default" data-id="ada9208" data-element_type="section" data-e-type="section">
						<div class="elementor-container elementor-column-gap-default">
					<div class="elementor-column elementor-col-50 elementor-top-column elementor-element elementor-element-2f3e48b" data-id="2f3e48b" data-element_type="column" data-e-type="column">
			<div class="elementor-widget-wrap elementor-element-populated">
						<div class="elementor-element elementor-element-72b6a32 elementor-align-justify elementor-widget elementor-widget-button" data-id="72b6a32" data-element_type="widget" data-e-type="widget" data-widget_type="button.default">
				<div class="elementor-widget-container">
									<div class="elementor-button-wrapper">
					<a class="elementor-button elementor-button-link elementor-size-sm" href="https://mythslegendes.com/es/mitologia-irlandesa/">
						<span class="elementor-button-content-wrapper">
									<span class="elementor-button-text">Mitología irlandesa</span>
					</span>
					</a>
				</div>
								</div>
				</div>
					</div>
		</div>
				<div class="elementor-column elementor-col-50 elementor-top-column elementor-element elementor-element-260a266" data-id="260a266" data-element_type="column" data-e-type="column">
			<div class="elementor-widget-wrap elementor-element-populated">
						<div class="elementor-element elementor-element-fb61e54 elementor-align-justify elementor-widget elementor-widget-button" data-id="fb61e54" data-element_type="widget" data-e-type="widget" data-widget_type="button.default">
				<div class="elementor-widget-container">
									<div class="elementor-button-wrapper">
					<a class="elementor-button elementor-button-link elementor-size-sm" href="https://fr.wikipedia.org/wiki/Mythologie_celtique_irlandaise" target="_blank" rel="noopener">
						<span class="elementor-button-content-wrapper">
									<span class="elementor-button-text">Wiki</span>
					</span>
					</a>
				</div>
								</div>
				</div>
					</div>
		</div>
					</div>
		</section>
				<section class="elementor-section elementor-top-section elementor-element elementor-element-3a58e846 elementor-section-boxed elementor-section-height-default elementor-section-height-default" data-id="3a58e846" data-element_type="section" data-e-type="section">
						<div class="elementor-container elementor-column-gap-default">
					<div class="elementor-column elementor-col-100 elementor-top-column elementor-element elementor-element-112a91a8" data-id="112a91a8" data-element_type="column" data-e-type="column">
			<div class="elementor-widget-wrap elementor-element-populated">
						<div class="elementor-element elementor-element-501db726 elementor-widget elementor-widget-text-editor" data-id="501db726" data-element_type="widget" data-e-type="widget" data-widget_type="text-editor.default">
				<div class="elementor-widget-container">
									
<p>Aquí hay una versión del Diseño de Cuchulainn del <a href="https://mythslegendes.com/es/mitologia-irlandesa/">rama roja</a> de la <a href="https://mythslegendes.com/es/">mitología</a> Irlandesa.</p>
<p><img decoding="async" class="alignnone wp-image-5284 size-full" src="https://mythslegendes.com/wp-content/uploads/2020/09/AlphaOmega-e1602613368367.png" alt="Diseño de Cuchulainn" width="25" height="26" title=""></p>
<div id="ez-toc-container" class="ez-toc-v2_0_82_2 counter-hierarchy ez-toc-counter ez-toc-grey ez-toc-container-direction">
<div class="ez-toc-title-container">
<p class="ez-toc-title" style="cursor:inherit">Contenido</p>
<span class="ez-toc-title-toggle"><a href="#" class="ez-toc-pull-right ez-toc-btn ez-toc-btn-xs ez-toc-btn-default ez-toc-toggle" aria-label="Alternar tabla de contenidos"><span class="ez-toc-js-icon-con"><span class=""><span class="eztoc-hide" style="display:none;">Palanca</span><span class="ez-toc-icon-toggle-span"><svg style="fill: #999;color:#999" xmlns="http://www.w3.org/2000/svg" class="list-377408" width="20px" height="20px" viewbox="0 0 24 24" fill="none"><path d="M6 6H4v2h2V6zm14 0H8v2h12V6zM4 11h2v2H4v-2zm16 0H8v2h12v-2zM4 16h2v2H4v-2zm16 0H8v2h12v-2z" fill="currentColor"></path></svg><svg style="fill: #999;color:#999" class="arrow-unsorted-368013" xmlns="http://www.w3.org/2000/svg" width="10px" height="10px" viewbox="0 0 24 24" version="1.2" baseprofile="tiny"><path d="M18.2 9.3l-6.2-6.3-6.2 6.3c-.2.2-.3.4-.3.7s.1.5.3.7c.2.2.4.3.7.3h11c.3 0 .5-.1.7-.3.2-.2.3-.5.3-.7s-.1-.5-.3-.7zM5.8 14.7l6.2 6.3 6.2-6.3c.2-.2.3-.5.3-.7s-.1-.5-.3-.7c-.2-.2-.4-.3-.7-.3h-11c-.3 0-.5.1-.7.3-.2.2-.3.5-.3.7s.1.5.3.7z"/></svg></span></span></span></a></span></div>
<nav><ul class='ez-toc-list ez-toc-list-level-1' ><li class='ez-toc-page-1 ez-toc-heading-level-2'><a class="ez-toc-link ez-toc-heading-1" href="https://mythslegendes.com/es/mitologia-irlandesa/el-diseno-de-cuchulainn/#La-Conception-de-Cuchulainn" >La Concepción de Cuchulainn</a></li></ul></nav></div>
<h2><span class="ez-toc-section" id="La-Conception-de-Cuchulainn"></span>La Concepción de Cuchulainn<span class="ez-toc-section-end"></span></h2>
<p>“Cuando Conchobar MacNessa era rey de Ulster, sus jefes notaron una bandada de pájaros alimentándose de la hierba de la llanura cerca de Emuin Machae, y se la comieron hasta que la tierra quedó desnuda hasta donde alcanzaba la vista. Los guerreros eran cazadores y salían en sus carros a cazar las aves por donde las llevarían. Dechtire condujo el carro de su hermano Conchobar, y nueve carros se repartieron por la llanura en persecución de las aves. Una cadena de plata unía a cada pareja de pájaros, su vuelo y su canto eran de una belleza encantadora.</p>

<p>Se acercaba la noche y la gente del Ulster buscó refugio mientras nevaba. Fueron recibidos en una cabaña por un hombre que les dio algo de comer y beber, y al caer la noche la gente del Ulster estaba regocijada. Su anfitrión les dijo que su esposa estaba a punto de dar a luz y le pidió a Dechtire que la ayudara. La gente de Ulster recogió un par de potros recién nacidos de la nieve y se los presentó al niño varón que Dechtire sostenía en sus brazos.</p>

<p>Por la mañana, cuando la gente del Ulster se despertó, vieron al niño y a los potros, pero los pájaros extraños y la casa habían desaparecido; estaban justo al este de Bruig. Luego regresaron a Emuin Machae, donde el niño creció durante varios años hasta que repentinamente enfermó y murió. Dechtire lamentó con todo su corazón la muerte de su hijo adoptivo. Pidió agua y le trajeron un cuenco de cobre, pero cada vez que se lo llevaba a los labios una pequeña criatura salía del agua y saltaba a su boca, cada vez que miraba dentro del cuenco y no veía nada. . Mientras dormía, Dechtire soñó con el hombre que había visto en la casa fantasma. Él le dijo que su nombre era Lugh, hijo de Ethniu y que fue él quien la había atraído a esta casa y que ahora ella llevaba la semilla de su hijo: el niño debería llamarse Setanta y recibir los dos potros que estaban destinados a a él.</p>

<p>Cuando la gente del Ulster vio que Dechtire esperaba un hijo, se preguntaron si el padre no sería Conchobar, pues hermano y hermana dormían uno al lado del otro. Conchobar salvó la situación al comprometer a su hermana con Sualtam, hijo de Roech y hermano de Fergus. »</p>

<p>En otra versión, la madre del héroe, Dechtire, no se presenta como la hermana de Conchobar Mac Nessa, sino como la hija del druida Cathbad, consejero de Conchobar. La secuencia de eventos que llevaron al nacimiento de Cùchulain también es diferente. Dechtire estuvo casada por primera vez con Sualtam Mac Roech, hermano de Fergus Mac Roech, antes de concebir a Cuchulain con el dios Lugh. Luego huyó al Otro Mundo con cincuenta mujeres, tomando la apariencia de pájaros. Fue después de tragarse una mosca durante el banquete de bodas que soñó con el dios sol Lugh, quien le ordenó emprender este viaje. Cathbad tranquilizó a su yerno diciéndole que Dechtire estaba visitando a sus parientes del Otro Mundo, ya que su madre era hija del dios Aengus. De hecho, Lugh la mantuvo con él durante tres años. Finalmente, Dechtire y sus compañeros regresaron a Emain Macha, la fortaleza de los reyes del Ulster, como pájaros. Estaba embarazada de Lugh, pero Sualtam Mac Roth estaba tan feliz de encontrar a su esposa que cuando nació el niño, lo recibió como a su propio hijo, al que llamaron Setanta.</p>
								</div>
				</div>
					</div>
		</div>
					</div>
		</section>
				</div>

<p>Wiki de mitología irlandesa Esta es una versión de la Concepción de Cuchulainn de la rama roja de la mitología irlandesa. Allá … </p>
